(98941,'event::permission.can_download_attachment_event_desc','can_download_attachment_event_desc','permission','event','metafox/event','en','0','',NULL,'2025-01-01 19:26:02','2025-01-01 19:26:02',''),
(98942,'event::phrase.event_delete_notification_type','event_delete_notification_type','phrase','event','metafox/event','en','0','Event Delete Notification',NULL,'2025-01-01 19:26:02','2025-01-01 19:26:02','Event Delete Notification'),
(98943,'event::phrase.event_has_been_deleted','event_has_been_deleted','phrase','event','metafox/event','en','0','The event has been deleted.',NULL,'2025-01-01 19:26:02','2025-01-01 19:26:02','The event has been deleted.'),
(98944,'event::phrase.event_title_has_been_deleted','event_title_has_been_deleted','phrase','event','metafox/event','en','0','The event <b>:title</b> has been deleted.',NULL,'2025-01-01 19:26:02','2025-01-01 19:26:02','The event <b>:title</b> has been deleted.'),
(98945,'event::seo.event_search_description','event_search_description','seo','event','metafox/event','en','0','',NULL,'2025-01-01 19:26:02','2025-01-01 19:26:02',''),
(98946,'event::seo.event_search_heading','event_search_heading','seo','event','metafox/event','en','0','',NULL,'2025-01-01 19:26:02','2025-01-01 19:26:02',''),
(98947,'event::seo.event_search_keywords','event_search_keywords','seo','event','metafox/event','en','0','',NULL,'2025-01-01 19:26:02','2025-01-01 19:26:02',''),
(98948,'event::seo.event_search_title','event_search_title','seo','event','metafox/event','en','0','Search Results',NULL,'2025-01-01 19:26:02','2025-01-01 19:26:02','Search Results'),
(98949,'event::seo.event_search_on_map_description','event_search_on_map_description','seo','event','metafox/event','en','0','',NULL,'2025-01-01 19:26:02','2025-01-01 19:26:02',''),
(98950,'event::seo.event_search_on_map_heading','event_search_on_map_heading','seo','event','metafox/event','en','0','',NULL,'2025-01-01 19:26:02','2025-01-01 19:26:02',''),
(98951,'event::seo.event_search_on_map_keywords','event_search_on_map_keywords','seo','event','metafox/event','en','0','',NULL,'2025-01-01 19:26:02','2025-01-01 19:26:02',''),
(98952,'event::seo.event_search_on_map_title','event_search_on_map_title','seo','event','metafox/event','en','0','Search Results',NULL,'2025-01-01 19:26:02','2025-01-01 19:26:02','Search Results'),
(99876,'forum::permission.can_download_attachment_forum_thread_label','can_download_attachment_forum_thread_label','permission','forum','metafox/forum','en','0','Can the attachment be downloaded from the forum threads?',NULL,'2025-01-01 19:26:04','2025-01-01 19:26:05','Can the attachment be downloaded from the forum threads?'),
(99877,'forum::permission.can_download_attachment_forum_thread_desc','can_download_attachment_forum_thread_desc','permission','forum','metafox/forum','en','0','',NULL,'2025-01-01 19:26:04','2025-01-01 19:26:05',''),
(99878,'forum::permission.can_download_attachment_forum_post_label','can_download_attachment_forum_post_label','permission','forum','metafox/forum','en','0','Can the attachment be downloaded from the forum posts?',NULL,'2025-01-01 19:26:04','2025-01-01 19:26:05','Can the attachment be downloaded from the forum posts?'),
(99879,'forum::permission.can_download_attachment_forum_post_desc','can_download_attachment_forum_post_desc','permission','forum','metafox/forum','en','0','',NULL,'2025-01-01 19:26:04','2025-01-01 19:26:05',''),
(99880,'forum::seo.forum.detail_title','forum.detail_title','seo','forum','metafox/forum','en','0','{title}',NULL,'2025-01-01 19:26:04','2025-01-01 19:26:05','{title}'),
(99881,'forum::seo.forum.detail_description','forum.detail_description','seo','forum','metafox/forum','en','0','',NULL,'2025-01-01 19:26:04','2025-01-01 19:26:05',''),
(99882,'forum::seo.forum.detail_keywords','forum.detail_keywords','seo','forum','metafox/forum','en','0','',NULL,'2025-01-01 19:26:04','2025-01-01 19:26:05',''),
(99883,'forum::seo.forum.detail_heading','forum.detail_heading','seo','forum','metafox/forum','en','0','',NULL,'2025-01-01 19:26:04','2025-01-01 19:26:05',''),
(99884,'forum::seo.forum_search_description','forum_search_description','seo','forum','metafox/forum','en','0','',NULL,'2025-01-01 19:26:04','2025-01-01 19:26:05',''),
(99885,'forum::seo.forum_search_heading','forum_search_heading','seo','forum','metafox/forum','en','0','',NULL,'2025-01-01 19:26:04','2025-01-01 19:26:05',''),
(99886,'forum::seo.forum_search_keywords','forum_search_keywords','seo','forum','metafox/forum','en','0','',NULL,'2025-01-01 19:26:04','2025-01-01 19:26:05',''),
(99887,'forum::seo.forum_search_title','forum_search_title','seo','forum','metafox/forum','en','0','Search Results',NULL,'2025-01-01 19:26:04','2025-01-01 19:26:05','Search Results'),
(100810,'group::phrase.accepted','accepted','phrase','group','metafox/group','en','0','Accepted',NULL,'2025-01-01 19:26:06','2025-01-01 19:26:06','Accepted'),
(100811,'group::phrase.cancel_admin_invite','cancel_admin_invite','phrase','group','metafox/group','en','0','Cancel Admin Invite',NULL,'2025-01-01 19:26:06','2025-01-01 19:26:06','Cancel Admin Invite'),
(100812,'group::phrase.invitee','invitee','phrase','group','metafox/group','en','0','Invitee',NULL,'2025-01-01 19:26:06','2025-01-01 19:26:06','Invitee'),
(100813,'group::phrase.inviter','inviter','phrase','group','metafox/group','en','0','Inviter',NULL,'2025-01-01 19:26:06','2025-01-01 19:26:06','Inviter'),
(100814,'group::phrase.invite_type_label','invite_type_label','phrase','group','metafox/group','en','0','{invite_type, select, invited_moderator_group {Moderator} invited_admin_group {Administrator} invited_generated_link {Member - By Link} other{Member}}',NULL,'2025-01-01 19:26:06','2025-01-01 19:26:06','{invite_type, select, invited_moderator_group {Moderator} invited_admin_group {Administrator} invited_generated_link {Member - By Link} other{Member}}'),
(100815,'group::phrase.membership_invitations','membership_invitations','phrase','group','metafox/group','en','0','Membership Invitations',NULL,'2025-01-01 19:26:06','2025-01-01 19:26:06','Membership Invitations'),
(100816,'group::phrase.search_group_invite_placeholder','search_group_invite_placeholder','phrase','group','metafox/group','en','0','Inviter or Invitee',NULL,'2025-01-01 19:26:06','2025-01-01 19:26:06','Inviter or Invitee'),
(100817,'group::phrase.created_from_label','created_from_label','phrase','group','metafox/group','en','0','Created From',NULL,'2025-01-01 19:26:06','2025-01-01 19:26:06','Created From'),
(100818,'group::phrase.created_to_label','created_to_label','phrase','group','metafox/group','en','0','Created To',NULL,'2025-01-01 19:26:06','2025-01-01 19:26:06','Created To'),
(100819,'group::phrase.include_on_search_group','include_on_search_group','phrase','group','metafox/group','en','0','Include on Search Group',NULL,'2025-01-01 19:26:06','2025-01-01 19:26:06','Include on Search Group'),
(100820,'group::phrase.include_the_field_description_in_the_search_form','include_the_field_description_in_the_search_form','phrase','group','metafox/group','en','0','Include the field description in the Search Groups form',NULL,'2025-01-01 19:26:06','2025-01-01 19:26:06','Include the field description in the Search Groups form'),
(100821,'group::phrase.modified_date','modified_date','phrase','group','metafox/group','en','0','Modified Date',NULL,'2025-01-01 19:26:06','2025-01-01 19:26:06','Modified Date'),
(100822,'group::phrase.modified_user','modified_user','phrase','group','metafox/group','en','0','Modified User',NULL,'2025-01-01 19:26:06','2025-01-01 19:26:06','Modified User'),
(100823,'group::seo.group_membership_invites_description','group_membership_invites_description','seo','group','metafox/group','en','0','',NULL,'2025-01-01 19:26:06','2025-01-01 19:26:06',''),
(100824,'group::seo.group_membership_invites_heading','group_membership_invites_heading','seo','group','metafox/group','en','0','',NULL,'2025-01-01 19:26:06','2025-01-01 19:26:06',''),
(100825,'group::seo.group_membership_invites_keywords','group_membership_invites_keywords','seo','group','metafox/group','en','0','',NULL,'2025-01-01 19:26:06','2025-01-01 19:26:06',''),
(100826,'group::seo.group_membership_invites_title','group_membership_invites_title','seo','group','metafox/group','en','0','Memberships Invitations',NULL,'2025-01-01 19:26:06','2025-01-01 19:26:06','Memberships Invitations'),
(100827,'group::seo.group_search_description','group_search_description','seo','group','metafox/group','en','0','',NULL,'2025-01-01 19:26:06','2025-01-01 19:26:06',''),
(100828,'group::seo.group_search_heading','group_search_heading','seo','group','metafox/group','en','0','',NULL,'2025-01-01 19:26:06','2025-01-01 19:26:06',''),
(100829,'group::seo.group_search_keywords','group_search_keywords','seo','group','metafox/group','en','0','',NULL,'2025-01-01 19:26:06','2025-01-01 19:26:06',''),
(100830,'group::seo.group_search_title','group_search_title','seo','group','metafox/group','en','0','Search Results',NULL,'2025-01-01 19:26:06','2025-01-01 19:26:06','Search Results'),
(100831,'group::seo.group_manage_landing_title','group_manage_landing_title','seo','group','metafox/group','en','0','{title}',NULL,'2025-01-01 19:26:06','2025-01-01 19:26:06','{title}'),
(100832,'group::seo.group_manage_landing_keywords','group_manage_landing_keywords','seo','group','metafox/group','en','0','',NULL,'2025-01-01 19:26:06','2025-01-01 19:26:06',''),
(100833,'group::seo.group_manage_landing_heading','group_manage_landing_heading','seo','group','metafox/group','en','0','',NULL,'2025-01-01 19:26:06','2025-01-01 19:26:06',''),
(100834,'group::seo.group_manage_landing_description','group_manage_landing_description','seo','group','metafox/group','en','0','',NULL,'2025-01-01 19:26:06','2025-01-01 19:26:06',''),
(100835,'group::seo.group_manage_setting_landing_title','group_manage_setting_landing_title','seo','group','metafox/group','en','0','{title}',NULL,'2025-01-01 19:26:06','2025-01-01 19:26:06','{title}'),
(100836,'group::seo.group_manage_setting_landing_description','group_manage_setting_landing_description','seo','group','metafox/group','en','0','',NULL,'2025-01-01 19:26:06','2025-01-01 19:26:06',''),
(100837,'group::seo.group_manage_setting_landing_keywords','group_manage_setting_landing_keywords','seo','group','metafox/group','en','0','',NULL,'2025-01-01 19:26:06','2025-01-01 19:26:06',''),
(100838,'group::seo.group_manage_setting_landing_heading','group_manage_setting_landing_heading','seo','group','metafox/group','en','0','',NULL,'2025-01-01 19:26:06','2025-01-01 19:26:06',''),
(100839,'group::web.people_joined_group_tooltip','people_joined_group_tooltip','web','group','metafox/group','en','0','People Joined Group',NULL,'2025-01-01 19:26:06','2025-01-01 19:26:06','People Joined Group'),
(100840,'group::web.membership_invitations','membership_invitations','web','group','metafox/group','en','0','Membership Invitations',NULL,'2025-01-01 19:26:06','2025-01-01 19:26:06','Membership Invitations'),
(100841,'group::web.invitee','invitee','web','group','metafox/group','en','0','Invitee',NULL,'2025-01-01 19:26:06','2025-01-01 19:26:06','Invitee'),
(100842,'group::web.inviter','inviter','web','group','metafox/group','en','0','Inviter',NULL,'2025-01-01 19:26:06','2025-01-01 19:26:06','Inviter'),
(100843,'group::web.invitee_role','invitee_role','web','group','metafox/group','en','0','Invitee Role',NULL,'2025-01-01 19:26:06','2025-01-01 19:26:06','Invitee Role'),
(100844,'group::web.created_date','created_date','web','group','metafox/group','en','0','Created Date',NULL,'2025-01-01 19:26:06','2025-01-01 19:26:06','Created Date'),
(100845,'group::web.created_at_colon','created_at_colon','web','group','metafox/group','en','0','Created at:',NULL,'2025-01-01 19:26:06','2025-01-01 19:26:06','Created at:'),
(100846,'group::web.group_info','group_info','web','group','metafox/group','en','0','Group Info',NULL,'2025-01-01 19:26:06','2025-01-01 19:26:06','Group Info'),
(102630,'invite::seo.browse_manage_invite_title','browse_manage_invite_title','seo','invite','metafox/invite','en','0','Add New Invitation',NULL,'2025-01-01 19:26:08','2025-01-01 19:26:08','Add New Invitation'),
(102631,'invite::seo.browse_manage_invite_description','browse_manage_invite_description','seo','invite','metafox/invite','en','0','',NULL,'2025-01-01 19:26:08','2025-01-01 19:26:08',''),
(102632,'invite::seo.browse_manage_invite_keywords','browse_manage_invite_keywords','seo','invite','metafox/invite','en','0','',NULL,'2025-01-01 19:26:08','2025-01-01 19:26:08',''),
(102633,'invite::seo.browse_manage_invite_heading','browse_manage_invite_heading','seo','invite','metafox/invite','en','0','',NULL,'2025-01-01 19:26:08','2025-01-01 19:26:08',''),
(102634,'invite::seo.browse_invite_description','browse_invite_description','seo','invite','metafox/invite','en','0','',NULL,'2025-01-01 19:26:08','2025-01-01 19:26:08',''),
(102635,'invite::seo.browse_invite_keywords','browse_invite_keywords','seo','invite','metafox/invite','en','0','',NULL,'2025-01-01 19:26:08','2025-01-01 19:26:08',''),
(102636,'invite::seo.browse_invite_heading','browse_invite_heading','seo','invite','metafox/invite','en','0','',NULL,'2025-01-01 19:26:08','2025-01-01 19:26:08',''),
(102637,'invite::seo.browse_manage_invitations_description','browse_manage_invitations_description','seo','invite','metafox/invite','en','0','',NULL,'2025-01-01 19:26:08','2025-01-01 19:26:08',''),
(102638,'invite::seo.browse_manage_invitations_keywords','browse_manage_invitations_keywords','seo','invite','metafox/invite','en','0','',NULL,'2025-01-01 19:26:08','2025-01-01 19:26:08',''),
(102639,'invite::seo.browse_manage_invitations_heading','browse_manage_invitations_heading','seo','invite','metafox/invite','en','0','',NULL,'2025-01-01 19:26:08','2025-01-01 19:26:08',''),
(131124,'livestreaming::seo.live_video_search_description','live_video_search_description','seo','livestreaming','metafox/livestreaming','en','0','',NULL,'2025-01-01 19:26:51','2025-01-01 19:26:51',''),
(131125,'livestreaming::seo.live_video_search_heading','live_video_search_heading','seo','livestreaming','metafox/livestreaming','en','0','',NULL,'2025-01-01 19:26:51','2025-01-01 19:26:51',''),
(131126,'livestreaming::seo.live_video_search_keywords','live_video_search_keywords','seo','livestreaming','metafox/livestreaming','en','0','',NULL,'2025-01-01 19:26:51','2025-01-01 19:26:51',''),
(131127,'livestreaming::seo.live_video_search_title','live_video_search_title','seo','livestreaming','metafox/livestreaming','en','0','Search Results',NULL,'2025-01-01 19:26:51','2025-01-01 19:26:51','Search Results'),
(131730,'marketplace::permission.can_download_attachment_marketplace_label','can_download_attachment_marketplace_label','permission','marketplace','metafox/marketplace','en','0','Can the attachment be downloaded from the listing?',NULL,'2025-01-01 19:26:52','2025-01-01 19:26:52','Can the attachment be downloaded from the listing?'),
(131731,'marketplace::permission.can_download_attachment_marketplace_desc','can_download_attachment_marketplace_desc','permission','marketplace','metafox/marketplace','en','0','',NULL,'2025-01-01 19:26:52','2025-01-01 19:26:52',''),
(131732,'marketplace::validation.currency_must_be_less_than_or_equal_to_number','currency_must_be_less_than_or_equal_to_number','validation','marketplace','metafox/marketplace','en','0',':currency_code must be less than or equal to :number.',NULL,'2025-01-01 19:26:52','2025-01-01 19:26:52',':currency_code must be less than or equal to :number.'),
(132820,'page::phrase.remove_member_confirm_title','remove_member_confirm_title','phrase','page','metafox/page','en','0','Remove Member',NULL,'2025-01-01 19:26:55','2025-01-01 19:26:55','Remove Member'),
(132821,'page::phrase.remove_member_confirm_desc','remove_member_confirm_desc','phrase','page','metafox/page','en','0','You\'re removing {user_name} from {page_name}. It might take a few minutes before they\'re removed from the page.',NULL,'2025-01-01 19:26:55','2025-01-01 19:26:55','You\'re removing {user_name} from {page_name}. It might take a few minutes before they\'re removed from the page.'),
(132822,'page::phrase.delete_recent_activity_desc','delete_recent_activity_desc','phrase','page','metafox/page','en','0','Delete {user_name}\'s post, comment, activity and pending member invitations in {page_name}',NULL,'2025-01-01 19:26:55','2025-01-01 19:26:55','Delete {user_name}\'s post, comment, activity and pending member invitations in {page_name}'),
(132823,'page::phrase.delete_recent_activity_title','delete_recent_activity_title','phrase','page','metafox/page','en','0','Delete recent activity',NULL,'2025-01-01 19:26:55','2025-01-01 19:26:55','Delete recent activity'),
(132824,'page::phrase.block_member_confirm_title','block_member_confirm_title','phrase','page','metafox/page','en','0','Block Member',NULL,'2025-01-01 19:26:55','2025-01-01 19:26:55','Block Member'),
(132825,'page::phrase.block_member_confirm_desc','block_member_confirm_desc','phrase','page','metafox/page','en','0','You\'re blocking {user_name} from {page_name}.',NULL,'2025-01-01 19:26:55','2025-01-01 19:26:55','You\'re blocking {user_name} from {page_name}.'),
(132826,'page::seo.page_search_description','page_search_description','seo','page','metafox/page','en','0','',NULL,'2025-01-01 19:26:55','2025-01-01 19:26:55',''),
(132827,'page::seo.page_search_heading','page_search_heading','seo','page','metafox/page','en','0','',NULL,'2025-01-01 19:26:55','2025-01-01 19:26:55',''),
(132828,'page::seo.page_search_keywords','page_search_keywords','seo','page','metafox/page','en','0','',NULL,'2025-01-01 19:26:55','2025-01-01 19:26:55',''),
(132829,'page::seo.page_search_title','page_search_title','seo','page','metafox/page','en','0','Search Results',NULL,'2025-01-01 19:26:55','2025-01-01 19:26:55','Search Results'),
(132830,'page::seo.page_info_title','page_info_title','seo','page','metafox/page','en','0','{title}',NULL,'2025-01-01 19:26:55','2025-01-01 19:26:55','{title}'),
(132831,'page::seo.page_info_description','page_info_description','seo','page','metafox/page','en','0','',NULL,'2025-01-01 19:26:55','2025-01-01 19:26:55',''),
(132832,'page::seo.page_info_keywords','page_info_keywords','seo','page','metafox/page','en','0','',NULL,'2025-01-01 19:26:55','2025-01-01 19:26:55',''),
(132833,'page::seo.page_info_my_heading','page_info_my_heading','seo','page','metafox/page','en','0','',NULL,'2025-01-01 19:26:55','2025-01-01 19:26:55',''),
(132834,'page::web.people_liked_page_tooltip','people_liked_page_tooltip','web','page','metafox/page','en','0','People Liked Page',NULL,'2025-01-01 19:26:55','2025-01-01 19:26:55','People Liked Page'),
(134126,'poll::permission.can_download_attachment_poll_label','can_download_attachment_poll_label','permission','poll','metafox/poll','en','0','Can the attachment be downloaded from the poll?',NULL,'2025-01-01 19:26:59','2025-01-01 19:26:59','Can the attachment be downloaded from the poll?'),
(134127,'poll::permission.can_download_attachment_poll_desc','can_download_attachment_poll_desc','permission','poll','metafox/poll','en','0','',NULL,'2025-01-01 19:26:59','2025-01-01 19:26:59',''),
(134128,'poll::seo.poll_search_description','poll_search_description','seo','poll','metafox/poll','en','0','',NULL,'2025-01-01 19:26:59','2025-01-01 19:26:59',''),
(134129,'poll::seo.poll_search_heading','poll_search_heading','seo','poll','metafox/poll','en','0','',NULL,'2025-01-01 19:26:59','2025-01-01 19:26:59',''),
(134130,'poll::seo.poll_search_keywords','poll_search_keywords','seo','poll','metafox/poll','en','0','',NULL,'2025-01-01 19:26:59','2025-01-01 19:26:59',''),
(134131,'poll::seo.poll_search_title','poll_search_title','seo','poll','metafox/poll','en','0','Search Results',NULL,'2025-01-01 19:26:59','2025-01-01 19:26:59','Search Results'),
(134132,'poll::validation.type_error_poll_maximum_answer','type_error_poll_maximum_answer','validation','poll','metafox/poll','en','0','Answers that members of this role can add to their polls must be a number.',NULL,'2025-01-01 19:26:59','2025-01-01 19:26:59','Answers that members of this role can add to their polls must be a number.'),
(134133,'poll::web.time_left','time_left','web','poll','metafox/poll','en','0','{time} left',NULL,'2025-01-01 19:26:59','2025-01-01 19:26:59','{time} left'),
(134134,'poll::web.voting_closed','voting_closed','web','poll','metafox/poll','en','0','Voting Closed',NULL,'2025-01-01 19:26:59','2025-01-01 19:26:59','Voting Closed'),
(134660,'quiz::permission.can_download_attachment_quiz_label','can_download_attachment_quiz_label','permission','quiz','metafox/quiz','en','0','Can the attachment be downloaded from the quiz?',NULL,'2025-01-01 19:27:02','2025-01-01 19:27:02','Can the attachment be downloaded from the quiz?'),
(134661,'quiz::permission.can_download_attachment_quiz_desc','can_download_attachment_quiz_desc','permission','quiz','metafox/quiz','en','0','',NULL,'2025-01-01 19:27:02','2025-01-01 19:27:02',''),
(134662,'quiz::seo.quiz_search_description','quiz_search_description','seo','quiz','metafox/quiz','en','0','',NULL,'2025-01-01 19:27:02','2025-01-01 19:27:02',''),
(134663,'quiz::seo.quiz_search_heading','quiz_search_heading','seo','quiz','metafox/quiz','en','0','',NULL,'2025-01-01 19:27:02','2025-01-01 19:27:02',''),
(134664,'quiz::seo.quiz_search_keywords','quiz_search_keywords','seo','quiz','metafox/quiz','en','0','',NULL,'2025-01-01 19:27:02','2025-01-01 19:27:02',''),
(134665,'quiz::seo.quiz_search_title','quiz_search_title','seo','quiz','metafox/quiz','en','0','Search Results',NULL,'2025-01-01 19:27:02','2025-01-01 19:27:02','Search Results'),
(135196,'saved::phrase.fill_name_for_collection','fill_name_for_collection','phrase','saved','metafox/saved','en','0','Fill in a name for your collection',NULL,'2025-01-01 19:27:04','2025-01-01 19:27:05','Fill in a name for your collection'),
(135197,'saved::seo.saved_list_detail_title','saved_list_detail_title','seo','saved','metafox/saved','en','0','{name}',NULL,'2025-01-01 19:27:04','2025-01-01 19:27:05','{name}'),
(135198,'saved::seo.saved_list_detail_description','saved_list_detail_description','seo','saved','metafox/saved','en','0','',NULL,'2025-01-01 19:27:04','2025-01-01 19:27:05',''),
(135199,'saved::seo.saved_list_detail_keywords','saved_list_detail_keywords','seo','saved','metafox/saved','en','0','',NULL,'2025-01-01 19:27:04','2025-01-01 19:27:05',''),
(135200,'saved::seo.saved_list_detail_heading','saved_list_detail_heading','seo','saved','metafox/saved','en','0','',NULL,'2025-01-01 19:27:04','2025-01-01 19:27:05',''),
(135201,'saved::validation.collection_not_exists','collection_not_exists','validation','saved','metafox/saved','en','0','The selected collection is invalid.',NULL,'2025-01-01 19:27:04','2025-01-01 19:27:05','The selected collection is invalid.'),
(135596,'story::admin.display_the_story_thumbnail_with_the_user_avatar','display_the_story_thumbnail_with_the_user_avatar','admin','story','metafox/story','en','0','Display the story thumbnail with the user avatar',NULL,'2025-01-01 19:27:11','2025-01-01 19:27:11','Display the story thumbnail with the user avatar'),
(135597,'story::admin.display_the_user_avatar_only','display_the_user_avatar_only','admin','story','metafox/story','en','0','Display the user avatar only',NULL,'2025-01-01 19:27:11','2025-01-01 19:27:11','Display the user avatar only'),
(135598,'story::admin.friends_only_description','friends_only_description','admin','story','metafox/story','en','0','Set to ON if you would like stories to be displayed only to the user, their friends and their followers.\nSet to OFF if you want to always show all stories with \'Community\' privacy to all users.',NULL,'2025-01-01 19:27:11','2025-01-01 19:27:11','Set to ON if you would like stories to be displayed only to the user, their friends and their followers.\nSet to OFF if you want to always show all stories with \'Community\' privacy to all users.'),
(135599,'story::admin.friends_only_label','friends_only_label','admin','story','metafox/story','en','0','Friends Only',NULL,'2025-01-01 19:27:11','2025-01-01 19:27:11','Friends Only'),
(135600,'story::admin.home_page_style','home_page_style','admin','story','metafox/story','en','0','Home Page Style',NULL,'2025-01-01 19:27:11','2025-01-01 19:27:11','Home Page Style'),
(135601,'story::admin.home_page_style_desc','home_page_style_desc','admin','story','metafox/story','en','0','Configure how the user stories will be displayed in the home page?',NULL,'2025-01-01 19:27:11','2025-01-01 19:27:11','Configure how the user stories will be displayed in the home page?'),
(135602,'story::admin.duration_video_story_label','duration_video_story_label','admin','story','metafox/story','en','0','The duration of the video story',NULL,'2025-01-01 19:27:11','2025-01-01 19:27:11','The duration of the video story'),
(135603,'story::admin.duration_video_story_desc','duration_video_story_desc','admin','story','metafox/story','en','0','',NULL,'2025-01-01 19:27:11','2025-01-01 19:27:11',''),
(135604,'story::admin.lifespan_options_for_stories_label','lifespan_options_for_stories_label','admin','story','metafox/story','en','0','Lifespan options for stories',NULL,'2025-01-01 19:27:11','2025-01-01 19:27:11','Lifespan options for stories'),
(135605,'story::admin.lifespan_options_for_stories_desc','lifespan_options_for_stories_desc','admin','story','metafox/story','en','0','',NULL,'2025-01-01 19:27:11','2025-01-01 19:27:11',''),
(135606,'story::admin.lifespan_default_for_stories_label','lifespan_default_for_stories_label','admin','story','metafox/story','en','0','Lifespan default for stories',NULL,'2025-01-01 19:27:11','2025-01-01 19:27:11','Lifespan default for stories'),
(135607,'story::admin.lifespan_default_for_stories_desc','lifespan_default_for_stories_desc','admin','story','metafox/story','en','0','',NULL,'2025-01-01 19:27:11','2025-01-01 19:27:11',''),
(135608,'story::notification.user_reaction_your_story','user_reaction_your_story','notification','story','metafox/story','en','0','<b>{user_name}</b> reacted to your story.',NULL,'2025-01-01 19:27:11','2025-01-01 19:27:11','<b>{user_name}</b> reacted to your story.'),
(135609,'story::notification.user_reaction_your_story_subject','user_reaction_your_story_subject','notification','story','metafox/story','en','0','{user_name} reacted to your story.',NULL,'2025-01-01 19:27:11','2025-01-01 19:27:11','{user_name} reacted to your story.'),
(135610,'story::notification.user_commented_on_your_story','user_commented_on_your_story','notification','story','metafox/story','en','0','<b>{user}</b> commented on {is_themselves, select, 1{{user_name}} other{<b>{user_name}\'s</b>}} story.',NULL,'2025-01-01 19:27:11','2025-01-01 19:27:11','<b>{user}</b> commented on {is_themselves, select, 1{{user_name}} other{<b>{user_name}\'s</b>}} story.'),
(135611,'story::notification.user_create_new_story','user_create_new_story','notification','story','metafox/story','en','0','<b>{user_name}</b> created a new story.',NULL,'2025-01-01 19:27:11','2025-01-01 19:27:11','<b>{user_name}</b> created a new story.'),
(135612,'story::notification.your_last_story_got_total_view_before_it_expired','your_last_story_got_total_view_before_it_expired','notification','story','metafox/story','en','0','Your last story got {total, plural, =0{} =1{# view} other{# views}} before it expired. You can create a new story.',NULL,'2025-01-01 19:27:11','2025-01-01 19:27:11','Your last story got {total, plural, =0{} =1{# view} other{# views}} before it expired. You can create a new story.'),
(135613,'story::notification.your_story_video_is_ready','your_story_video_is_ready','notification','story','metafox/story','en','0','Your media story is ready to view.',NULL,'2025-01-01 19:27:11','2025-01-01 19:27:11','Your media story is ready to view.'),
(135614,'story::permission.can_comment_story_desc','can_comment_story_desc','permission','story','metafox/story','en','0','',NULL,'2025-01-01 19:27:11','2025-01-01 19:27:11',''),
(135615,'story::permission.can_comment_story_label','can_comment_story_label','permission','story','metafox/story','en','0','Can comment on stories?',NULL,'2025-01-01 19:27:11','2025-01-01 19:27:11','Can comment on stories?'),
(135616,'story::permission.can_create_story_desc','can_create_story_desc','permission','story','metafox/story','en','0','',NULL,'2025-01-01 19:27:11','2025-01-01 19:27:11',''),
(135617,'story::permission.can_create_story_label','can_create_story_label','permission','story','metafox/story','en','0','Can create stories?',NULL,'2025-01-01 19:27:11','2025-01-01 19:27:11','Can create stories?'),
(135618,'story::permission.can_delete_story_desc','can_delete_story_desc','permission','story','metafox/story','en','0','',NULL,'2025-01-01 19:27:11','2025-01-01 19:27:11',''),
(135619,'story::permission.can_delete_story_label','can_delete_story_label','permission','story','metafox/story','en','0','Can delete own stories?',NULL,'2025-01-01 19:27:11','2025-01-01 19:27:11','Can delete own stories?'),
(135620,'story::permission.can_moderate_story_desc','can_moderate_story_desc','permission','story','metafox/story','en','0','',NULL,'2025-01-01 19:27:11','2025-01-01 19:27:11',''),
(135621,'story::permission.can_moderate_story_label','can_moderate_story_label','permission','story','metafox/story','en','0','Can moderate stories?',NULL,'2025-01-01 19:27:11','2025-01-01 19:27:11','Can moderate stories?'),
(135622,'story::permission.can_report_story_desc','can_report_story_desc','permission','story','metafox/story','en','0','',NULL,'2025-01-01 19:27:11','2025-01-01 19:27:11',''),
(135623,'story::permission.can_report_story_label','can_report_story_label','permission','story','metafox/story','en','0','Can report stories?',NULL,'2025-01-01 19:27:11','2025-01-01 19:27:11','Can report stories?'),
(135624,'story::permission.can_share_story_desc','can_share_story_desc','permission','story','metafox/story','en','0','',NULL,'2025-01-01 19:27:11','2025-01-01 19:27:11',''),
(135625,'story::permission.can_share_story_label','can_share_story_label','permission','story','metafox/story','en','0','Can share stories?',NULL,'2025-01-01 19:27:11','2025-01-01 19:27:11','Can share stories?'),
(135626,'story::permission.can_view_story_desc','can_view_story_desc','permission','story','metafox/story','en','0','',NULL,'2025-01-01 19:27:11','2025-01-01 19:27:11',''),
(135627,'story::permission.can_view_story_label','can_view_story_label','permission','story','metafox/story','en','0','Can view stories?',NULL,'2025-01-01 19:27:11','2025-01-01 19:27:11','Can view stories?'),
(135628,'story::permission.can_like_story_label','can_like_story_label','permission','story','metafox/story','en','0','Can like stories?',NULL,'2025-01-01 19:27:11','2025-01-01 19:27:11','Can like stories?'),
(135629,'story::permission.can_like_story_desc','can_like_story_desc','permission','story','metafox/story','en','0','',NULL,'2025-01-01 19:27:11','2025-01-01 19:27:11',''),
(135630,'story::phrase.label_menu_s','label_menu_s','phrase','story','metafox/story','en','0','Stories',NULL,'2025-01-01 19:27:11','2025-01-01 19:27:11','Stories'),
(135631,'story::phrase.manage_story','manage_story','phrase','story','metafox/story','en','0','Manage Story',NULL,'2025-01-01 19:27:11','2025-01-01 19:27:11','Manage Story'),
(135632,'story::phrase.manage_background_set','manage_background_set','phrase','story','metafox/story','en','0','Manage Collection',NULL,'2025-01-01 19:27:11','2025-01-01 19:27:11','Manage Collection'),
(135633,'story::phrase.my_story_archive','my_story_archive','phrase','story','metafox/story','en','0','My Story Archive',NULL,'2025-01-01 19:27:11','2025-01-01 19:27:11','My Story Archive'),
(135634,'story::phrase.add_background_set','add_background_set','phrase','story','metafox/story','en','0','Add New Collection',NULL,'2025-01-01 19:27:11','2025-01-01 19:27:11','Add New Collection'),
(135635,'story::phrase.add_link','add_link','phrase','story','metafox/story','en','0','Add Link',NULL,'2025-01-01 19:27:11','2025-01-01 19:27:11','Add Link'),
(135636,'story::phrase.app_name','app_name','phrase','story','metafox/story','en','0','Story',NULL,'2025-01-01 19:27:11','2025-01-01 19:27:11','Story'),
(135637,'story::phrase.entity_type_story','entity_type_story','phrase','story','metafox/story','en','0','story',NULL,'2025-01-01 19:27:11','2025-01-01 19:27:11','story'),
(135638,'story::phrase.story','story','phrase','story','metafox/story','en','0','Story',NULL,'2025-01-01 19:27:11','2025-01-01 19:27:11','Story'),
(135639,'story::phrase.story_archive','story_archive','phrase','story','metafox/story','en','0','Story Archive',NULL,'2025-01-01 19:27:11','2025-01-01 19:27:11','Story Archive'),
(135640,'story::phrase.story_archives','story_archives','phrase','story','metafox/story','en','0','Story Archives',NULL,'2025-01-01 19:27:11','2025-01-01 19:27:11','Story Archives'),
(135641,'story::phrase.story_expired_error_title','story_expired_error_title','phrase','story','metafox/story','en','0','Story Expired',NULL,'2025-01-01 19:27:11','2025-01-01 19:27:11','Story Expired'),
(135642,'story::phrase.story_expired_error_message','story_expired_error_message','phrase','story','metafox/story','en','0','This story has expired and can no longer be interacted with.',NULL,'2025-01-01 19:27:11','2025-01-01 19:27:11','This story has expired and can no longer be interacted with.'),
(135643,'story::phrase.story_services','story_services','phrase','story','metafox/story','en','0','Services',NULL,'2025-01-01 19:27:11','2025-01-01 19:27:11','Services'),
(135644,'story::phrase.story_service_description','story_service_description','phrase','story','metafox/story','en','0','Select a streaming service to work with Story App. Each service required some other settings to work correctly.',NULL,'2025-01-01 19:27:11','2025-01-01 19:27:11','Select a streaming service to work with Story App. Each service required some other settings to work correctly.'),
(135645,'story::phrase.setting_privacy','setting_privacy','phrase','story','metafox/story','en','0','Setting Privacy',NULL,'2025-01-01 19:27:11','2025-01-01 19:27:11','Setting Privacy'),
(135646,'story::phrase.story_driver','story_driver','phrase','story','metafox/story','en','0','Driver',NULL,'2025-01-01 19:27:11','2025-01-01 19:27:11','Driver'),
(135647,'story::phrase.stories','stories','phrase','story','metafox/story','en','0','Stories',NULL,'2025-01-01 19:27:11','2025-01-01 19:27:11','Stories'),
(135648,'story::phrase.style','style','phrase','story','metafox/story','en','0','Style',NULL,'2025-01-01 19:27:11','2025-01-01 19:27:11','Style'),
(135649,'story::phrase.collection_name','collection_name','phrase','story','metafox/story','en','0','Collection Name',NULL,'2025-01-01 19:27:11','2025-01-01 19:27:11','Collection Name'),
(135650,'story::phrase.copy_link','copy_link','phrase','story','metafox/story','en','0','Copy Link',NULL,'2025-01-01 19:27:11','2025-01-01 19:27:11','Copy Link'),
(135651,'story::phrase.create_story','create_story','phrase','story','metafox/story','en','0','Create Story',NULL,'2025-01-01 19:27:11','2025-01-01 19:27:11','Create Story'),
(135652,'story::phrase.create_a_media_story','create_a_media_story','phrase','story','metafox/story','en','0','Create a Media Story',NULL,'2025-01-01 19:27:11','2025-01-01 19:27:11','Create a Media Story'),
(135653,'story::phrase.create_a_photo_story','create_a_photo_story','phrase','story','metafox/story','en','0','Create a Photo Story',NULL,'2025-01-01 19:27:11','2025-01-01 19:27:11','Create a Photo Story'),
(135654,'story::phrase.create_a_text_story','create_a_text_story','phrase','story','metafox/story','en','0','Create a Text Story',NULL,'2025-01-01 19:27:11','2025-01-01 19:27:11','Create a Text Story'),
(135655,'story::phrase.created_successfully','created_successfully','phrase','story','metafox/story','en','0','Collection was created successfully.',NULL,'2025-01-01 19:27:11','2025-01-01 19:27:11','Collection was created successfully.'),
(135656,'story::phrase.deleted_successfully','deleted_successfully','phrase','story','metafox/story','en','0','Collection was deleted successfully.',NULL,'2025-01-01 19:27:11','2025-01-01 19:27:11','Collection was deleted successfully.'),
(135657,'story::phrase.story_created_successfully','story_created_successfully','phrase','story','metafox/story','en','0','Story was created successfully.',NULL,'2025-01-01 19:27:11','2025-01-01 19:27:11','Story was created successfully.'),
(135658,'story::phrase.story_deleted_successfully','story_deleted_successfully','phrase','story','metafox/story','en','0','Story was deleted successfully.',NULL,'2025-01-01 19:27:11','2025-01-01 19:27:11','Story was deleted successfully.'),
(135659,'story::phrase.number_of_image','number_of_image','phrase','story','metafox/story','en','0','Number of Image',NULL,'2025-01-01 19:27:11','2025-01-01 19:27:11','Number of Image'),
(135660,'story::phrase.main_image','main_image','phrase','story','metafox/story','en','0','Main Image',NULL,'2025-01-01 19:27:11','2025-01-01 19:27:11','Main Image'),
(135661,'story::phrase.photo_accept_type_fail','photo_accept_type_fail','phrase','story','metafox/story','en','0','Cannot upload this file type.',NULL,'2025-01-01 19:27:11','2025-01-01 19:27:11','Cannot upload this file type.'),
(135662,'story::phrase.edit_collection','edit_collection','phrase','story','metafox/story','en','0','Edit Collection',NULL,'2025-01-01 19:27:11','2025-01-01 19:27:11','Edit Collection'),
(135663,'story::phrase.lifespan_number_hour','lifespan_number_hour','phrase','story','metafox/story','en','0','{number, plural, =0{} =1{# hour} other {# hours}}',NULL,'2025-01-01 19:27:11','2025-01-01 19:27:11','{number, plural, =0{} =1{# hour} other {# hours}}'),
(135664,'story::phrase.lifespan','lifespan','phrase','story','metafox/story','en','0','Lifespan',NULL,'2025-01-01 19:27:11','2025-01-01 19:27:11','Lifespan'),
(135665,'story::phrase.text','text','phrase','story','metafox/story','en','0','Text',NULL,'2025-01-01 19:27:11','2025-01-01 19:27:11','Text'),
(135666,'story::phrase.delete_story','delete_story','phrase','story','metafox/story','en','0','Delete Story',NULL,'2025-01-01 19:27:11','2025-01-01 19:27:11','Delete Story'),
(135667,'story::phrase.report_story','report_story','phrase','story','metafox/story','en','0','Report Story',NULL,'2025-01-01 19:27:11','2025-01-01 19:27:11','Report Story'),
(135668,'story::phrase.remove_photo_from_story_and_save_to_archive_successfully','remove_photo_from_story_and_save_to_archive_successfully','phrase','story','metafox/story','en','0','Remove photo from story and save to archive successfully.',NULL,'2025-01-01 19:27:11','2025-01-01 19:27:11','Remove photo from story and save to archive successfully.'),
(135669,'story::phrase.suggest_create_story_notification_type','suggest_create_story_notification_type','phrase','story','metafox/story','en','0','Suggest create new story',NULL,'2025-01-01 19:27:11','2025-01-01 19:27:11','Suggest create new story'),
(135670,'story::phrase.story_notification_type','story_notification_type','phrase','story','metafox/story','en','0','Story Notification',NULL,'2025-01-01 19:27:11','2025-01-01 19:27:11','Story Notification'),
(135671,'story::phrase.story_reaction_notification_type','story_reaction_notification_type','phrase','story','metafox/story','en','0','Story Reaction Notification',NULL,'2025-01-01 19:27:11','2025-01-01 19:27:11','Story Reaction Notification'),
(135672,'story::phrase.story_video_in_process_message','story_video_in_process_message','phrase','story','metafox/story','en','0','Your media story is being processed. We\'ll let you know when it is ready to view.',NULL,'2025-01-01 19:27:11','2025-01-01 19:27:11','Your media story is being processed. We\'ll let you know when it is ready to view.'),
(135673,'story::phrase.story_video_done_processing_type','story_video_done_processing_type','phrase','story','metafox/story','en','0','Story video was processed successfully.',NULL,'2025-01-01 19:27:11','2025-01-01 19:27:11','Story video was processed successfully.'),
(135674,'story::phrase.change_active_background_collection_confirm','change_active_background_collection_confirm','phrase','story','metafox/story','en','0','Are you sure you want to activate this collection and deactivate all other collections?\nPlease note that only one background collection can be active at a time.',NULL,'2025-01-01 19:27:11','2025-01-01 19:27:11','Are you sure you want to activate this collection and deactivate all other collections?\nPlease note that only one background collection can be active at a time.'),
(135675,'story::phrase.the_activated_collection_cannot_be_deleted','the_activated_collection_cannot_be_deleted','phrase','story','metafox/story','en','0','The activated collection cannot be deleted.',NULL,'2025-01-01 19:27:11','2025-01-01 19:27:11','The activated collection cannot be deleted.'),
(135676,'story::phrase.font.nomal','font.nomal','phrase','story','metafox/story','en','0','Nomal',NULL,'2025-01-01 19:27:11','2025-01-01 19:27:11','Nomal'),
(135677,'story::phrase.font.mightype','font.mightype','phrase','story','metafox/story','en','0','Mightype',NULL,'2025-01-01 19:27:11','2025-01-01 19:27:11','Mightype'),
(135678,'story::phrase.font.shadow','font.shadow','phrase','story','metafox/story','en','0','Shadow',NULL,'2025-01-01 19:27:11','2025-01-01 19:27:11','Shadow'),
(135679,'story::phrase.font.slight','font.slight','phrase','story','metafox/story','en','0','Slight',NULL,'2025-01-01 19:27:11','2025-01-01 19:27:11','Slight'),
(135680,'story::phrase.font.soft','font.soft','phrase','story','metafox/story','en','0','Soft',NULL,'2025-01-01 19:27:11','2025-01-01 19:27:11','Soft'),
(135681,'story::phrase.share_to_story','share_to_story','phrase','story','metafox/story','en','0','Share to story',NULL,'2025-01-01 19:27:11','2025-01-01 19:27:11','Share to story'),
(135682,'story::phrase.share_to_story_description','share_to_story_description','phrase','story','metafox/story','en','0','Your live video will also be added to your story.',NULL,'2025-01-01 19:27:11','2025-01-01 19:27:11','Your live video will also be added to your story.'),
(135683,'story::phrase.story_on','story_on','phrase','story','metafox/story','en','0','Story: On',NULL,'2025-01-01 19:27:11','2025-01-01 19:27:11','Story: On'),
(135684,'story::phrase.story_off','story_off','phrase','story','metafox/story','en','0','Story: Off',NULL,'2025-01-01 19:27:11','2025-01-01 19:27:11','Story: Off'),
(135685,'story::phrase.story_follower_notification_type','story_follower_notification_type','phrase','story','metafox/story','en','0','Someone you follow has created new stories.',NULL,'2025-01-01 19:27:11','2025-01-01 19:27:11','Someone you follow has created new stories.'),
(135686,'story::phrase.muted.one_day','muted.one_day','phrase','story','metafox/story','en','0','For 24 Hours',NULL,'2025-01-01 19:27:11','2025-01-01 19:27:11','For 24 Hours'),
(135687,'story::phrase.muted.one_week','muted.one_week','phrase','story','metafox/story','en','0','For one week',NULL,'2025-01-01 19:27:11','2025-01-01 19:27:11','For one week'),
(135688,'story::phrase.muted.forever','muted.forever','phrase','story','metafox/story','en','0','Until I unmute it',NULL,'2025-01-01 19:27:11','2025-01-01 19:27:11','Until I unmute it'),
(135689,'story::phrase.mute','mute','phrase','story','metafox/story','en','0','Mute',NULL,'2025-01-01 19:27:11','2025-01-01 19:27:11','Mute'),
(135690,'story::phrase.unmute','unmute','phrase','story','metafox/story','en','0','Unmute',NULL,'2025-01-01 19:27:11','2025-01-01 19:27:11','Unmute'),
(135691,'story::phrase.how_long_do_you_want_to_muted_user_name_label','how_long_do_you_want_to_muted_user_name_label','phrase','story','metafox/story','en','0','How long do you want to mute {user_name}',NULL,'2025-01-01 19:27:11','2025-01-01 19:27:11','How long do you want to mute {user_name}'),
(135692,'story::phrase.user_name_stories_was_muted_successfully','user_name_stories_was_muted_successfully','phrase','story','metafox/story','en','0','{user_name}\'s stories are muted.',NULL,'2025-01-01 19:27:11','2025-01-01 19:27:11','{user_name}\'s stories are muted.'),
(135693,'story::phrase.user_name_stories_was_unmuted_successfully','user_name_stories_was_unmuted_successfully','phrase','story','metafox/story','en','0','{user_name}\'s stories have been unmuted successfully.',NULL,'2025-01-01 19:27:11','2025-01-01 19:27:11','{user_name}\'s stories have been unmuted successfully.'),
(135694,'story::phrase.unmuted_successfully','unmuted_successfully','phrase','story','metafox/story','en','0','Unmuted successfully.',NULL,'2025-01-01 19:27:11','2025-01-01 19:27:11','Unmuted successfully.'),
(135695,'story::phrase.story_you_have_muted','story_you_have_muted','phrase','story','metafox/story','en','0','Story You\'ve Muted',NULL,'2025-01-01 19:27:11','2025-01-01 19:27:11','Story You\'ve Muted'),
(135696,'story::phrase.muted_label','muted_label','phrase','story','metafox/story','en','0','Muted',NULL,'2025-01-01 19:27:11','2025-01-01 19:27:11','Muted'),
(135697,'story::phrase.delete_confirm','delete_confirm','phrase','story','metafox/story','en','0','Are you sure you want to permanently delete this story?',NULL,'2025-01-01 19:27:11','2025-01-01 19:27:11','Are you sure you want to permanently delete this story?'),
(135698,'story::seo.story_background_set_edit_title','story_background_set_edit_title','seo','story','metafox/story','en','0','Edit Collection',NULL,'2025-01-01 19:27:11','2025-01-01 19:27:11','Edit Collection'),
(135699,'story::seo.story_background_set_create_title','story_background_set_create_title','seo','story','metafox/story','en','0','Add New Collection',NULL,'2025-01-01 19:27:11','2025-01-01 19:27:11','Add New Collection'),
(135700,'story::seo.story_background_set_browse_title','story_background_set_browse_title','seo','story','metafox/story','en','0','Manage Collection',NULL,'2025-01-01 19:27:11','2025-01-01 19:27:11','Manage Collection'),
(135701,'story::seo.story_landing_title','story_landing_title','seo','story','metafox/story','en','0','Stories',NULL,'2025-01-01 19:27:11','2025-01-01 19:27:11','Stories'),
(135702,'story::seo.story_landing_description','story_landing_description','seo','story','metafox/story','en','0','',NULL,'2025-01-01 19:27:11','2025-01-01 19:27:11',''),
(135703,'story::seo.story_landing_keywords','story_landing_keywords','seo','story','metafox/story','en','0','',NULL,'2025-01-01 19:27:11','2025-01-01 19:27:11',''),
(135704,'story::seo.story_landing_heading','story_landing_heading','seo','story','metafox/story','en','0','',NULL,'2025-01-01 19:27:11','2025-01-01 19:27:11',''),
(135705,'story::seo.story_create_title','story_create_title','seo','story','metafox/story','en','0','New Story',NULL,'2025-01-01 19:27:11','2025-01-01 19:27:11','New Story'),
(135706,'story::seo.story_create_keywords','story_create_keywords','seo','story','metafox/story','en','0','',NULL,'2025-01-01 19:27:11','2025-01-01 19:27:11',''),
(135707,'story::seo.story_create_heading','story_create_heading','seo','story','metafox/story','en','0','',NULL,'2025-01-01 19:27:11','2025-01-01 19:27:11',''),
(135708,'story::seo.story_create_description','story_create_description','seo','story','metafox/story','en','0','',NULL,'2025-01-01 19:27:11','2025-01-01 19:27:11',''),
(135709,'story::seo.browse_service','browse_service','seo','story','metafox/story','en','0','Services',NULL,'2025-01-01 19:27:11','2025-01-01 19:27:11','Services'),
(135710,'story::seo.ffmpeg_setting','ffmpeg_setting','seo','story','metafox/story','en','0','FFMPEG',NULL,'2025-01-01 19:27:11','2025-01-01 19:27:11','FFMPEG'),
(135711,'story::seo.user_profile_story_archive_title','user_profile_story_archive_title','seo','story','metafox/story','en','0','{full_name}',NULL,'2025-01-01 19:27:11','2025-01-01 19:27:11','{full_name}'),
(135712,'story::seo.user_profile_story_archive_description','user_profile_story_archive_description','seo','story','metafox/story','en','0','',NULL,'2025-01-01 19:27:11','2025-01-01 19:27:11',''),
(135713,'story::seo.user_profile_story_archive_keywords','user_profile_story_archive_keywords','seo','story','metafox/story','en','0','',NULL,'2025-01-01 19:27:11','2025-01-01 19:27:11',''),
(135714,'story::seo.user_profile_story_archive_heading','user_profile_story_archive_heading','seo','story','metafox/story','en','0','',NULL,'2025-01-01 19:27:11','2025-01-01 19:27:11',''),
(135715,'story::validation.background_collection_already_deleted','background_collection_already_deleted','validation','story','metafox/story','en','0','Background collection has been already deleted.',NULL,'2025-01-01 19:27:11','2025-01-01 19:27:11','Background collection has been already deleted.'),
(135716,'story::validation.there_must_be_at_least_one_wallpaper_set_activated','there_must_be_at_least_one_wallpaper_set_activated','validation','story','metafox/story','en','0','There must be at least one wallpaper set activated.',NULL,'2025-01-01 19:27:11','2025-01-01 19:27:11','There must be at least one wallpaper set activated.'),
(135717,'story::web.all_stories','all_stories','web','story','metafox/story','en','0','All Stories',NULL,'2025-01-01 19:27:11','2025-01-01 19:27:11','All Stories'),
(135718,'story::web.archive','archive','web','story','metafox/story','en','0','Archive',NULL,'2025-01-01 19:27:11','2025-01-01 19:27:11','Archive'),
(135719,'story::web.background','background','web','story','metafox/story','en','0','Background',NULL,'2025-01-01 19:27:11','2025-01-01 19:27:11','Background'),
(135720,'story::web.continue_story','continue_story','web','story','metafox/story','en','0','Continue the Story',NULL,'2025-01-01 19:27:11','2025-01-01 19:27:11','Continue the Story'),
(135721,'story::web.create_a_photo_story','create_a_photo_story','web','story','metafox/story','en','0','Create a Photo Story',NULL,'2025-01-01 19:27:11','2025-01-01 19:27:11','Create a Photo Story'),
(135722,'story::web.create_a_text_story','create_a_text_story','web','story','metafox/story','en','0','Create a Text Story',NULL,'2025-01-01 19:27:11','2025-01-01 19:27:11','Create a Text Story'),
(135723,'story::web.create_story_description','create_story_description','web','story','metafox/story','en','0','Your friends want to hear from you. Share a recent moment to take them behind the scenes.',NULL,'2025-01-01 19:27:11','2025-01-01 19:27:11','Your friends want to hear from you. Share a recent moment to take them behind the scenes.'),
(135724,'story::web.click_to_view_story','click_to_view_story','web','story','metafox/story','en','0','Click to view story',NULL,'2025-01-01 19:27:11','2025-01-01 19:27:11','Click to view story'),
(135725,'story::web.create_story','create_story','web','story','metafox/story','en','0','Create Story',NULL,'2025-01-01 19:27:11','2025-01-01 19:27:11','Create Story'),
(135726,'story::web.creating_story','creating_story','web','story','metafox/story','en','0','Creating story...',NULL,'2025-01-01 19:27:11','2025-01-01 19:27:11','Creating story...'),
(135727,'story::web.color','color','web','story','metafox/story','en','0','Color',NULL,'2025-01-01 19:27:11','2025-01-01 19:27:11','Color'),
(135728,'story::web.description_no_comment_story','description_no_comment_story','web','story','metafox/story','en','0','As people comment on {is_owner, select, 1{your} other {the}} story, you\'ll see details here.',NULL,'2025-01-01 19:27:11','2025-01-01 19:27:11','As people comment on {is_owner, select, 1{your} other {the}} story, you\'ll see details here.'),
(135729,'story::web.description_no_viewer_story','description_no_viewer_story','web','story','metafox/story','en','0','As people view your story, you\'ll see details here.',NULL,'2025-01-01 19:27:11','2025-01-01 19:27:11','As people view your story, you\'ll see details here.'),
(135730,'story::web.discard_story_alert','discard_story_alert','web','story','metafox/story','en','0','Discard this story?',NULL,'2025-01-01 19:27:11','2025-01-01 19:27:11','Discard this story?'),
(135731,'story::web.edit_video','edit_video','web','story','metafox/story','en','0','Edit video',NULL,'2025-01-01 19:27:11','2025-01-01 19:27:11','Edit video'),
(135732,'story::web.font_style','font_style','web','story','metafox/story','en','0','Font style',NULL,'2025-01-01 19:27:11','2025-01-01 19:27:11','Font style'),
(135733,'story::web.no_stories_found','no_stories_found','web','story','metafox/story','en','0','No stories are found.',NULL,'2025-01-01 19:27:11','2025-01-01 19:27:11','No stories are found.'),
(135734,'story::web.my_story','my_story','web','story','metafox/story','en','0','My Story',NULL,'2025-01-01 19:27:11','2025-01-01 19:27:11','My Story'),
(135735,'story::web.lifespan','lifespan','web','story','metafox/story','en','0','Lifespan',NULL,'2025-01-01 19:27:11','2025-01-01 19:27:11','Lifespan'),
(135736,'story::web.text_size','text_size','web','story','metafox/story','en','0','Text size',NULL,'2025-01-01 19:27:11','2025-01-01 19:27:11','Text size'),
(135737,'story::web.total_new_story','total_new_story','web','story','metafox/story','en','0','{total, plural, =0{} =1{# new story} other {# new stories}}',NULL,'2025-01-01 19:27:11','2025-01-01 19:27:11','{total, plural, =0{} =1{# new story} other {# new stories}}'),
(135738,'story::web.total_story_viewer','total_story_viewer','web','story','metafox/story','en','0','{value, plural, =0{No viewers yet} =1{# viewer} other{# viewers} }',NULL,'2025-01-01 19:27:11','2025-01-01 19:27:11','{value, plural, =0{No viewers yet} =1{# viewer} other{# viewers} }'),
(135739,'story::web.sent_reation_to_user','sent_reation_to_user','web','story','metafox/story','en','0','Sent to {name}',NULL,'2025-01-01 19:27:11','2025-01-01 19:27:11','Sent to {name}'),
(135740,'story::web.select_photo_tp_crop_and_rotate','select_photo_tp_crop_and_rotate','web','story','metafox/story','en','0','Select photo to crop and rotate',NULL,'2025-01-01 19:27:11','2025-01-01 19:27:11','Select photo to crop and rotate'),
(135741,'story::web.share_photo_or_write_something','share_photo_or_write_something','web','story','metafox/story','en','0','Share a photo or write something.',NULL,'2025-01-01 19:27:11','2025-01-01 19:27:11','Share a photo or write something.'),
(135742,'story::web.start_typing_here','start_typing_here','web','story','metafox/story','en','0','Start typing here',NULL,'2025-01-01 19:27:11','2025-01-01 19:27:11','Start typing here'),
(135743,'story::web.story_archive','story_archive','web','story','metafox/story','en','0','Story Archive',NULL,'2025-01-01 19:27:11','2025-01-01 19:27:11','Story Archive'),
(135744,'story::web.stories','stories','web','story','metafox/story','en','0','Stories',NULL,'2025-01-01 19:27:11','2025-01-01 19:27:11','Stories'),
(135745,'story::web.story_details','story_details','web','story','metafox/story','en','0','Story details',NULL,'2025-01-01 19:27:11','2025-01-01 19:27:11','Story details'),
(135746,'story::web.story_viewers','story_viewers','web','story','metafox/story','en','0','Story viewers',NULL,'2025-01-01 19:27:11','2025-01-01 19:27:11','Story viewers'),
(135747,'story::web.viewers','viewers','web','story','metafox/story','en','0','Viewers',NULL,'2025-01-01 19:27:11','2025-01-01 19:27:11','Viewers'),
(135748,'story::web.view_story','view_story','web','story','metafox/story','en','0','View Story',NULL,'2025-01-01 19:27:11','2025-01-01 19:27:11','View Story'),
(135749,'story::web.view_your_stories','view_your_stories','web','story','metafox/story','en','0','View Your Stories',NULL,'2025-01-01 19:27:11','2025-01-01 19:27:11','View Your Stories'),
(135750,'story::web.you_will_discard_story','you_will_discard_story','web','story','metafox/story','en','0','You will discard story.',NULL,'2025-01-01 19:27:11','2025-01-01 19:27:11','You will discard story.'),
(135751,'story::web.your_story_archive','your_story_archive','web','story','metafox/story','en','0','Your story archive',NULL,'2025-01-01 19:27:11','2025-01-01 19:27:11','Your story archive'),
(135752,'story::web.you_can_not_upload_videos_longer_than','you_can_not_upload_videos_longer_than','web','story','metafox/story','en','0','You can\'t upload videos longer than {value} seconds.',NULL,'2025-01-01 19:27:11','2025-01-01 19:27:11','You can\'t upload videos longer than {value} seconds.'),
(135753,'story::web.uploaded_failed','uploaded_failed','web','story','metafox/story','en','0','Uploaded failed',NULL,'2025-01-01 19:27:11','2025-01-01 19:27:11','Uploaded failed'),
(135754,'story::web.are_you_sure_you_want_to_save_this_video','are_you_sure_you_want_to_save_this_video','web','story','metafox/story','en','0','Are you sure you want to save this video?',NULL,'2025-01-01 19:27:11','2025-01-01 19:27:11','Are you sure you want to save this video?'),
(135755,'story::web.trimming_video','trimming_video','web','story','metafox/story','en','0','Trimming video',NULL,'2025-01-01 19:27:11','2025-01-01 19:27:11','Trimming video'),
(135756,'story::web.text_required_field','text_required_field','web','story','metafox/story','en','0','Text is a required field.',NULL,'2025-01-01 19:27:11','2025-01-01 19:27:11','Text is a required field.'),
(135757,'story::web.mute_user_stories','mute_user_stories','web','story','metafox/story','en','0','Mute {user_name}\'s stories',NULL,'2025-01-01 19:27:11','2025-01-01 19:27:11','Mute {user_name}\'s stories'),
(135758,'story::web.unmute_user_stories','unmute_user_stories','web','story','metafox/story','en','0','Unmute {user_name}\'s stories',NULL,'2025-01-01 19:27:11','2025-01-01 19:27:11','Unmute {user_name}\'s stories'),
(135759,'story::web.you_have_not_muted_any_stories','you_have_not_muted_any_stories','web','story','metafox/story','en','0','You haven\'t muted any stories. If you do, they\'ll show up here.',NULL,'2025-01-01 19:27:11','2025-01-01 19:27:11','You haven\'t muted any stories. If you do, they\'ll show up here.'),
(135760,'story::web.no_muted_stories_are_found','no_muted_stories_are_found','web','story','metafox/story','en','0','No muted stories are found.',NULL,'2025-01-01 19:27:11','2025-01-01 19:27:11','No muted stories are found.'),
(135761,'story::web.story_you_have_muted','story_you_have_muted','web','story','metafox/story','en','0','Story You\'ve Muted',NULL,'2025-01-01 19:27:11','2025-01-01 19:27:11','Story You\'ve Muted'),
(135762,'story::web.story_muted_menu','story_muted_menu','web','story','metafox/story','en','0','Muted',NULL,'2025-01-01 19:27:11','2025-01-01 19:27:11','Muted'),
(135763,'story::web.your_story_will_be_visible_number_hour','your_story_will_be_visible_number_hour','web','story','metafox/story','en','0','Your story will be visible for {number, plural, =0{} =1{# hour} other {# hours}}.',NULL,'2025-01-01 19:27:11','2025-01-01 19:27:11','Your story will be visible for {number, plural, =0{} =1{# hour} other {# hours}}.'),
(135764,'story::web.visit_link','visit_link','web','story','metafox/story','en','0','Visit Link',NULL,'2025-01-01 19:27:11','2025-01-01 19:27:11','Visit Link'),
(135765,'story::web.add_link','add_link','web','story','metafox/story','en','0','Add Link',NULL,'2025-01-01 19:27:11','2025-01-01 19:27:11','Add Link'),
(135766,'story::web.add_link_description','add_link_description','web','story','metafox/story','en','0','People who view your story can swipe up to visit the link.',NULL,'2025-01-01 19:27:11','2025-01-01 19:27:11','People who view your story can swipe up to visit the link.'),
(135938,'subscription::seo.browse_subscription_invoice_title','browse_subscription_invoice_title','seo','subscription','metafox/subscription','en','0','Subscriptions',NULL,'2025-01-01 19:27:17','2025-01-01 19:27:17','Subscriptions'),
(135939,'subscription::seo.browse_subscription_invoice_description','browse_subscription_invoice_description','seo','subscription','metafox/subscription','en','0','',NULL,'2025-01-01 19:27:17','2025-01-01 19:27:17',''),
(135940,'subscription::seo.browse_subscription_invoice_keywords','browse_subscription_invoice_keywords','seo','subscription','metafox/subscription','en','0','',NULL,'2025-01-01 19:27:17','2025-01-01 19:27:17',''),
(135941,'subscription::seo.browse_subscription_invoice_heading','browse_subscription_invoice_heading','seo','subscription','metafox/subscription','en','0','',NULL,'2025-01-01 19:27:17','2025-01-01 19:27:17',''),
(136574,'twilio::admin.test_number','test_number','admin','twilio','metafox/twilio','en','0','Test Phone Number',NULL,'2025-01-01 19:27:18','2025-01-01 19:27:18','Test Phone Number'),
(136575,'twilio::phrase.verify_twilio_config','verify_twilio_config','phrase','twilio','metafox/twilio','en','0','This is test twilio configuration.',NULL,'2025-01-01 19:27:18','2025-01-01 19:27:18','This is test twilio configuration.'),
(136592,'video::phrase.minimal_play_time_threshold','minimal_play_time_threshold','phrase','video','metafox/video','en','0','Minimal Play Time Threshold',NULL,'2025-01-01 19:27:18','2025-01-01 19:27:18','Minimal Play Time Threshold'),
(136593,'video::phrase.minimal_play_time_threshold_description','minimal_play_time_threshold_description','phrase','video','metafox/video','en','0','The minimum time (in seconds) a video must be played to be considered as a view.',NULL,'2025-01-01 19:27:18','2025-01-01 19:27:18','The minimum time (in seconds) a video must be played to be considered as a view.'),
(136594,'video::seo.video_search_description','video_search_description','seo','video','metafox/video','en','0','',NULL,'2025-01-01 19:27:18','2025-01-01 19:27:18',''),
(136595,'video::seo.video_search_heading','video_search_heading','seo','video','metafox/video','en','0','',NULL,'2025-01-01 19:27:18','2025-01-01 19:27:18',''),
(136596,'video::seo.video_search_keywords','video_search_keywords','seo','video','metafox/video','en','0','',NULL,'2025-01-01 19:27:18','2025-01-01 19:27:18',''),
(136597,'video::seo.video_search_title','video_search_title','seo','video','metafox/video','en','0','Search Results',NULL,'2025-01-01 19:27:18','2025-01-01 19:27:18','Search Results');
CREATE TABLE `poll_answers` (
  `id` bigint(20) unsigned NOT NULL AUTO_INCREMENT,
  `poll_id` bigint(20) unsigned NOT NULL,
  `answer` varchar(255) NOT NULL,
  `percentage` decimal(5,2) unsigned NOT NULL DEFAULT 0.00,
  `total_vote` int(10) unsigned NOT NULL DEFAULT 0,
  `ordering` tinyint(3) unsigned NOT NULL DEFAULT 0,
  `created_at` timestamp NULL DEFAULT NULL,
  `updated_at` timestamp NULL DEFAULT NULL,
  PRIMARY KEY (`id`)
) ENGINE=InnoDB AUTO_INCREMENT=5 DEFAULT CHARSET=utf8mb4 COLLATE=utf8mb4_unicode_ci;

INSERT INTO `poll_answers` VALUES
(1,1,'PTI + Army',100.00,1,1,NULL,NULL),
(2,1,'PMLN + Army',0.00,0,2,NULL,NULL),
(3,1,'PTI + PMLN',0.00,0,3,NULL,NULL),
(4,1,'Pakistan Army',0.00,0,4,NULL,NULL);
CREATE TABLE `poll_designs` (
  `id` bigint(20) unsigned NOT NULL,
  `background` varchar(255) NOT NULL DEFAULT 'ebebeb',
  `percentage` varchar(255) NOT NULL DEFAULT '297fc7',
  `border` varchar(255) DEFAULT NULL,
  `created_at` timestamp NULL DEFAULT NULL,
  `updated_at` timestamp NULL DEFAULT NULL,
  PRIMARY KEY (`id`)
) ENGINE=InnoDB DEFAULT CHARSET=utf8mb4 COLLATE=utf8mb4_unicode_ci;

CREATE TABLE `poll_network_streams` (
  `id` bigint(20) unsigned NOT NULL AUTO_INCREMENT,
  `network_id` bigint(20) unsigned NOT NULL,
  `item_id` bigint(20) unsigned NOT NULL,
  PRIMARY KEY (`id`),
  KEY `poll_network_streams_network_id_index` (`network_id`),
  KEY `poll_network_streams_item_id_index` (`item_id`)
) ENGINE=InnoDB DEFAULT CHARSET=utf8mb4 COLLATE=utf8mb4_unicode_ci;

CREATE TABLE `poll_privacy_streams` (
  `id` bigint(20) unsigned NOT NULL AUTO_INCREMENT,
  `privacy_id` bigint(20) unsigned NOT NULL,
  `item_id` bigint(20) unsigned NOT NULL,
  PRIMARY KEY (`id`),
  KEY `poll_privacy_streams_privacy_id_index` (`privacy_id`),
  KEY `poll_privacy_streams_item_id_index` (`item_id`)
) ENGINE=InnoDB AUTO_INCREMENT=2 DEFAULT CHARSET=utf8mb4 COLLATE=utf8mb4_unicode_ci;

INSERT INTO `poll_privacy_streams` VALUES
(1,1,1);
CREATE TABLE `poll_results` (
  `id` bigint(20) unsigned NOT NULL AUTO_INCREMENT,
  `poll_id` bigint(20) unsigned NOT NULL,
  `answer_id` bigint(20) unsigned NOT NULL,
  `user_id` bigint(20) unsigned NOT NULL,
  `user_type` varchar(255) NOT NULL,
  `created_at` timestamp NULL DEFAULT NULL,
  `updated_at` timestamp NULL DEFAULT NULL,
  `is_last` tinyint(3) unsigned NOT NULL DEFAULT 0,
  PRIMARY KEY (`id`),
  KEY `poll_results_user_id_index` (`user_id`),
  KEY `ix_poll_results_user_morph` (`user_id`,`user_type`)
) ENGINE=InnoDB AUTO_INCREMENT=3 DEFAULT CHARSET=utf8mb4 COLLATE=utf8mb4_unicode_ci;

INSERT INTO `poll_results` VALUES
(2,1,1,1,'user','2024-12-01 17:19:54','2024-12-01 17:19:54',1);
CREATE TABLE `poll_tag_data` (
  `id` bigint(20) unsigned NOT NULL AUTO_INCREMENT,
  `item_id` bigint(20) unsigned NOT NULL,
  `tag_id` int(10) unsigned DEFAULT NULL,
  PRIMARY KEY (`id`),
  UNIQUE KEY `poll_tag_data_item_id_tag_id_unique` (`item_id`,`tag_id`),
  KEY `poll_tag_data_item_id_index` (`item_id`)
) ENGINE=InnoDB DEFAULT CHARSET=utf8mb4 COLLATE=utf8mb4_unicode_ci;

CREATE TABLE `poll_text` (
  `id` bigint(20) unsigned NOT NULL,
  `text` mediumtext NOT NULL,
  `text_parsed` mediumtext NOT NULL,
  PRIMARY KEY (`id`)
) ENGINE=InnoDB DEFAULT CHARSET=utf8mb4 COLLATE=utf8mb4_unicode_ci;

INSERT INTO `poll_text` VALUES
(1,'','');
CREATE TABLE `polls` (
  `id` bigint(20) unsigned NOT NULL AUTO_INCREMENT,
  `view_id` tinyint(3) unsigned NOT NULL DEFAULT 0,
  `privacy` tinyint(3) unsigned NOT NULL DEFAULT 0,
  `user_id` bigint(20) unsigned NOT NULL,
  `user_type` varchar(255) NOT NULL,
  `owner_id` bigint(20) unsigned NOT NULL,
  `owner_type` varchar(255) NOT NULL,
  `question` varchar(255) NOT NULL,
  `caption` text DEFAULT NULL,
  `image_file_id` bigint(20) unsigned DEFAULT NULL,
  `randomize` tinyint(3) unsigned NOT NULL DEFAULT 1,
  `public_vote` tinyint(3) unsigned NOT NULL DEFAULT 0,
  `is_multiple` tinyint(3) unsigned NOT NULL DEFAULT 0,
  `closed_at` timestamp NULL DEFAULT NULL,
  `is_approved` tinyint(3) unsigned NOT NULL DEFAULT 1,
  `is_featured` tinyint(3) unsigned NOT NULL DEFAULT 0,
  `featured_at` timestamp NULL DEFAULT NULL,
  `is_sponsor` tinyint(3) unsigned NOT NULL DEFAULT 0,
  `sponsor_in_feed` tinyint(3) unsigned NOT NULL DEFAULT 0,
  `total_like` int(10) unsigned NOT NULL DEFAULT 0,
  `total_comment` int(10) unsigned NOT NULL DEFAULT 0,
  `total_reply` int(10) unsigned NOT NULL DEFAULT 0,
  `total_share` int(10) unsigned NOT NULL DEFAULT 0,
  `total_view` int(10) unsigned NOT NULL DEFAULT 0,
  `total_attachment` int(10) unsigned NOT NULL DEFAULT 0,
  `total_vote` int(10) unsigned NOT NULL DEFAULT 0,
  `location_latitude` decimal(30,8) DEFAULT NULL,
  `location_longitude` decimal(30,8) DEFAULT NULL,
  `location_name` varchar(255) DEFAULT NULL,
  `created_at` timestamp NULL DEFAULT NULL,
  `updated_at` timestamp NULL DEFAULT NULL,
  `pending_tagged_friends` text DEFAULT NULL,
  `total_pending_comment` int(10) unsigned NOT NULL DEFAULT 0,
  `total_pending_reply` int(10) unsigned NOT NULL DEFAULT 0,
  `total_tag_friend` int(10) unsigned NOT NULL DEFAULT 0,
  PRIMARY KEY (`id`),
  KEY `polls_user_id_index` (`user_id`),
  KEY `ix_polls_user_morph` (`user_id`,`user_type`),
  KEY `polls_owner_id_index` (`owner_id`),
  KEY `ix_polls_owner_morph` (`owner_id`,`owner_type`),
  KEY `polls_view_id_index` (`view_id`),
  KEY `polls_privacy_index` (`privacy`),
  KEY `polls_is_approved_index` (`is_approved`),
  KEY `polls_is_featured_index` (`is_featured`),
  KEY `polls_is_sponsor_index` (`is_sponsor`)
) ENGINE=InnoDB AUTO_INCREMENT=2 DEFAULT CHARSET=utf8mb4 COLLATE=utf8mb4_unicode_ci;

INSERT INTO `polls` VALUES
(1,0,0,1,'user',1,'user','Which Party you support ?','',NULL,1,1,0,'2024-12-30 22:00:00',1,0,NULL,0,0,0,0,0,0,1,0,1,NULL,NULL,NULL,'2024-12-01 17:12:43','2024-12-01 17:12:43','[]',0,0,0);
CREATE TABLE `quiz_answers` (
  `id` bigint(20) unsigned NOT NULL AUTO_INCREMENT,
  `question_id` bigint(20) unsigned NOT NULL,
  `ordering` smallint(5) unsigned NOT NULL DEFAULT 0,
  `answer` varchar(255) NOT NULL,
  `is_correct` tinyint(3) unsigned NOT NULL DEFAULT 0,
  `total_play` int(11) NOT NULL DEFAULT 0,
  PRIMARY KEY (`id`),
  KEY `quiz_answers_question_id_index` (`question_id`)
) ENGINE=InnoDB DEFAULT CHARSET=utf8mb4 COLLATE=utf8mb4_unicode_ci;

CREATE TABLE `quiz_network_streams` (
  `id` bigint(20) unsigned NOT NULL AUTO_INCREMENT,
  `network_id` bigint(20) unsigned NOT NULL,
  `item_id` bigint(20) unsigned NOT NULL,
  PRIMARY KEY (`id`),
  KEY `quiz_network_streams_network_id_index` (`network_id`),
  KEY `quiz_network_streams_item_id_index` (`item_id`)
) ENGINE=InnoDB DEFAULT CHARSET=utf8mb4 COLLATE=utf8mb4_unicode_ci;

CREATE TABLE `quiz_played_results` (
  `quiz_id` bigint(20) NOT NULL,
  `user_id` bigint(20) NOT NULL,
  UNIQUE KEY `quiz_played_results_quiz_id_user_id_unique` (`quiz_id`,`user_id`)
) ENGINE=InnoDB DEFAULT CHARSET=utf8mb4 COLLATE=utf8mb4_unicode_ci;

CREATE TABLE `quiz_privacy_streams` (
  `id` bigint(20) unsigned NOT NULL AUTO_INCREMENT,
  `privacy_id` bigint(20) unsigned NOT NULL,
  `item_id` bigint(20) unsigned NOT NULL,
  PRIMARY KEY (`id`),
  KEY `quiz_privacy_streams_privacy_id_index` (`privacy_id`),
  KEY `quiz_privacy_streams_item_id_index` (`item_id`)
) ENGINE=InnoDB DEFAULT CHARSET=utf8mb4 COLLATE=utf8mb4_unicode_ci;

CREATE TABLE `quiz_questions` (
  `id` bigint(20) unsigned NOT NULL AUTO_INCREMENT,
  `quiz_id` bigint(20) unsigned NOT NULL,
  `ordering` smallint(5) unsigned NOT NULL DEFAULT 0,
  `question` varchar(255) NOT NULL,
  PRIMARY KEY (`id`),
  KEY `quiz_questions_quiz_id_index` (`quiz_id`)
) ENGINE=InnoDB DEFAULT CHARSET=utf8mb4 COLLATE=utf8mb4_unicode_ci;

CREATE TABLE `quiz_result_items` (
  `id` bigint(20) unsigned NOT NULL AUTO_INCREMENT,
  `result_id` bigint(20) unsigned NOT NULL,
  `question_id` bigint(20) unsigned NOT NULL,
  `answer_id` bigint(20) unsigned NOT NULL,
  `is_correct` tinyint(3) unsigned NOT NULL DEFAULT 0,
  PRIMARY KEY (`id`)
) ENGINE=InnoDB DEFAULT CHARSET=utf8mb4 COLLATE=utf8mb4_unicode_ci;

CREATE TABLE `quiz_results` (
  `id` bigint(20) unsigned NOT NULL AUTO_INCREMENT,
  `quiz_id` bigint(20) unsigned NOT NULL,
  `total_correct` int(10) unsigned NOT NULL DEFAULT 0,
  `user_id` bigint(20) unsigned NOT NULL,
  `user_type` varchar(255) NOT NULL,
  `created_at` timestamp NULL DEFAULT NULL,
  `updated_at` timestamp NULL DEFAULT NULL,
  PRIMARY KEY (`id`),
  KEY `quiz_results_user_id_index` (`user_id`),
  KEY `ix_quiz_results_user_morph` (`user_id`,`user_type`)
) ENGINE=InnoDB DEFAULT CHARSET=utf8mb4 COLLATE=utf8mb4_unicode_ci;

CREATE TABLE `quiz_tag_data` (
  `id` bigint(20) unsigned NOT NULL AUTO_INCREMENT,
  `item_id` bigint(20) unsigned NOT NULL,
  `tag_id` int(10) unsigned DEFAULT NULL,
  PRIMARY KEY (`id`),
  UNIQUE KEY `quiz_tag_data_item_id_tag_id_unique` (`item_id`,`tag_id`),
  KEY `quiz_tag_data_item_id_index` (`item_id`)
) ENGINE=InnoDB DEFAULT CHARSET=utf8mb4 COLLATE=utf8mb4_unicode_ci;

CREATE TABLE `quiz_text` (
  `id` bigint(20) unsigned NOT NULL,
  `text` mediumtext NOT NULL,
  `text_parsed` mediumtext NOT NULL,
  PRIMARY KEY (`id`)
) ENGINE=InnoDB DEFAULT CHARSET=utf8mb4 COLLATE=utf8mb4_unicode_ci;

CREATE TABLE `quizzes` (
  `id` bigint(20) unsigned NOT NULL AUTO_INCREMENT,
  `view_id` tinyint(3) unsigned NOT NULL DEFAULT 0,
  `user_id` bigint(20) unsigned NOT NULL,
  `user_type` varchar(255) NOT NULL,
  `owner_id` bigint(20) unsigned NOT NULL,
  `owner_type` varchar(255) NOT NULL,
  `privacy` tinyint(3) unsigned NOT NULL DEFAULT 0,
  `title` varchar(255) NOT NULL,
  `image_file_id` bigint(20) unsigned DEFAULT NULL,
  `total_comment` int(10) unsigned NOT NULL DEFAULT 0,
  `total_reply` int(10) unsigned NOT NULL DEFAULT 0,
  `total_like` int(10) unsigned NOT NULL DEFAULT 0,
  `total_share` int(10) unsigned NOT NULL DEFAULT 0,
  `total_view` int(10) unsigned NOT NULL DEFAULT 0,
  `total_attachment` int(10) unsigned NOT NULL DEFAULT 0,
  `total_play` int(10) unsigned NOT NULL DEFAULT 0,
  `is_approved` tinyint(3) unsigned NOT NULL DEFAULT 1,
  `is_featured` tinyint(3) unsigned NOT NULL DEFAULT 0,
  `featured_at` timestamp NULL DEFAULT NULL,
  `is_sponsor` tinyint(3) unsigned NOT NULL DEFAULT 0,
  `sponsor_in_feed` tinyint(3) unsigned NOT NULL DEFAULT 0,
  `created_at` timestamp NULL DEFAULT NULL,
  `updated_at` timestamp NULL DEFAULT NULL,
  `total_pending_comment` int(10) unsigned NOT NULL DEFAULT 0,
  `total_pending_reply` int(10) unsigned NOT NULL DEFAULT 0,
  PRIMARY KEY (`id`),
  KEY `quizzes_user_id_index` (`user_id`),
  KEY `ix_quizzes_user_morph` (`user_id`,`user_type`),
  KEY `quizzes_owner_id_index` (`owner_id`),
  KEY `ix_quizzes_owner_morph` (`owner_id`,`owner_type`),
  KEY `quizzes_view_id_index` (`view_id`),
  KEY `quizzes_privacy_index` (`privacy`),
  KEY `quizzes_is_approved_index` (`is_approved`),
  KEY `quizzes_is_featured_index` (`is_featured`),
  KEY `quizzes_is_sponsor_index` (`is_sponsor`)
) ENGINE=InnoDB DEFAULT CHARSET=utf8mb4 COLLATE=utf8mb4_unicode_ci;

CREATE TABLE `report_item_aggregate` (
  `id` bigint(20) unsigned NOT NULL AUTO_INCREMENT,
  `item_id` bigint(20) unsigned NOT NULL,
  `item_type` varchar(255) NOT NULL,
  `last_user_id` bigint(20) unsigned NOT NULL,
  `last_user_type` varchar(255) NOT NULL,
  `total_reports` int(10) unsigned NOT NULL DEFAULT 0,
  `created_at` timestamp NULL DEFAULT NULL,
  `updated_at` timestamp NULL DEFAULT NULL,
  PRIMARY KEY (`id`),
  KEY `report_item_aggregate_item_id_index` (`item_id`),
  KEY `ix_report_item_aggregate_item_morph` (`item_id`,`item_type`),
  KEY `report_item_aggregate_last_user_id_index` (`last_user_id`),
  KEY `ix_report_item_aggregate_last_user_morph` (`last_user_id`,`last_user_type`)
) ENGINE=InnoDB DEFAULT CHARSET=utf8mb4 COLLATE=utf8mb4_unicode_ci;

CREATE TABLE `report_items` (
  `id` bigint(20) unsigned NOT NULL AUTO_INCREMENT,
  `user_id` bigint(20) unsigned NOT NULL,
  `user_type` varchar(255) NOT NULL,
  `item_id` bigint(20) unsigned NOT NULL,
  `item_type` varchar(255) NOT NULL,
  `reason_id` int(10) unsigned DEFAULT NULL,
  `ip_address` varchar(50) DEFAULT NULL,
  `feedback` mediumtext DEFAULT NULL,
  `created_at` timestamp NULL DEFAULT NULL,
  `updated_at` timestamp NULL DEFAULT NULL,
  PRIMARY KEY (`id`),
  KEY `report_items_user_id_index` (`user_id`),
  KEY `ix_report_items_user_morph` (`user_id`,`user_type`),
  KEY `report_items_item_id_index` (`item_id`),
  KEY `ix_report_items_item_morph` (`item_id`,`item_type`)
) ENGINE=InnoDB DEFAULT CHARSET=utf8mb4 COLLATE=utf8mb4_unicode_ci;

CREATE TABLE `report_owner_users` (
  `id` bigint(20) unsigned NOT NULL AUTO_INCREMENT,
  `user_id` bigint(20) unsigned NOT NULL,
  `user_type` varchar(255) NOT NULL,
  `report_id` int(10) unsigned NOT NULL,
  `reason_id` int(10) unsigned DEFAULT NULL,
  `ip_address` varchar(50) DEFAULT NULL,
  `feedback` mediumtext DEFAULT NULL,
  `created_at` timestamp NULL DEFAULT NULL,
  `updated_at` timestamp NULL DEFAULT NULL,
  PRIMARY KEY (`id`),
  KEY `report_owner_users_user_id_index` (`user_id`),
  KEY `ix_report_owner_users_user_morph` (`user_id`,`user_type`)
) ENGINE=InnoDB DEFAULT CHARSET=utf8mb4 COLLATE=utf8mb4_unicode_ci;

CREATE TABLE `report_owners` (
  `id` bigint(20) unsigned NOT NULL AUTO_INCREMENT,
  `item_id` bigint(20) unsigned NOT NULL,
  `item_type` varchar(255) NOT NULL,
  `owner_id` bigint(20) unsigned NOT NULL,
  `owner_type` varchar(255) NOT NULL,
  `total_report` int(10) unsigned NOT NULL DEFAULT 0,
  `created_at` timestamp NULL DEFAULT NULL,
  `updated_at` timestamp NULL DEFAULT NULL,
  PRIMARY KEY (`id`),
  KEY `report_owners_item_id_index` (`item_id`),
  KEY `ix_report_owners_item_morph` (`item_id`,`item_type`),
  KEY `report_owners_owner_id_index` (`owner_id`),
  KEY `ix_report_owners_owner_morph` (`owner_id`,`owner_type`)
) ENGINE=InnoDB DEFAULT CHARSET=utf8mb4 COLLATE=utf8mb4_unicode_ci;

CREATE TABLE `report_reasons` (
  `id` int(10) unsigned NOT NULL AUTO_INCREMENT,
  `name` varchar(255) NOT NULL,
  `is_default` tinyint(1) NOT NULL DEFAULT 0,
  `ordering` int(10) unsigned NOT NULL DEFAULT 0,
  `created_at` timestamp NULL DEFAULT NULL,
  `updated_at` timestamp NULL DEFAULT NULL,
  PRIMARY KEY (`id`)
) ENGINE=InnoDB AUTO_INCREMENT=2 DEFAULT CHARSET=utf8mb4 COLLATE=utf8mb4_unicode_ci;

INSERT INTO `report_reasons` VALUES
(1,'report::phrase.other_reason_title',1,0,'2024-11-30 12:58:21','2024-11-30 12:58:21');
CREATE TABLE `save_list_item_views` (
  `list_id` bigint(20) DEFAULT NULL,
  `user_id` bigint(20) NOT NULL,
  `saved_id` bigint(20) NOT NULL,
  KEY `save_list_saved_users` (`saved_id`,`user_id`),
  KEY `save_list_item_views_list_id_index` (`list_id`),
  KEY `save_list_item_views_user_id_index` (`user_id`),
  KEY `save_list_item_views_saved_id_index` (`saved_id`)
) ENGINE=InnoDB DEFAULT CHARSET=utf8mb4 COLLATE=utf8mb4_unicode_ci;

CREATE TABLE `saved_aggregations` (
  `id` bigint(20) unsigned NOT NULL AUTO_INCREMENT,
  `user_id` bigint(20) unsigned NOT NULL,
  `user_type` varchar(255) NOT NULL,
  `item_type` varchar(255) NOT NULL,
  `total_saved` int(10) unsigned NOT NULL DEFAULT 1,
  PRIMARY KEY (`id`),
  UNIQUE KEY `saved_aggregations_user_id_user_type_item_type_unique` (`user_id`,`user_type`,`item_type`),
  KEY `saved_aggregations_user_id_index` (`user_id`),
  KEY `ix_saved_aggregations_user_morph` (`user_id`,`user_type`)
) ENGINE=InnoDB DEFAULT CHARSET=utf8mb4 COLLATE=utf8mb4_unicode_ci;

CREATE TABLE `saved_items` (
  `id` bigint(20) unsigned NOT NULL AUTO_INCREMENT,
  `user_id` bigint(20) unsigned NOT NULL,
  `user_type` varchar(255) NOT NULL,
  `item_id` bigint(20) unsigned NOT NULL,
  `item_type` varchar(255) NOT NULL,
  `is_opened` tinyint(3) unsigned NOT NULL DEFAULT 0,
  `created_at` timestamp NULL DEFAULT NULL,
  `updated_at` timestamp NULL DEFAULT NULL,
  PRIMARY KEY (`id`),
  KEY `saved_items_user_id_index` (`user_id`),
  KEY `ix_saved_items_user_morph` (`user_id`,`user_type`),
  KEY `saved_items_item_id_index` (`item_id`),
  KEY `ix_saved_items_item_morph` (`item_id`,`item_type`)
) ENGINE=InnoDB DEFAULT CHARSET=utf8mb4 COLLATE=utf8mb4_unicode_ci;

CREATE TABLE `saved_list_data` (
  `id` bigint(20) unsigned NOT NULL AUTO_INCREMENT,
  `list_id` bigint(20) unsigned NOT NULL,
  `saved_id` bigint(20) unsigned NOT NULL,
  PRIMARY KEY (`id`)
) ENGINE=InnoDB DEFAULT CHARSET=utf8mb4 COLLATE=utf8mb4_unicode_ci;

CREATE TABLE `saved_list_members` (
  `list_id` bigint(20) NOT NULL,
  `user_id` bigint(20) NOT NULL,
  `id` bigint(20) unsigned NOT NULL AUTO_INCREMENT,
  `user_type` varchar(255) NOT NULL DEFAULT 'user',
  PRIMARY KEY (`id`),
  UNIQUE KEY `saved_list_members_list_id_user_id_unique` (`list_id`,`user_id`),
  KEY `saved_list_members_user_id_index` (`user_id`),
  KEY `ix_saved_list_members_user_morph` (`user_id`,`user_type`)
) ENGINE=InnoDB DEFAULT CHARSET=utf8mb4 COLLATE=utf8mb4_unicode_ci;

CREATE TABLE `saved_lists` (
  `id` bigint(20) unsigned NOT NULL AUTO_INCREMENT,
  `user_id` bigint(20) unsigned NOT NULL,
  `user_type` varchar(255) NOT NULL,
  `name` varchar(255) NOT NULL,
  `saved_id` bigint(20) unsigned NOT NULL DEFAULT 0,
  `created_at` timestamp NULL DEFAULT NULL,
  `updated_at` timestamp NULL DEFAULT NULL,
  `privacy` tinyint(3) unsigned NOT NULL DEFAULT 0,
  `item_added_at` timestamp NULL DEFAULT NULL,
  PRIMARY KEY (`id`),
  KEY `saved_lists_user_id_index` (`user_id`),
  KEY `ix_saved_lists_user_morph` (`user_id`,`user_type`),
  KEY `saved_lists_privacy_index` (`privacy`)
) ENGINE=InnoDB DEFAULT CHARSET=utf8mb4 COLLATE=utf8mb4_unicode_ci;

CREATE TABLE `saved_search_items` (
  `id` bigint(20) unsigned NOT NULL AUTO_INCREMENT,
  `title` text NOT NULL,
  `item_id` bigint(20) unsigned NOT NULL,
  `item_type` varchar(255) NOT NULL,
  PRIMARY KEY (`id`),
  KEY `saved_search_items_item_id_index` (`item_id`),
  KEY `ix_saved_search_items_item_morph` (`item_id`,`item_type`)
) ENGINE=InnoDB AUTO_INCREMENT=14 DEFAULT CHARSET=utf8mb4 COLLATE=utf8mb4_unicode_ci;

INSERT INTO `saved_search_items` VALUES
(1,'Shab e Barat 2025',2,'feed'),
(2,'Shab e Barat 2025',4,'event'),
(3,'Hosting92 Ltd\'s Cover Photos',1,'photo_album'),
(4,'IMG_5653.jpeg',3,'feed'),
(5,'IMG_5653.jpeg',1,'photo'),
(6,'Which Party you support ?',4,'feed'),
(7,'Which Party you support ?',1,'poll'),
(8,'Ainab\'s Cover Photos',2,'photo_album'),
(9,'IMG_5653.jpeg',5,'feed'),
(10,'IMG_5653.jpeg',2,'photo'),
(11,'Ainab\'s Profile Pictures',3,'photo_album'),
(12,'IMG_5653.jpeg',6,'feed'),
(13,'IMG_5653.jpeg',3,'photo');
CREATE TABLE `search_hashtag_statistics` (
  `id` bigint(20) unsigned NOT NULL AUTO_INCREMENT,
  `tag_id` bigint(20) unsigned NOT NULL,
  `total_item` bigint(20) unsigned NOT NULL DEFAULT 0,
  PRIMARY KEY (`id`),
  UNIQUE KEY `search_hashtag_statistics_tag_id_unique` (`tag_id`)
) ENGINE=InnoDB DEFAULT CHARSET=utf8mb4 COLLATE=utf8mb4_unicode_ci;

CREATE TABLE `search_items` (
  `id` bigint(20) unsigned NOT NULL AUTO_INCREMENT,
  `user_id` bigint(20) unsigned NOT NULL,
  `user_type` varchar(255) NOT NULL,
  `owner_id` bigint(20) unsigned NOT NULL,
  `owner_type` varchar(255) NOT NULL,
  `item_id` bigint(20) unsigned NOT NULL,
  `item_type` varchar(255) NOT NULL,
  `privacy` tinyint(3) unsigned NOT NULL DEFAULT 0,
  `title` mediumtext NOT NULL,
  `text` mediumtext NOT NULL,
  `created_at` timestamp NULL DEFAULT NULL,
  `updated_at` timestamp NULL DEFAULT NULL,
  `status` varchar(15) NOT NULL DEFAULT 'viewable',
  PRIMARY KEY (`id`),
  UNIQUE KEY `item_privacy` (`item_id`,`item_type`,`privacy`),
  KEY `search_items_user_id_index` (`user_id`),
  KEY `ix_search_items_user_morph` (`user_id`,`user_type`),
  KEY `search_items_owner_id_index` (`owner_id`),
  KEY `ix_search_items_owner_morph` (`owner_id`,`owner_type`),
  KEY `search_items_item_id_index` (`item_id`),
  KEY `ix_search_items_item_morph` (`item_id`,`item_type`),
  KEY `search_items_privacy_index` (`privacy`),
  KEY `si_status` (`status`),
  FULLTEXT KEY `title` (`title`,`text`)
) ENGINE=InnoDB AUTO_INCREMENT=32 DEFAULT CHARSET=utf8mb4 COLLATE=utf8mb4_unicode_ci;

INSERT INTO `search_items` VALUES
(2,2,'user',2,'user',2,'user',0,'Nabil','Nabil','2024-11-30 13:28:25','2024-11-30 13:28:25','viewable'),
(5,1,'user',1,'user',1,'user',0,'Ainab','Ainab','2024-11-30 12:59:13','2024-11-30 19:13:49','viewable'),
(13,1,'user',1,'user',4,'event',0,'Shab e Barat 2025','<p class=\"editor-paragraph\" dir=\"ltr\" style=\"text-align: left;\"><span style=\"white-space: pre-wrap;\">In the name of Allah, Most Gracious, Most Merciful</span></p><h2 class=\"editor-heading-h2\" style=\"text-align: left;\"><br></h2><h2 class=\"editor-heading-h2\" dir=\"ltr\" style=\"text-align: left;\"><b><strong class=\"editor-text-bold\" style=\"font-weight: 700; white-space: pre-wrap;\">When is Shab-e-Barat 2025?</strong></b></h2><p class=\"editor-paragraph\" dir=\"ltr\" style=\"text-align: left;\"><span style=\"white-space: pre-wrap;\">This year, Shab e Barat 2025 is&nbsp;expected to be on the night of</span><b><strong class=\"editor-text-bold\" style=\"font-weight: 700; white-space: pre-wrap;\">&nbsp;</strong></b><u><b><strong class=\"editor-text-bold editor-text-underline\" style=\"font-weight: 700; white-space: pre-wrap;\">Sunday, February 25, 2025</strong></b></u><span style=\"white-space: pre-wrap;\">. However, the exact date is subject to the sighting of the moon of Shaban, 1446.</span></p><h2 class=\"editor-heading-h2\" style=\"text-align: left;\"><br></h2><h2 class=\"editor-heading-h2\" dir=\"ltr\" style=\"text-align: left;\"><b><strong class=\"editor-text-bold\" style=\"font-weight: 700; white-space: pre-wrap;\">What is Shab-e-Barat?</strong></b></h2><p class=\"editor-paragraph\" dir=\"ltr\" style=\"text-align: left;\"><span style=\"white-space: pre-wrap;\">Shab e Barat is an important night in the&nbsp;</span><u><b><strong class=\"editor-text-bold editor-text-underline\" style=\"font-weight: 700; white-space: pre-wrap;\">Islamic calendar</strong></b></u><span style=\"white-space: pre-wrap;\">&nbsp;and it is celebrated in the mid of Shaban (on the night in between the 14th and 15th of Shaban). This is the reason why it is called Nisf Shaban. This blessed night starts at sunset on the 14th of Shaban and ends at dawn on the 15th of Shaban.</span></p><p class=\"editor-paragraph\" style=\"text-align: left;\"><br></p><p class=\"editor-paragraph\" dir=\"ltr\" style=\"text-align: left;\"><span style=\"white-space: pre-wrap;\">Different countries have different ways of celebrating this day and each has a different name for it. Nisf Shaban is known as Shab e Barat or Shabe Barat&nbsp;in South Asia, especially in Sub-continent, Lailatul Barat in Arabic, Nisfu Syaban (Malam Nisfu Syaban) in Indonesia and Malaysia and Berat Kandili in Turkey.&nbsp;</span></p><p class=\"editor-paragraph\" style=\"text-align: left;\"><br></p><p class=\"editor-paragraph\" dir=\"ltr\" style=\"text-align: left;\"><span style=\"white-space: pre-wrap;\">Shab e Barat is a night that many Muslims revere as the night of forgiveness, praying the whole night asking Allah to bestow them with His blessings.</span></p><h2 class=\"editor-heading-h2\" style=\"text-align: left;\"><br></h2><h2 class=\"editor-heading-h2\" dir=\"ltr\" style=\"text-align: left;\"><b><strong class=\"editor-text-bold\" style=\"font-weight: 700; white-space: pre-wrap;\">The Month of Shaban</strong></b></h2><p class=\"editor-paragraph\" dir=\"ltr\" style=\"text-align: left;\"><span style=\"white-space: pre-wrap;\">Shaban is the 8th month of the Islamic Calendar. It is a month of blessings and asking Allah for forgiveness. The same is also evident from the following Hadiths about this blessed month:</span></p><p class=\"editor-paragraph\" style=\"text-align: left;\"><br></p><p class=\"editor-paragraph\" dir=\"ltr\" style=\"text-align: left;\"><u><b><strong class=\"editor-text-bold editor-text-underline\" style=\"font-weight: 700; white-space: pre-wrap;\">Aishah bint Abu Bakr (R.A.)</strong></b></u><span style=\"white-space: pre-wrap;\">&nbsp;reported that:</span></p><p class=\"editor-paragraph\" style=\"text-align: left;\"><br></p><blockquote class=\"editor-quote\" dir=\"ltr\" style=\"text-align: left;\"><b><strong class=\"editor-text-bold\" style=\"font-weight: 700; white-space: pre-wrap;\">\"The Messenger of Allah did not fast in any month of the year more than he did in Shaban. He used to fast all of Shaban.\" (An-Nasai: 2180)</strong></b></blockquote><p class=\"editor-paragraph\" style=\"text-align: left;\"><br></p><p class=\"editor-paragraph\" dir=\"ltr\" style=\"text-align: left;\"><span style=\"white-space: pre-wrap;\">Our beloved Prophet (S.A.W.) used to fast all days during this month. This fact clearly shows the virtues and importance of the month of Shaban.</span></p>','2024-12-01 01:01:45','2024-12-01 15:56:09','viewable'),
(17,1,'user',3,'group',3,'feed',0,'','','2024-12-01 16:58:54','2024-12-01 16:58:54','viewable'),
(18,1,'user',3,'group',1,'photo',0,'IMG_5653.jpeg','','2024-12-01 16:58:54','2024-12-01 16:58:54','viewable'),
(19,1,'user',3,'group',3,'group',0,'Hosting92 Ltd','<p class=\"editor-paragraph\" dir=\"ltr\"><span style=\"white-space: pre-wrap;\">Cheap affordable Vps shared Dedicated Hosting</span></p>','2024-12-01 00:49:59','2024-12-01 16:58:54','viewable'),
(23,1,'user',1,'user',1,'poll',0,'Which Party you support ?','','2024-12-01 17:12:43','2024-12-01 17:12:43','viewable'),
(25,1,'user',1,'user',4,'feed',0,'','','2024-12-01 17:12:43','2024-12-01 17:12:43','viewable'),
(26,1,'user',1,'user',2,'photo',0,'IMG_5653.jpeg','','2024-12-01 17:19:32','2024-12-01 17:19:32','viewable'),
(28,1,'user',1,'user',5,'feed',0,'','','2024-12-01 17:19:32','2024-12-01 17:19:32','viewable'),
(29,1,'user',1,'user',3,'photo',0,'IMG_5653.jpeg','','2024-12-01 17:21:57','2024-12-01 17:21:57','viewable'),
(31,1,'user',1,'user',6,'feed',0,'','','2024-12-01 17:21:57','2024-12-01 17:21:57','viewable');
CREATE TABLE `search_network_streams` (
  `id` bigint(20) unsigned NOT NULL AUTO_INCREMENT,
  `network_id` bigint(20) unsigned NOT NULL,
  `item_id` bigint(20) unsigned NOT NULL,
  PRIMARY KEY (`id`),
  KEY `search_network_streams_network_id_index` (`network_id`),
  KEY `search_network_streams_item_id_index` (`item_id`)
) ENGINE=InnoDB DEFAULT CHARSET=utf8mb4 COLLATE=utf8mb4_unicode_ci;

CREATE TABLE `search_privacy_streams` (
  `id` bigint(20) unsigned NOT NULL AUTO_INCREMENT,
  `privacy_id` bigint(20) unsigned NOT NULL,
  `item_id` bigint(20) unsigned NOT NULL,
  PRIMARY KEY (`id`),
  KEY `search_privacy_streams_privacy_id_index` (`privacy_id`),
  KEY `search_privacy_streams_item_id_index` (`item_id`)
) ENGINE=InnoDB AUTO_INCREMENT=32 DEFAULT CHARSET=utf8mb4 COLLATE=utf8mb4_unicode_ci;

INSERT INTO `search_privacy_streams` VALUES
(2,1,2),
(5,1,5),
(13,1,13),
(17,1,17),
(18,1,18),
(19,1,19),
(23,1,23),
(25,1,25),
(26,1,26),
(28,1,28),
(29,1,29),
(31,1,31);
CREATE TABLE `search_tag_data` (
  `id` bigint(20) unsigned NOT NULL AUTO_INCREMENT,
  `item_id` bigint(20) unsigned NOT NULL,
  `tag_id` int(10) unsigned NOT NULL,
  PRIMARY KEY (`id`),
  UNIQUE KEY `item_id_tag_id` (`item_id`,`tag_id`),
  KEY `search_tag_data_item_id_index` (`item_id`),
  KEY `search_tag_data_tag_id_index` (`tag_id`)
) ENGINE=InnoDB DEFAULT CHARSET=utf8mb4 COLLATE=utf8mb4_unicode_ci;

CREATE TABLE `search_types` (
  `id` bigint(20) unsigned NOT NULL AUTO_INCREMENT,
  `type` varchar(255) NOT NULL,
  `module_id` varchar(255) DEFAULT NULL,
  `package_id` varchar(255) DEFAULT NULL,
  `entity_type` varchar(255) DEFAULT NULL,
  `title` varchar(255) NOT NULL,
  `description` mediumtext DEFAULT NULL,
  `is_active` int(10) unsigned NOT NULL DEFAULT 1,
  `system_value` int(10) unsigned NOT NULL DEFAULT 0,
  `is_system` int(10) unsigned NOT NULL DEFAULT 1,
  `params` text DEFAULT NULL,
  PRIMARY KEY (`id`),
  UNIQUE KEY `search_types_type_unique` (`type`),
  KEY `search_types_module_id_index` (`module_id`),
  KEY `search_types_package_id_index` (`package_id`),
  KEY `search_types_entity_type_index` (`entity_type`)
) ENGINE=InnoDB DEFAULT CHARSET=utf8mb4 COLLATE=utf8mb4_unicode_ci;

CREATE TABLE `sessions` (
  `id` varchar(255) NOT NULL,
  `user_id` bigint(20) unsigned DEFAULT NULL,
  `ip_address` varchar(45) DEFAULT NULL,
  `user_agent` text DEFAULT NULL,
  `payload` text NOT NULL,
  `last_activity` int(11) NOT NULL,
  PRIMARY KEY (`id`),
  KEY `sessions_user_id_index` (`user_id`),
  KEY `sessions_last_activity_index` (`last_activity`)
) ENGINE=InnoDB DEFAULT CHARSET=utf8mb4 COLLATE=utf8mb4_unicode_ci;

CREATE TABLE `social_accounts` (
  `id` bigint(20) unsigned NOT NULL AUTO_INCREMENT,
  `provider_user_id` varchar(255) NOT NULL,
  `provider` varchar(255) NOT NULL,
  `user_id` varchar(255) DEFAULT NULL,
  `created_at` timestamp NULL DEFAULT NULL,
  `updated_at` timestamp NULL DEFAULT NULL,
  `extra` mediumtext DEFAULT NULL,
  `hash` varchar(255) DEFAULT NULL,
  `hash_expired_at` timestamp NULL DEFAULT NULL,
  PRIMARY KEY (`id`),
  UNIQUE KEY `social_accounts_hash_unique` (`hash`),
  KEY `social_accounts_provider_user_id_index` (`provider_user_id`),
  KEY `social_accounts_user_id_index` (`user_id`)
) ENGINE=InnoDB DEFAULT CHARSET=utf8mb4 COLLATE=utf8mb4_unicode_ci;

CREATE TABLE `static_page_contents` (
  `id` bigint(20) unsigned NOT NULL AUTO_INCREMENT,
  `static_page_id` bigint(20) unsigned NOT NULL,
  `text` mediumtext NOT NULL,
  `locale` varchar(10) NOT NULL,
  `created_at` timestamp NULL DEFAULT NULL,
  `updated_at` timestamp NULL DEFAULT NULL,
  PRIMARY KEY (`id`),
  UNIQUE KEY `static_page_unique` (`static_page_id`,`locale`)
) ENGINE=InnoDB AUTO_INCREMENT=3 DEFAULT CHARSET=utf8mb4 COLLATE=utf8mb4_unicode_ci;

INSERT INTO `static_page_contents` VALUES
(1,1,'<h1>Term of Use</h1>\n        <p>phpFox V5 Demos follows the relevant legal requirements and takes all reasonable precautions to safeguard personal\n            information.</p>\n        <h2>INTRODUCTION</h2>\n        <p>phpFox V5 Demo is mainly for demo purpose of phpFox product. We are not responsible for any your personal data added\n            on this site. Information about visitors to the phpFox V5 Demo website domain is automatically logged for the\n            purposes of site functionalities in your visit session. Such information includes the IP address from which you\n            visit, referral address, and other technical information such as browser type and operating system.</p>\n        <p>We will not distribute, sell, trade or rent your personal information to third parties or use info for marketing\n            purpose. All added data will be cleaned up daily and only sample data is kept.</p>\n        <p>Individuals have the right to have their data \'erased\' in certain specified situations as well as a contact\n            information on who users may contact to exercise the rights to deletion.</p>\n        <p>We are constantly updating product and service offerings on the phpFox V5 Demos. We may experience delays in updating\n            information on the phpFox V5 Demos and in our advertising on other web sites. The information found on the phpFox V5\n            Demos may contain errors or inaccuracies and may not be complete or current. We cannot guarantee the accuracy or\n            completeness of any information found on the phpFox V5 Demos.</p>\n        <p>We therefore reserve the right to change or update information and to correct errors, inaccuracies, or omissions at\n            any time without prior notice.</p>\n        <h2>WHAT YOU CAN SHARE AND DO ON PHPFOX V5</h2>\n        <p>We want people to use phpFox V5 Demos to experience the functionalities of phpFox products themselves. People can\n            share content, but not at the expense of the safety and well-being of others or the integrity of our community. You,\n            therefore, agree not to use our Products to do or share anything below (or to facilitate or support others in doing\n            so):</p>\n        <ul>\n            <li>That is unlawful, misleading, discriminatory, or fraudulent.</li>\n            <li>That infringes or violates someone else\'s rights, including their intellectual property rights.</li>\n            <li>You may not upload viruses or malicious code, or do anything that could disable, overburden or impair the proper\n                working or appearance of our Products.</li>\n            <li>You may not access or collect data from our Products using automated means (without our prior permission) or\n                attempt to access data that you do not have permission to access.</li>\n        </ul>\n        <p>We can remove or restrict access to content that is in violation of these provisions.</p>\n        <p>If we remove content that you have shared in violation of our Community Standards, we\'ll let you know and explain any\n            options you have to request another review, unless you seriously or repeatedly violate these Terms or if doing so\n            may expose us or others to legal liability; harm our community of users; compromise or interfere with the integrity\n            or operation of any of our services, systems or Products; where we are restricted due to technical limitations; or\n            where we are prohibited from doing so for legal reasons.</p>\n        <p>To help support our community, we encourage you to report content or conduct that you believe violates your rights\n            (including intellectual property rights) or our terms and policies.</p>\n        <p>We also can remove or restrict access to your content, services, or information if we determine that doing so is\n            reasonably necessary to avoid or mitigate adverse legal or regulatory impacts to phpFox V5 Demos.</p>','en','2024-11-30 12:58:29','2024-11-30 12:58:29'),
(2,2,'<h1>Privacy Policy</h1>\n        <p>phpFox V5 Demos follows the relevant legal requirements and takes all reasonable precautions to safeguard personal\n            information.</p>\n        <h2>INTRODUCTION</h2>\n        <p>phpFox V5 Demo is mainly for demo purpose of phpFox product. We are not responsible for any your personal data added\n            on this site. All added data will be cleaned up daily and only sample data is kept.</p>\n        <p>We will not distribute, sell, trade or rent your personal information to third parties or use info for marketing\n            purpose. All added data will be cleaned up daily and only sample data is kept.</p>\n        <p>Information about visitors to the phpFox V5 Demo website domain is automatically logged for the purposes of site\n            functionalities in your visit session. Such information includes the IP address from which you visit, referral\n            address, and other technical information such as browser type and operating system.</p>\n        <p>We will not distribute, sell, trade or rent your personal information to third parties or use info for marketing\n            purpose. All added data will be cleaned up daily and only sample data is kept.</p>\n        <p>Individuals have the right to have their data \'erased\' in certain specified situations as well as a contact\n            information on who users may contact to exercise the rights to deletion.</p>\n        <h2>HOW WE PROTECT DATA</h2>\n        <p>We employ a variety of physical and technical measures to keep your data safe and to prevent unauthorised access to,\n            or use or disclosure of your personal information.</p>\n        <p>Electronic data and databases are stored on secure computer systems and we control who has access to information\n            (using both physical and electronic means). Our staff receive data protection training and we have a set of detailed\n            data protection procedures which personnel are required to follow when handling personal data. How long we store\n            information</p>\n        <p>We will only use and store information for so long as it is required for the purposes it was collected for. All added\n            data will be cleaned up daily and only sample data is kept.</p>\n        <h2>COOKIES AND LINKS TO OTHER SITES</h2>\n        <p>Cookies</p>\n        <p>We use cookies on our website. Cookies files are downloaded to a device when certain websites are accessed by users,\n            allowing the website to identify that user on subsequent visits.</p>\n        <p>The only cookies in use on our site are for Google Analytics. Google Analytics are tools employed by organisations to\n            help them understand how visitors engage with their website, so improvements can be made. Google Analytics collects\n            information anonymously - and reports overall trends, without disclosing information on individual visitors. By\n            using our site you are consenting to saving and sending us this data. You can opt out of Google Analytics - which\n            will not affect how you visit our site. Further information on this can be found here: <a\n                href=\"https://tools.google.com/dlpage/gaoptout\" target=\"_self\">https://tools.google.com/dlpage/gaoptout</a></p>\n        <p>Our website uses local storage strictly for system administration to provide you with the best possible experience -\n            used in order to create reports relating to web traffic and user preferences. This includes: your IP address;\n            details of which web browser or operating system was used; and information on how you use the site.</p>\n        <p>Links to other sites</p>\n        <p>Our website contains hyperlinks to many other websites. We are not responsible for the content or functionality of\n            any of those external websites.</p>\n        <p>If an external website requests personal information from you (e.g. in connection with an order for goods or\n            services), the information you provide will not be covered by the Demos\' Privacy Policy. We suggest you read the\n            privacy policy of any website before providing any personal information.</p>\n        <h2>CHANGES TO THIS PRIVACY POLICY</h2>\n        <p>We\'ll amend this Privacy Policy from time to time to ensure it remains up-to-date and accurately reflects how and why\n            we use your personal data. The current version of our Privacy Policy will always be posted on our website.</p>','en','2024-11-30 12:58:29','2024-11-30 12:58:29');
CREATE TABLE `static_pages` (
  `id` bigint(20) unsigned NOT NULL AUTO_INCREMENT,
  `user_id` bigint(20) unsigned NOT NULL,
  `user_type` varchar(255) NOT NULL,
  `owner_id` bigint(20) unsigned NOT NULL,
  `owner_type` varchar(255) NOT NULL,
  `module_id` varchar(255) DEFAULT NULL,
  `package_id` varchar(255) DEFAULT NULL,
  `is_active` tinyint(1) NOT NULL DEFAULT 0,
  `is_phrase` tinyint(1) NOT NULL DEFAULT 0,
  `parse_php` tinyint(1) NOT NULL DEFAULT 0,
  `has_bookmark` tinyint(1) NOT NULL DEFAULT 0,
  `full_size` tinyint(1) NOT NULL DEFAULT 1,
  `title` mediumtext NOT NULL,
  `slug` varchar(200) NOT NULL,
  `total_like` int(10) unsigned NOT NULL DEFAULT 0,
  `total_comment` int(10) unsigned NOT NULL DEFAULT 0,
  `total_share` int(10) unsigned NOT NULL DEFAULT 0,
  `total_view` int(10) unsigned NOT NULL DEFAULT 0,
  `total_tag` int(10) unsigned NOT NULL DEFAULT 0,
  `total_attachment` int(10) unsigned NOT NULL DEFAULT 0,
  `disallow_access` mediumtext NOT NULL,
  `created_at` timestamp NULL DEFAULT NULL,
  `updated_at` timestamp NULL DEFAULT NULL,
  PRIMARY KEY (`id`),
  KEY `static_pages_user_id_index` (`user_id`),
  KEY `ix_static_pages_user_morph` (`user_id`,`user_type`),
  KEY `static_pages_owner_id_index` (`owner_id`),
  KEY `ix_static_pages_owner_morph` (`owner_id`,`owner_type`),
  KEY `static_pages_slug_index` (`slug`),
  KEY `static_pages_module_id_index` (`module_id`),
  KEY `static_pages_package_id_index` (`package_id`)
) ENGINE=InnoDB AUTO_INCREMENT=3 DEFAULT CHARSET=utf8mb4 COLLATE=utf8mb4_unicode_ci;

INSERT INTO `static_pages` VALUES
(1,1,'user',1,'user','core',NULL,1,0,0,0,1,'Term of Uses','term-of-use',0,0,0,0,0,0,'','2024-11-30 12:58:29','2024-11-30 12:58:29'),
(2,1,'user',1,'user','core',NULL,1,0,0,0,1,'Privacy','policy',0,0,0,0,0,0,'','2024-11-30 12:58:29','2024-11-30 12:58:29');
CREATE TABLE `stats_content_types` (
  `id` bigint(20) unsigned NOT NULL AUTO_INCREMENT,
  `name` varchar(255) NOT NULL,
  `icon` varchar(255) DEFAULT NULL,
  `to` varchar(255) DEFAULT NULL,
  `ordering` int(11) NOT NULL DEFAULT 0,
  `is_modified` tinyint(3) unsigned NOT NULL DEFAULT 0,
  `created_at` timestamp NULL DEFAULT NULL,
  `updated_at` timestamp NULL DEFAULT NULL,
  PRIMARY KEY (`id`),
  UNIQUE KEY `stats_content_name_idx` (`name`),
  KEY `stats_content_types_is_modified_index` (`is_modified`)
) ENGINE=InnoDB AUTO_INCREMENT=61 DEFAULT CHARSET=utf8mb4 COLLATE=utf8mb4_unicode_ci;

INSERT INTO `stats_content_types` VALUES
(1,'user','ico-user1-three',NULL,0,0,'2024-11-30 12:58:53','2025-01-01 19:25:39'),
(2,'online_user','ico-user1-check','/admincp/user/user/browse?status=online',0,0,'2024-11-30 12:58:53','2025-01-01 19:25:39'),
(3,'pending_user','ico-user1-clock','/admincp/user/user/browse?status=pending_approval',0,0,'2024-11-30 12:58:53','2025-01-01 19:25:39'),
(4,'ewallet_withdraw_request','ico-money-bag',NULL,0,0,'2024-11-30 12:58:53','2025-01-01 19:25:39'),
(5,'photo','ico-photos-alt-o',NULL,0,0,'2024-11-30 12:58:53','2025-01-01 19:25:39'),
(6,'photo_album','ico-photos',NULL,0,0,'2024-11-30 12:58:53','2025-01-01 19:25:39'),
(7,'pending_photo','ico-clock-o','/photo/pending',0,0,'2024-11-30 12:58:53','2025-01-01 19:25:39'),
(8,'pending_report','ico-warning-o','/admincp/report/items/browse',0,0,'2024-11-30 12:58:53','2025-01-01 19:25:39'),
(9,'activity_post','ico-paperplane-alt-o',NULL,0,0,'2024-11-30 12:58:53','2025-01-01 19:25:39'),
(10,'group','ico-user-man-three-o',NULL,0,0,'2024-11-30 12:58:53','2025-01-01 19:25:39'),
(11,'pending_group','ico-clock-o','/group/pending',0,0,'2024-11-30 12:58:53','2025-01-01 19:25:39'),
(12,'marketplace','ico-shopbasket',NULL,0,0,'2024-11-30 12:58:53','2025-01-01 19:25:39'),
(13,'pending_marketplace','ico-clock-o','/marketplace/pending',0,0,'2024-11-30 12:58:53','2025-01-01 19:25:39'),
(14,'quiz','ico-question-circle-o',NULL,0,0,'2024-11-30 12:58:53','2025-01-01 19:25:39'),
(15,'pending_quiz','ico-clock-o','/quiz/pending',0,0,'2024-11-30 12:58:53','2025-01-01 19:25:39'),
(16,'comment','ico-comment-square-o',NULL,0,0,'2024-11-30 18:14:14','2025-01-01 19:25:39'),
(17,'pending_comment','ico-comment-square-o','/admincp/comment/pending/browse',0,0,'2024-11-30 18:14:14','2025-01-01 19:25:39'),
(18,'event','ico-calendar-star-o',NULL,0,0,'2024-11-30 18:14:14','2025-01-01 19:25:39'),
(19,'pending_event','ico-clock-o','/event/pending',0,0,'2024-11-30 18:14:14','2025-01-01 19:25:39'),
(20,'forum_post','ico-comments-o',NULL,0,0,'2024-11-30 18:14:14','2025-01-01 19:25:39'),
(21,'forum_thread','ico-comments-square',NULL,0,0,'2024-11-30 18:14:14','2025-01-01 19:25:39'),
(22,'pending_forum_post','ico-sandclock-start-o','/forum/pending-post',0,0,'2024-11-30 18:14:14','2025-01-01 19:25:39'),
(23,'pending_forum_thread','ico-sandclock-start-o','/forum/pending-thread',0,0,'2024-11-30 18:14:14','2025-01-01 19:25:39'),
(24,'live_video','ico-videocam',NULL,0,0,'2024-11-30 18:14:14','2025-01-01 19:25:39'),
(25,'page','ico-flag-waving-o',NULL,0,0,'2024-11-30 18:14:14','2025-01-01 19:25:39'),
(26,'pending_page','ico-clock-o','/page/pending',0,0,'2024-11-30 18:14:14','2025-01-01 19:25:39'),
(27,'poll','ico-bar-chart2',NULL,0,0,'2024-11-30 18:14:14','2025-01-01 19:25:39'),
(28,'pending_poll','ico-clock-o','/poll/pending',0,0,'2024-11-30 18:14:14','2025-01-01 19:25:39'),
(29,'video','ico-video-player',NULL,0,0,'2024-11-30 18:14:14','2025-01-01 19:25:39'),
(30,'pending_video','ico-clock-o','/video/pending',0,0,'2024-11-30 18:14:14','2025-01-01 19:25:39');
CREATE TABLE `sticker_recent` (
  `id` bigint(20) unsigned NOT NULL AUTO_INCREMENT,
  `user_id` bigint(20) unsigned NOT NULL,
  `user_type` varchar(255) NOT NULL,
  `sticker_id` bigint(20) unsigned NOT NULL,
  `created_at` timestamp NULL DEFAULT NULL,
  `updated_at` timestamp NULL DEFAULT NULL,
  PRIMARY KEY (`id`),
  UNIQUE KEY `sticker_recent_user_id_sticker_id_unique` (`user_id`,`sticker_id`),
  KEY `sticker_recent_user_id_index` (`user_id`),
  KEY `ix_sticker_recent_user_morph` (`user_id`,`user_type`)
) ENGINE=InnoDB DEFAULT CHARSET=utf8mb4 COLLATE=utf8mb4_unicode_ci;

CREATE TABLE `sticker_sets` (
  `id` bigint(20) unsigned NOT NULL AUTO_INCREMENT,
  `title` varchar(255) NOT NULL,
  `used` int(10) unsigned NOT NULL DEFAULT 0,
  `total_sticker` bigint(20) unsigned NOT NULL DEFAULT 0,
  `is_default` tinyint(3) unsigned NOT NULL DEFAULT 0,
  `is_active` tinyint(3) unsigned NOT NULL DEFAULT 1,
  `thumbnail_id` bigint(20) unsigned NOT NULL DEFAULT 0,
  `image_path` varchar(255) DEFAULT NULL,
  `server_id` varchar(255) DEFAULT NULL,
  `ordering` int(10) unsigned NOT NULL DEFAULT 0,
  `view_only` tinyint(3) unsigned NOT NULL DEFAULT 0,
  `is_deleted` tinyint(3) unsigned NOT NULL DEFAULT 0,
  PRIMARY KEY (`id`),
  KEY `sticker_sets_is_default_index` (`is_default`)
) ENGINE=InnoDB AUTO_INCREMENT=4 DEFAULT CHARSET=utf8mb4 COLLATE=utf8mb4_unicode_ci;

INSERT INTO `sticker_sets` VALUES
(1,'Pepe The Frog',0,40,1,1,1,NULL,NULL,0,1,0),
(2,'Cute Deer & Bear',0,23,1,1,41,NULL,NULL,1,1,0),
(3,'Meme Sticker',0,35,1,1,64,NULL,NULL,2,1,0);
CREATE TABLE `sticker_user_values` (
  `id` bigint(20) unsigned NOT NULL AUTO_INCREMENT,
  `user_id` bigint(20) unsigned NOT NULL,
  `user_type` varchar(255) NOT NULL,
  `set_id` bigint(20) unsigned NOT NULL,
  PRIMARY KEY (`id`),
  UNIQUE KEY `sticker_user_values_user_id_set_id_unique` (`user_id`,`set_id`),
  KEY `sticker_user_values_user_id_index` (`user_id`),
  KEY `ix_sticker_user_values_user_morph` (`user_id`,`user_type`)
) ENGINE=InnoDB AUTO_INCREMENT=3 DEFAULT CHARSET=utf8mb4 COLLATE=utf8mb4_unicode_ci;

INSERT INTO `sticker_user_values` VALUES
(1,1,'user',3),
(2,2,'user',3);
CREATE TABLE `stickers` (
  `id` bigint(20) unsigned NOT NULL AUTO_INCREMENT,
  `set_id` bigint(20) unsigned NOT NULL,
  `image_file_id` bigint(20) unsigned DEFAULT NULL,
  `image_path` varchar(255) DEFAULT NULL,
  `server_id` varchar(255) DEFAULT NULL,
  `ordering` int(10) unsigned NOT NULL DEFAULT 0,
  `view_only` tinyint(3) unsigned NOT NULL DEFAULT 0,
  `is_deleted` tinyint(3) unsigned NOT NULL DEFAULT 0,
  `thumbnail_file_id` bigint(20) unsigned DEFAULT NULL,
  PRIMARY KEY (`id`)
) ENGINE=InnoDB AUTO_INCREMENT=99 DEFAULT CHARSET=utf8mb4 COLLATE=utf8mb4_unicode_ci;

INSERT INTO `stickers` VALUES
(1,1,1,'assets/sticker/s3/a1.gif','asset',0,1,0,99),
(2,1,2,'assets/sticker/s3/a10.gif','asset',1,1,0,103),
(3,1,3,'assets/sticker/s3/a11.gif','asset',2,1,0,106),
(4,1,4,'assets/sticker/s3/a12.gif','asset',3,1,0,109),
(5,1,5,'assets/sticker/s3/a13.gif','asset',4,1,0,112),
(6,1,6,'assets/sticker/s3/a14.gif','asset',5,1,0,115),
(7,1,7,'assets/sticker/s3/a15.gif','asset',6,1,0,118),
(8,1,8,'assets/sticker/s3/a16.gif','asset',7,1,0,121),
(9,1,9,'assets/sticker/s3/a17.gif','asset',8,1,0,124),
(10,1,10,'assets/sticker/s3/a18.gif','asset',9,1,0,128),
(11,1,11,'assets/sticker/s3/a19.gif','asset',10,1,0,131),
(12,1,12,'assets/sticker/s3/a2.gif','asset',11,1,0,134),
(13,1,13,'assets/sticker/s3/a20.gif','asset',12,1,0,137),
(14,1,14,'assets/sticker/s3/a21.gif','asset',13,1,0,140),
(15,1,15,'assets/sticker/s3/a22.gif','asset',14,1,0,142),
(16,1,16,'assets/sticker/s3/a23.gif','asset',15,1,0,145),
(17,1,17,'assets/sticker/s3/a24.gif','asset',16,1,0,148),
(18,1,18,'assets/sticker/s3/a25.gif','asset',17,1,0,151),
(19,1,19,'assets/sticker/s3/a26.gif','asset',18,1,0,154),
(20,1,20,'assets/sticker/s3/a27.gif','asset',19,1,0,157),
(21,1,21,'assets/sticker/s3/a28.gif','asset',20,1,0,160),
(22,1,22,'assets/sticker/s3/a29.gif','asset',21,1,0,164),
(23,1,23,'assets/sticker/s3/a3.gif','asset',22,1,0,167),
(24,1,24,'assets/sticker/s3/a30.gif','asset',23,1,0,170),
(25,1,25,'assets/sticker/s3/a31.gif','asset',24,1,0,173),
(26,1,26,'assets/sticker/s3/a32.gif','asset',25,1,0,174),
(27,1,27,'assets/sticker/s3/a33.gif','asset',26,1,0,177),
(28,1,28,'assets/sticker/s3/a34.gif','asset',27,1,0,180),
(29,1,29,'assets/sticker/s3/a35.gif','asset',28,1,0,183),
(30,1,30,'assets/sticker/s3/a36.gif','asset',29,1,0,185),
(31,1,31,'assets/sticker/s3/a37.gif','asset',30,1,0,188),
(32,1,32,'assets/sticker/s3/a38.gif','asset',31,1,0,190),
(33,1,33,'assets/sticker/s3/a39.gif','asset',32,1,0,193),
(34,1,34,'assets/sticker/s3/a4.gif','asset',33,1,0,195),
(35,1,35,'assets/sticker/s3/a40.gif','asset',34,1,0,198),
(36,1,36,'assets/sticker/s3/a5.gif','asset',35,1,0,201),
(37,1,37,'assets/sticker/s3/a6.gif','asset',36,1,0,204),
(38,1,38,'assets/sticker/s3/a7.gif','asset',37,1,0,205),
(39,1,39,'assets/sticker/s3/a8.gif','asset',38,1,0,209),
(40,1,40,'assets/sticker/s3/a9.gif','asset',39,1,0,212),
(41,2,41,'assets/sticker/s1/a1.gif','asset',0,1,0,215),
(42,2,42,'assets/sticker/s1/a10.gif','asset',1,1,0,219),
(43,2,43,'assets/sticker/s1/a11.gif','asset',2,1,0,223),
(44,2,44,'assets/sticker/s1/a12.gif','asset',3,1,0,227),
(45,2,45,'assets/sticker/s1/a13.gif','asset',4,1,0,231),
(46,2,46,'assets/sticker/s1/a14.gif','asset',5,1,0,235),
(47,2,47,'assets/sticker/s1/a15.gif','asset',6,1,0,239),
(48,2,48,'assets/sticker/s1/a16.gif','asset',7,1,0,243),
(49,2,49,'assets/sticker/s1/a17.gif','asset',8,1,0,247),
(50,2,50,'assets/sticker/s1/a18.gif','asset',9,1,0,251),
(51,2,51,'assets/sticker/s1/a19.gif','asset',10,1,0,255),
(52,2,52,'assets/sticker/s1/a2.gif','asset',11,1,0,259),
(53,2,53,'assets/sticker/s1/a20.gif','asset',12,1,0,263),
(54,2,54,'assets/sticker/s1/a21.gif','asset',13,1,0,267),
(55,2,55,'assets/sticker/s1/a22.gif','asset',14,1,0,271),
(56,2,56,'assets/sticker/s1/a23.gif','asset',15,1,0,275),
(57,2,57,'assets/sticker/s1/a3.gif','asset',16,1,0,279),
(58,2,58,'assets/sticker/s1/a4.gif','asset',17,1,0,283),
(59,2,59,'assets/sticker/s1/a5.gif','asset',18,1,0,287),
(60,2,60,'assets/sticker/s1/a6.gif','asset',19,1,0,291),
(61,2,61,'assets/sticker/s1/a7.gif','asset',20,1,0,295),
(62,2,62,'assets/sticker/s1/a8.gif','asset',21,1,0,299),
(63,2,63,'assets/sticker/s1/a9.gif','asset',22,1,0,303),
(64,3,64,'assets/sticker/s2/a1.gif','asset',0,1,0,307),
(65,3,65,'assets/sticker/s2/a10.gif','asset',1,1,0,309),
(66,3,66,'assets/sticker/s2/a11.gif','asset',2,1,0,311),
(67,3,67,'assets/sticker/s2/a12.gif','asset',3,1,0,313),
(68,3,68,'assets/sticker/s2/a13.gif','asset',4,1,0,315),
(69,3,69,'assets/sticker/s2/a14.gif','asset',5,1,0,317),
(70,3,70,'assets/sticker/s2/a15.gif','asset',6,1,0,319),
(71,3,71,'assets/sticker/s2/a16.gif','asset',7,1,0,321),
(72,3,72,'assets/sticker/s2/a17.gif','asset',8,1,0,323),
(73,3,73,'assets/sticker/s2/a18.gif','asset',9,1,0,325),
(74,3,74,'assets/sticker/s2/a19.gif','asset',10,1,0,327),
(75,3,75,'assets/sticker/s2/a2.gif','asset',11,1,0,329),
(76,3,76,'assets/sticker/s2/a20.gif','asset',12,1,0,331),
(77,3,77,'assets/sticker/s2/a21.gif','asset',13,1,0,333),
(78,3,78,'assets/sticker/s2/a22.gif','asset',14,1,0,335),
(79,3,79,'assets/sticker/s2/a23.gif','asset',15,1,0,337),
(80,3,80,'assets/sticker/s2/a24.gif','asset',16,1,0,339),
(81,3,81,'assets/sticker/s2/a25.gif','asset',17,1,0,341),
(82,3,82,'assets/sticker/s2/a26.gif','asset',18,1,0,343),
(83,3,83,'assets/sticker/s2/a27.gif','asset',19,1,0,345),
(84,3,84,'assets/sticker/s2/a28.gif','asset',20,1,0,347),
(85,3,85,'assets/sticker/s2/a29.gif','asset',21,1,0,349),
(86,3,86,'assets/sticker/s2/a3.gif','asset',22,1,0,351),
(87,3,87,'assets/sticker/s2/a30.gif','asset',23,1,0,353),
(88,3,88,'assets/sticker/s2/a31.gif','asset',24,1,0,355),
(89,3,89,'assets/sticker/s2/a32.gif','asset',25,1,0,357),
(90,3,90,'assets/sticker/s2/a33.gif','asset',26,1,0,359),
(91,3,91,'assets/sticker/s2/a34.gif','asset',27,1,0,361),
(92,3,92,'assets/sticker/s2/a35.gif','asset',28,1,0,363),
(93,3,93,'assets/sticker/s2/a4.gif','asset',29,1,0,365),
(94,3,94,'assets/sticker/s2/a5.gif','asset',30,1,0,367),
(95,3,95,'assets/sticker/s2/a6.gif','asset',31,1,0,369),
(96,3,96,'assets/sticker/s2/a7.gif','asset',32,1,0,371),
(97,3,97,'assets/sticker/s2/a8.gif','asset',33,1,0,373),
(98,3,98,'assets/sticker/s2/a9.gif','asset',34,1,0,375);
CREATE TABLE `storage_assets` (
  `id` bigint(20) unsigned NOT NULL AUTO_INCREMENT,
  `module_id` varchar(255) DEFAULT NULL,
  `package_id` varchar(255) DEFAULT NULL,
  `name` varchar(255) DEFAULT NULL,
  `file_id` bigint(20) unsigned DEFAULT NULL,
  `local_path` varchar(255) NOT NULL,
  `created_at` timestamp NULL DEFAULT NULL,
  `updated_at` timestamp NULL DEFAULT NULL,
  PRIMARY KEY (`id`),
  KEY `storage_assets_module_id_index` (`module_id`),
  KEY `storage_assets_package_id_index` (`package_id`)
) ENGINE=InnoDB AUTO_INCREMENT=57 DEFAULT CHARSET=utf8mb4 COLLATE=utf8mb4_unicode_ci;

INSERT INTO `storage_assets` VALUES
(1,'core','metafox/core','maintenance',377,'images/maintenance.png','2024-11-30 12:58:53','2024-11-30 12:58:53'),
(2,'user','metafox/user','cover_no_image',378,'images/cover_no_image.png','2024-11-30 12:58:55','2024-11-30 12:58:55'),
(3,'user','metafox/user','rlt_complicated',379,'images/rlt_complicated.png','2024-11-30 12:58:55','2024-11-30 12:58:55'),
(4,'user','metafox/user','rlt_complicated_dark',380,'images/rlt_complicated_dark.png','2024-11-30 12:58:55','2024-11-30 12:58:55'),
(5,'user','metafox/user','rlt_divorced',381,'images/rlt_divorced.png','2024-11-30 12:58:55','2024-11-30 12:58:55'),
(6,'user','metafox/user','rlt_divorced_dark',382,'images/rlt_divorced_dark.png','2024-11-30 12:58:55','2024-11-30 12:58:55'),
(7,'user','metafox/user','rlt_engage',383,'images/rlt_engage.png','2024-11-30 12:58:55','2024-11-30 12:58:55'),
(8,'user','metafox/user','rlt_engage_dark',384,'images/rlt_engage_dark.png','2024-11-30 12:58:55','2024-11-30 12:58:55'),
(9,'user','metafox/user','rlt_married',385,'images/rlt_married.png','2024-11-30 12:58:55','2024-11-30 12:58:55'),
(10,'user','metafox/user','rlt_married_dark',386,'images/rlt_married_dark.png','2024-11-30 12:58:55','2024-11-30 12:58:55'),
(11,'user','metafox/user','rlt_open',387,'images/rlt_open.png','2024-11-30 12:58:55','2024-11-30 12:58:55'),
(12,'user','metafox/user','rlt_open_dark',388,'images/rlt_open_dark.png','2024-11-30 12:58:55','2024-11-30 12:58:55'),
(13,'user','metafox/user','rlt_relationship',389,'images/rlt_relationship.png','2024-11-30 12:58:55','2024-11-30 12:58:55'),
(14,'user','metafox/user','rlt_relationship_dark',390,'images/rlt_relationship_dark.png','2024-11-30 12:58:55','2024-11-30 12:58:55'),
(15,'user','metafox/user','rlt_separated',391,'images/rlt_separated.png','2024-11-30 12:58:55','2024-11-30 12:58:55'),
(16,'user','metafox/user','rlt_separated_dark',392,'images/rlt_separated_dark.png','2024-11-30 12:58:55','2024-11-30 12:58:55'),
(17,'user','metafox/user','rlt_single',393,'images/rlt_single.png','2024-11-30 12:58:55','2024-11-30 12:58:55'),
(18,'user','metafox/user','rlt_single_dark',394,'images/rlt_single_dark.png','2024-11-30 12:58:55','2024-11-30 12:58:55'),
(19,'user','metafox/user','rlt_widow',395,'images/rlt_widow.png','2024-11-30 12:58:55','2024-11-30 12:58:55'),
(20,'user','metafox/user','rlt_widow_dark',396,'images/rlt_widow_dark.png','2024-11-30 12:58:55','2024-11-30 12:58:55'),
(21,'photo','metafox/photo','album_no_image',397,'images/album_no_image.png','2024-11-30 12:58:58','2024-11-30 12:58:58'),
(22,'photo','metafox/photo','strict_image',398,'images/strict_image.png','2024-11-30 12:58:58','2024-11-30 12:58:58'),
(23,'layout','metafox/layout','image_error_403',399,'images/403.png','2024-11-30 12:59:01','2024-11-30 12:59:01'),
(24,'layout','metafox/layout','image_error_404',400,'images/404.png','2024-11-30 12:59:01','2024-11-30 12:59:01'),
(25,'layout','metafox/layout','site_apple_touch_icon',NULL,'','2024-11-30 12:59:01','2024-11-30 12:59:01'),
(26,'layout','metafox/layout','site_favicon',NULL,'','2024-11-30 12:59:01','2024-11-30 12:59:01'),
(27,'layout','metafox/layout','image_logo_dark',519,'images/logo-dark.png','2024-11-30 12:59:01','2024-11-30 13:22:04'),
(28,'layout','metafox/layout','image_logo',518,'images/logo.png','2024-11-30 12:59:01','2024-11-30 13:21:54'),
(29,'layout','metafox/layout','image_no_results',403,'images/no-results.png','2024-11-30 12:59:01','2024-11-30 12:59:01'),
(30,'layout','metafox/layout','site_mask_icon',NULL,'','2024-11-30 12:59:01','2024-11-30 12:59:01'),
(31,'layout','metafox/layout','image_sign_in_multi_access',404,'images/sign-in-multi-access.png','2024-11-30 12:59:01','2024-11-30 12:59:01'),
(32,'layout','metafox/layout','image_welcome',406,'images/welcome-image.png','2024-11-30 12:59:01','2024-11-30 12:59:01'),
(33,'activitypoint','metafox/activity-point','get_started',407,'images/get_started.png','2024-11-30 12:59:02','2024-11-30 12:59:02'),
(34,'activitypoint','metafox/activity-point','get_started_dark',408,'images/get_started_dark.png','2024-11-30 12:59:02','2024-11-30 12:59:02'),
(35,'activitypoint','metafox/activity-point','package_no_image',409,'images/package_no_image.png','2024-11-30 12:59:02','2024-11-30 12:59:02'),
(36,'chatplus','metafox/chatplus','incoming_call_mp3',410,'audio/incoming-call.mp3','2024-11-30 12:59:04','2024-11-30 12:59:04'),
(37,'chatplus','metafox/chatplus','notification_mp3',411,'audio/sound_notification.mp3','2024-11-30 12:59:04','2024-11-30 12:59:04'),
(38,'group','metafox/group','cover_no_image',412,'images/cover_no_image.png','2024-11-30 12:59:06','2024-11-30 12:59:06'),
(39,'marketplace','metafox/marketplace','map_marker',413,'images/marketplace_map.png','2024-11-30 12:59:07','2024-11-30 12:59:07'),
(40,'marketplace','metafox/marketplace','map_marker_hover',414,'images/marketplace_map_active.png','2024-11-30 12:59:07','2024-11-30 12:59:07'),
(41,'marketplace','metafox/marketplace','no_image',415,'images/no_image.png','2024-11-30 12:59:07','2024-11-30 12:59:07'),
(42,'quiz','metafox/quiz','cover_no_image',416,'images/cover_no_image.png','2024-11-30 12:59:08','2024-11-30 12:59:08'),
(43,'socialite','metafox/socialite','socialite_facebook',417,'images/facebook.png','2024-11-30 12:59:09','2024-11-30 12:59:09'),
(44,'socialite','metafox/socialite','socialite_google',418,'images/google.png','2024-11-30 12:59:09','2024-11-30 12:59:09'),
(45,'socialite','metafox/socialite','socialite_tiktok',419,'images/tiktok.png','2024-11-30 12:59:09','2024-11-30 12:59:09'),
(46,'event','metafox/event','cover_no_image',520,'images/cover_no_image.png','2024-11-30 17:26:55','2024-11-30 17:26:55'),
(47,'event','metafox/event','map_marker',521,'images/map_marker.png','2024-11-30 17:26:55','2024-11-30 17:26:55'),
(48,'event','metafox/event','map_marker_hover',522,'images/map_marker_hover.png','2024-11-30 17:26:55','2024-11-30 17:26:55'),
(49,'poll','metafox/poll','cover_no_image',523,'images/cover_no_image.png','2024-11-30 17:29:17','2024-11-30 17:29:17'),
(50,'video','metafox/video','no_image',524,'images/no_image.png','2024-11-30 17:33:29','2024-11-30 17:33:29'),
(51,'video','metafox/video','video_in_processing_image',525,'images/video_processing.png','2024-11-30 17:33:29','2024-11-30 17:33:29'),
(52,'subscription','metafox/subscription','no_image',526,'images/no_image.png','2024-11-30 17:33:44','2024-11-30 17:33:44'),
(53,'subscription','metafox/subscription','popular_image',527,'images/popular.png','2024-11-30 17:33:44','2024-11-30 17:33:44'),
(54,'page','metafox/page','cover_no_image',528,'images/cover_no_image.png','2024-11-30 17:33:49','2024-11-30 17:33:49'),
(55,'saved','metafox/saved','no_image',529,'images/no_image.png','2024-11-30 17:35:50','2024-11-30 17:35:50'),
(56,'advertise','metafox/advertise','default_ad_thumbnail',530,'images/default_ad_thumbnail.png','2024-11-30 17:47:41','2024-11-30 17:47:41');
CREATE TABLE `storage_disks` (
  `id` int(10) unsigned NOT NULL AUTO_INCREMENT,
  `name` varchar(255) NOT NULL,
  `label` varchar(255) NOT NULL,
  `target` varchar(255) NOT NULL,
  `is_system` tinyint(4) NOT NULL DEFAULT 0,
  `deleted_at` timestamp NULL DEFAULT NULL,
  `created_at` timestamp NULL DEFAULT NULL,
  `updated_at` timestamp NULL DEFAULT NULL,
  PRIMARY KEY (`id`),
  UNIQUE KEY `storage_disks_name_unique` (`name`)
) ENGINE=InnoDB AUTO_INCREMENT=9 DEFAULT CHARSET=utf8mb4 COLLATE=utf8mb4_unicode_ci;

INSERT INTO `storage_disks` VALUES
(1,'backup','Backup & Restore','local',1,NULL,'2024-11-30 12:58:29','2024-11-30 12:58:29'),
(2,'default','Default','public',1,NULL,'2024-11-30 12:58:29','2024-11-30 12:58:29'),
(3,'asset','Application Assets (image, css, ...etc)','public',1,NULL,'2024-11-30 12:58:29','2024-11-30 12:58:29'),
(4,'bundle','Frontend Bundle','web',1,NULL,'2024-11-30 12:58:29','2024-11-30 12:58:29'),
(5,'photo','Photos','public',1,NULL,'2024-11-30 12:58:29','2024-11-30 12:58:29'),
(6,'video','Videos','public',1,NULL,'2024-11-30 12:58:30','2024-11-30 12:58:30'),
(7,'attachment','Attachments','public',1,NULL,'2024-11-30 12:58:30','2024-11-30 12:58:30'),
(8,'temp','Temporary','public',1,NULL,'2024-11-30 12:58:30','2024-11-30 12:58:30');
CREATE TABLE `storage_files` (
  `id` bigint(20) unsigned NOT NULL AUTO_INCREMENT,
  `origin_id` bigint(20) DEFAULT NULL,
  `is_origin` tinyint(3) unsigned NOT NULL DEFAULT 0,
  `storage_id` varchar(32) DEFAULT NULL,
  `target` varchar(32) DEFAULT NULL,
  `user_id` bigint(20) unsigned DEFAULT NULL,
  `user_type` varchar(255) DEFAULT NULL,
  `item_id` bigint(20) unsigned DEFAULT NULL,
  `item_type` varchar(255) DEFAULT NULL,
  `path` mediumtext DEFAULT NULL,
  `variant` varchar(255) DEFAULT NULL,
  `original_name` varchar(255) DEFAULT NULL,
  `file_size` varchar(255) DEFAULT NULL,
  `mime_type` varchar(255) DEFAULT NULL,
  `extension` varchar(255) DEFAULT NULL,
  `width` int(11) DEFAULT NULL,
  `height` int(11) DEFAULT NULL,
  `package_id` varchar(64) DEFAULT NULL,
  `created_at` timestamp NULL DEFAULT NULL,
  `updated_at` timestamp NULL DEFAULT NULL,
  `deleted_at` timestamp NULL DEFAULT NULL,
  PRIMARY KEY (`id`),
  KEY `storage_files_user_id_index` (`user_id`),
  KEY `ix_storage_files_user_morph` (`user_id`,`user_type`),
  KEY `storage_files_item_id_index` (`item_id`),
  KEY `ix_storage_files_item_morph` (`item_id`,`item_type`),
  KEY `storage_files_origin_id_index` (`origin_id`),
  KEY `storage_files_target_index` (`target`)
) ENGINE=InnoDB AUTO_INCREMENT=907 DEFAULT CHARSET=utf8mb4 COLLATE=utf8mb4_unicode_ci;

INSERT INTO `storage_files` VALUES
(1,1,1,'asset','public',1,'user',NULL,NULL,'assets/sticker/s3/a1.gif','origin','a1.gif','38252','image/gif','gif',200,116,NULL,'2024-11-30 12:58:34','2024-11-30 12:58:42',NULL),
(2,2,1,'asset','public',1,'user',NULL,NULL,'assets/sticker/s3/a10.gif','origin','a10.gif','24730','image/gif','gif',112,112,NULL,'2024-11-30 12:58:34','2024-11-30 12:58:42',NULL),
(3,3,1,'asset','public',1,'user',NULL,NULL,'assets/sticker/s3/a11.gif','origin','a11.gif','9889','image/gif','gif',112,112,NULL,'2024-11-30 12:58:34','2024-11-30 12:58:42',NULL),
(4,4,1,'asset','public',1,'user',NULL,NULL,'assets/sticker/s3/a12.gif','origin','a12.gif','46880','image/gif','gif',112,112,NULL,'2024-11-30 12:58:34','2024-11-30 12:58:42',NULL),
(5,5,1,'asset','public',1,'user',NULL,NULL,'assets/sticker/s3/a13.gif','origin','a13.gif','5479','image/gif','gif',101,200,NULL,'2024-11-30 12:58:34','2024-11-30 12:58:43',NULL),
(6,6,1,'asset','public',1,'user',NULL,NULL,'assets/sticker/s3/a14.gif','origin','a14.gif','17054','image/gif','gif',112,112,NULL,'2024-11-30 12:58:34','2024-11-30 12:58:43',NULL),
(7,7,1,'asset','public',1,'user',NULL,NULL,'assets/sticker/s3/a15.gif','origin','a15.gif','95819','image/gif','gif',111,112,NULL,'2024-11-30 12:58:34','2024-11-30 12:58:43',NULL),
(8,8,1,'asset','public',1,'user',NULL,NULL,'assets/sticker/s3/a16.gif','origin','a16.gif','34503','image/gif','gif',112,112,NULL,'2024-11-30 12:58:34','2024-11-30 12:58:43',NULL),
(9,9,1,'asset','public',1,'user',NULL,NULL,'assets/sticker/s3/a17.gif','origin','a17.gif','336362','image/gif','gif',178,200,NULL,'2024-11-30 12:58:35','2024-11-30 12:58:43',NULL),
(10,10,1,'asset','public',1,'user',NULL,NULL,'assets/sticker/s3/a18.gif','origin','a18.gif','8691','image/gif','gif',128,128,NULL,'2024-11-30 12:58:35','2024-11-30 12:58:43',NULL),
(11,11,1,'asset','public',1,'user',NULL,NULL,'assets/sticker/s3/a19.gif','origin','a19.gif','27389','image/gif','gif',128,128,NULL,'2024-11-30 12:58:35','2024-11-30 12:58:43',NULL),
(12,12,1,'asset','public',1,'user',NULL,NULL,'assets/sticker/s3/a2.gif','origin','a2.gif','193564','image/gif','gif',112,112,NULL,'2024-11-30 12:58:35','2024-11-30 12:58:43',NULL),
(13,13,1,'asset','public',1,'user',NULL,NULL,'assets/sticker/s3/a20.gif','origin','a20.gif','35280','image/gif','gif',112,112,NULL,'2024-11-30 12:58:35','2024-11-30 12:58:44',NULL),
(14,14,1,'asset','public',1,'user',NULL,NULL,'assets/sticker/s3/a21.gif','origin','a21.gif','9530','image/gif','gif',98,100,NULL,'2024-11-30 12:58:35','2024-11-30 12:58:44',NULL),
(15,15,1,'asset','public',1,'user',NULL,NULL,'assets/sticker/s3/a22.gif','origin','a22.gif','10880','image/gif','gif',127,128,NULL,'2024-11-30 12:58:35','2024-11-30 12:58:44',NULL),
(16,16,1,'asset','public',1,'user',NULL,NULL,'assets/sticker/s3/a23.gif','origin','a23.gif','14227','image/gif','gif',112,112,NULL,'2024-11-30 12:58:35','2024-11-30 12:58:44',NULL),
(17,17,1,'asset','public',1,'user',NULL,NULL,'assets/sticker/s3/a24.gif','origin','a24.gif','20611','image/gif','gif',112,112,NULL,'2024-11-30 12:58:35','2024-11-30 12:58:44',NULL),
(18,18,1,'asset','public',1,'user',NULL,NULL,'assets/sticker/s3/a25.gif','origin','a25.gif','28827','image/gif','gif',109,112,NULL,'2024-11-30 12:58:35','2024-11-30 12:58:44',NULL),
(19,19,1,'asset','public',1,'user',NULL,NULL,'assets/sticker/s3/a26.gif','origin','a26.gif','5708','image/gif','gif',122,119,NULL,'2024-11-30 12:58:35','2024-11-30 12:58:44',NULL),
(20,20,1,'asset','public',1,'user',NULL,NULL,'assets/sticker/s3/a27.gif','origin','a27.gif','34637','image/gif','gif',128,128,NULL,'2024-11-30 12:58:36','2024-11-30 12:58:44',NULL),
(21,21,1,'asset','public',1,'user',NULL,NULL,'assets/sticker/s3/a28.gif','origin','a28.gif','56690','image/gif','gif',200,200,NULL,'2024-11-30 12:58:36','2024-11-30 12:58:44',NULL),
(22,22,1,'asset','public',1,'user',NULL,NULL,'assets/sticker/s3/a29.gif','origin','a29.gif','5647','image/gif','gif',112,112,NULL,'2024-11-30 12:58:36','2024-11-30 12:58:44',NULL),
(23,23,1,'asset','public',1,'user',NULL,NULL,'assets/sticker/s3/a3.gif','origin','a3.gif','9171','image/gif','gif',112,112,NULL,'2024-11-30 12:58:36','2024-11-30 12:58:44',NULL),
(24,24,1,'asset','public',1,'user',NULL,NULL,'assets/sticker/s3/a30.gif','origin','a30.gif','9898','image/gif','gif',112,112,NULL,'2024-11-30 12:58:36','2024-11-30 12:58:44',NULL),
(25,25,1,'asset','public',1,'user',NULL,NULL,'assets/sticker/s3/a31.gif','origin','a31.gif','54373','image/gif','gif',56,56,NULL,'2024-11-30 12:58:36','2024-11-30 12:58:44',NULL),
(26,26,1,'asset','public',1,'user',NULL,NULL,'assets/sticker/s3/a32.gif','origin','a32.gif','7622','image/gif','gif',111,112,NULL,'2024-11-30 12:58:36','2024-11-30 12:58:44',NULL),
(27,27,1,'asset','public',1,'user',NULL,NULL,'assets/sticker/s3/a33.gif','origin','a33.gif','6634','image/gif','gif',112,112,NULL,'2024-11-30 12:58:36','2024-11-30 12:58:44',NULL),
(28,28,1,'asset','public',1,'user',NULL,NULL,'assets/sticker/s3/a34.gif','origin','a34.gif','19035','image/gif','gif',108,111,NULL,'2024-11-30 12:58:36','2024-11-30 12:58:45',NULL),
(29,29,1,'asset','public',1,'user',NULL,NULL,'assets/sticker/s3/a35.gif','origin','a35.gif','8033','image/gif','gif',100,100,NULL,'2024-11-30 12:58:36','2024-11-30 12:58:45',NULL),
(30,30,1,'asset','public',1,'user',NULL,NULL,'assets/sticker/s3/a36.gif','origin','a36.gif','8989','image/gif','gif',128,128,NULL,'2024-11-30 12:58:36','2024-11-30 12:58:45',NULL),
(31,31,1,'asset','public',1,'user',NULL,NULL,'assets/sticker/s3/a37.gif','origin','a37.gif','5199','image/gif','gif',86,100,NULL,'2024-11-30 12:58:36','2024-11-30 12:58:45',NULL),
(32,32,1,'asset','public',1,'user',NULL,NULL,'assets/sticker/s3/a38.gif','origin','a38.gif','21690','image/gif','gif',128,128,NULL,'2024-11-30 12:58:36','2024-11-30 12:58:45',NULL),
(33,33,1,'asset','public',1,'user',NULL,NULL,'assets/sticker/s3/a39.gif','origin','a39.gif','26068','image/gif','gif',100,100,NULL,'2024-11-30 12:58:36','2024-11-30 12:58:45',NULL),
(34,34,1,'asset','public',1,'user',NULL,NULL,'assets/sticker/s3/a4.gif','origin','a4.gif','106169','image/gif','gif',112,112,NULL,'2024-11-30 12:58:36','2024-11-30 12:58:45',NULL),
(35,35,1,'asset','public',1,'user',NULL,NULL,'assets/sticker/s3/a40.gif','origin','a40.gif','39619','image/gif','gif',128,121,NULL,'2024-11-30 12:58:36','2024-11-30 12:58:45',NULL),
(36,36,1,'asset','public',1,'user',NULL,NULL,'assets/sticker/s3/a5.gif','origin','a5.gif','5870','image/gif','gif',111,100,NULL,'2024-11-30 12:58:36','2024-11-30 12:58:45',NULL),
(37,37,1,'asset','public',1,'user',NULL,NULL,'assets/sticker/s3/a6.gif','origin','a6.gif','39501','image/gif','gif',56,56,NULL,'2024-11-30 12:58:36','2024-11-30 12:58:45',NULL),
(38,38,1,'asset','public',1,'user',NULL,NULL,'assets/sticker/s3/a7.gif','origin','a7.gif','9290','image/gif','gif',200,186,NULL,'2024-11-30 12:58:36','2024-11-30 12:58:45',NULL),
(39,39,1,'asset','public',1,'user',NULL,NULL,'assets/sticker/s3/a8.gif','origin','a8.gif','31468','image/gif','gif',112,112,NULL,'2024-11-30 12:58:36','2024-11-30 12:58:45',NULL),
(40,40,1,'asset','public',1,'user',NULL,NULL,'assets/sticker/s3/a9.gif','origin','a9.gif','309272','image/gif','gif',112,112,NULL,'2024-11-30 12:58:37','2024-11-30 12:58:45',NULL),
(41,41,1,'asset','public',1,'user',NULL,NULL,'assets/sticker/s1/a1.gif','origin','a1.gif','98753','image/gif','gif',240,240,NULL,'2024-11-30 12:58:37','2024-11-30 12:58:46',NULL),
(42,42,1,'asset','public',1,'user',NULL,NULL,'assets/sticker/s1/a10.gif','origin','a10.gif','92820','image/gif','gif',240,240,NULL,'2024-11-30 12:58:37','2024-11-30 12:58:46',NULL),
(43,43,1,'asset','public',1,'user',NULL,NULL,'assets/sticker/s1/a11.gif','origin','a11.gif','101503','image/gif','gif',240,240,NULL,'2024-11-30 12:58:38','2024-11-30 12:58:46',NULL),
(44,44,1,'asset','public',1,'user',NULL,NULL,'assets/sticker/s1/a12.gif','origin','a12.gif','30386','image/gif','gif',240,240,NULL,'2024-11-30 12:58:38','2024-11-30 12:58:46',NULL),
(45,45,1,'asset','public',1,'user',NULL,NULL,'assets/sticker/s1/a13.gif','origin','a13.gif','100451','image/gif','gif',240,240,NULL,'2024-11-30 12:58:38','2024-11-30 12:58:46',NULL),
(46,46,1,'asset','public',1,'user',NULL,NULL,'assets/sticker/s1/a14.gif','origin','a14.gif','73800','image/gif','gif',240,240,NULL,'2024-11-30 12:58:38','2024-11-30 12:58:46',NULL),
(47,47,1,'asset','public',1,'user',NULL,NULL,'assets/sticker/s1/a15.gif','origin','a15.gif','101198','image/gif','gif',240,240,NULL,'2024-11-30 12:58:38','2024-11-30 12:58:47',NULL),
(48,48,1,'asset','public',1,'user',NULL,NULL,'assets/sticker/s1/a16.gif','origin','a16.gif','99253','image/gif','gif',240,240,NULL,'2024-11-30 12:58:38','2024-11-30 12:58:47',NULL),
(49,49,1,'asset','public',1,'user',NULL,NULL,'assets/sticker/s1/a17.gif','origin','a17.gif','26821','image/gif','gif',240,240,NULL,'2024-11-30 12:58:39','2024-11-30 12:58:47',NULL),
(50,50,1,'asset','public',1,'user',NULL,NULL,'assets/sticker/s1/a18.gif','origin','a18.gif','95178','image/gif','gif',240,240,NULL,'2024-11-30 12:58:39','2024-11-30 12:58:47',NULL),
(51,51,1,'asset','public',1,'user',NULL,NULL,'assets/sticker/s1/a19.gif','origin','a19.gif','100822','image/gif','gif',240,240,NULL,'2024-11-30 12:58:39','2024-11-30 12:58:47',NULL),
(52,52,1,'asset','public',1,'user',NULL,NULL,'assets/sticker/s1/a2.gif','origin','a2.gif','31397','image/gif','gif',240,240,NULL,'2024-11-30 12:58:39','2024-11-30 12:58:47',NULL),
(53,53,1,'asset','public',1,'user',NULL,NULL,'assets/sticker/s1/a20.gif','origin','a20.gif','100189','image/gif','gif',240,240,NULL,'2024-11-30 12:58:39','2024-11-30 12:58:47',NULL),
(54,54,1,'asset','public',1,'user',NULL,NULL,'assets/sticker/s1/a21.gif','origin','a21.gif','97012','image/gif','gif',240,240,NULL,'2024-11-30 12:58:39','2024-11-30 12:58:48',NULL),
(55,55,1,'asset','public',1,'user',NULL,NULL,'assets/sticker/s1/a22.gif','origin','a22.gif','32382','image/gif','gif',240,240,NULL,'2024-11-30 12:58:39','2024-11-30 12:58:48',NULL),
(56,56,1,'asset','public',1,'user',NULL,NULL,'assets/sticker/s1/a23.gif','origin','a23.gif','98753','image/gif','gif',240,240,NULL,'2024-11-30 12:58:40','2024-11-30 12:58:48',NULL),
(57,57,1,'asset','public',1,'user',NULL,NULL,'assets/sticker/s1/a3.gif','origin','a3.gif','61859','image/gif','gif',240,240,NULL,'2024-11-30 12:58:40','2024-11-30 12:58:48',NULL),
(58,58,1,'asset','public',1,'user',NULL,NULL,'assets/sticker/s1/a4.gif','origin','a4.gif','97831','image/gif','gif',240,240,NULL,'2024-11-30 12:58:40','2024-11-30 12:58:48',NULL),
(59,59,1,'asset','public',1,'user',NULL,NULL,'assets/sticker/s1/a5.gif','origin','a5.gif','21108','image/gif','gif',240,240,NULL,'2024-11-30 12:58:40','2024-11-30 12:58:48',NULL),
(60,60,1,'asset','public',1,'user',NULL,NULL,'assets/sticker/s1/a6.gif','origin','a6.gif','91310','image/gif','gif',240,240,NULL,'2024-11-30 12:58:40','2024-11-30 12:58:48',NULL),
(61,61,1,'asset','public',1,'user',NULL,NULL,'assets/sticker/s1/a7.gif','origin','a7.gif','29289','image/gif','gif',240,240,NULL,'2024-11-30 12:58:40','2024-11-30 12:58:49',NULL),
(62,62,1,'asset','public',1,'user',NULL,NULL,'assets/sticker/s1/a8.gif','origin','a8.gif','30090','image/gif','gif',240,240,NULL,'2024-11-30 12:58:40','2024-11-30 12:58:49',NULL),
(63,63,1,'asset','public',1,'user',NULL,NULL,'assets/sticker/s1/a9.gif','origin','a9.gif','100836','image/gif','gif',240,240,NULL,'2024-11-30 12:58:40','2024-11-30 12:58:49',NULL),
(64,64,1,'asset','public',1,'user',NULL,NULL,'assets/sticker/s2/a1.gif','origin','a1.gif','12677','image/gif','gif',100,100,NULL,'2024-11-30 12:58:40','2024-11-30 12:58:49',NULL),
(65,65,1,'asset','public',1,'user',NULL,NULL,'assets/sticker/s2/a10.gif','origin','a10.gif','7388','image/gif','gif',100,100,NULL,'2024-11-30 12:58:41','2024-11-30 12:58:49',NULL),
(66,66,1,'asset','public',1,'user',NULL,NULL,'assets/sticker/s2/a11.gif','origin','a11.gif','25749','image/gif','gif',100,100,NULL,'2024-11-30 12:58:41','2024-11-30 12:58:49',NULL),
(67,67,1,'asset','public',1,'user',NULL,NULL,'assets/sticker/s2/a12.gif','origin','a12.gif','37572','image/gif','gif',100,100,NULL,'2024-11-30 12:58:41','2024-11-30 12:58:49',NULL),
(68,68,1,'asset','public',1,'user',NULL,NULL,'assets/sticker/s2/a13.gif','origin','a13.gif','6546','image/gif','gif',100,100,NULL,'2024-11-30 12:58:41','2024-11-30 12:58:49',NULL),
(69,69,1,'asset','public',1,'user',NULL,NULL,'assets/sticker/s2/a14.gif','origin','a14.gif','17205','image/gif','gif',100,100,NULL,'2024-11-30 12:58:41','2024-11-30 12:58:49',NULL),
(70,70,1,'asset','public',1,'user',NULL,NULL,'assets/sticker/s2/a15.gif','origin','a15.gif','8639','image/gif','gif',100,100,NULL,'2024-11-30 12:58:41','2024-11-30 12:58:49',NULL),
(71,71,1,'asset','public',1,'user',NULL,NULL,'assets/sticker/s2/a16.gif','origin','a16.gif','13691','image/gif','gif',100,100,NULL,'2024-11-30 12:58:41','2024-11-30 12:58:49',NULL),
(72,72,1,'asset','public',1,'user',NULL,NULL,'assets/sticker/s2/a17.gif','origin','a17.gif','20525','image/gif','gif',100,100,NULL,'2024-11-30 12:58:41','2024-11-30 12:58:49',NULL),
(73,73,1,'asset','public',1,'user',NULL,NULL,'assets/sticker/s2/a18.gif','origin','a18.gif','21343','image/gif','gif',100,100,NULL,'2024-11-30 12:58:41','2024-11-30 12:58:49',NULL),
(74,74,1,'asset','public',1,'user',NULL,NULL,'assets/sticker/s2/a19.gif','origin','a19.gif','35514','image/gif','gif',100,100,NULL,'2024-11-30 12:58:41','2024-11-30 12:58:49',NULL),
(75,75,1,'asset','public',1,'user',NULL,NULL,'assets/sticker/s2/a2.gif','origin','a2.gif','40510','image/gif','gif',100,100,NULL,'2024-11-30 12:58:41','2024-11-30 12:58:49',NULL),
(76,76,1,'asset','public',1,'user',NULL,NULL,'assets/sticker/s2/a20.gif','origin','a20.gif','17094','image/gif','gif',100,100,NULL,'2024-11-30 12:58:41','2024-11-30 12:58:49',NULL),
(77,77,1,'asset','public',1,'user',NULL,NULL,'assets/sticker/s2/a21.gif','origin','a21.gif','24012','image/gif','gif',100,100,NULL,'2024-11-30 12:58:41','2024-11-30 12:58:50',NULL),
(78,78,1,'asset','public',1,'user',NULL,NULL,'assets/sticker/s2/a22.gif','origin','a22.gif','15509','image/gif','gif',100,100,NULL,'2024-11-30 12:58:41','2024-11-30 12:58:50',NULL),
(79,79,1,'asset','public',1,'user',NULL,NULL,'assets/sticker/s2/a23.gif','origin','a23.gif','16869','image/gif','gif',100,100,NULL,'2024-11-30 12:58:41','2024-11-30 12:58:50',NULL),
(80,80,1,'asset','public',1,'user',NULL,NULL,'assets/sticker/s2/a24.gif','origin','a24.gif','4279','image/gif','gif',100,100,NULL,'2024-11-30 12:58:41','2024-11-30 12:58:50',NULL),
(81,81,1,'asset','public',1,'user',NULL,NULL,'assets/sticker/s2/a25.gif','origin','a25.gif','7370','image/gif','gif',100,100,NULL,'2024-11-30 12:58:41','2024-11-30 12:58:50',NULL),
(82,82,1,'asset','public',1,'user',NULL,NULL,'assets/sticker/s2/a26.gif','origin','a26.gif','39419','image/gif','gif',100,100,NULL,'2024-11-30 12:58:41','2024-11-30 12:58:50',NULL),
(83,83,1,'asset','public',1,'user',NULL,NULL,'assets/sticker/s2/a27.gif','origin','a27.gif','38725','image/gif','gif',100,100,NULL,'2024-11-30 12:58:41','2024-11-30 12:58:50',NULL),
(84,84,1,'asset','public',1,'user',NULL,NULL,'assets/sticker/s2/a28.gif','origin','a28.gif','29976','image/gif','gif',100,100,NULL,'2024-11-30 12:58:41','2024-11-30 12:58:50',NULL),
(85,85,1,'asset','public',1,'user',NULL,NULL,'assets/sticker/s2/a29.gif','origin','a29.gif','16659','image/gif','gif',100,100,NULL,'2024-11-30 12:58:41','2024-11-30 12:58:50',NULL),
(86,86,1,'asset','public',1,'user',NULL,NULL,'assets/sticker/s2/a3.gif','origin','a3.gif','32440','image/gif','gif',100,100,NULL,'2024-11-30 12:58:42','2024-11-30 12:58:50',NULL),
(87,87,1,'asset','public',1,'user',NULL,NULL,'assets/sticker/s2/a30.gif','origin','a30.gif','38801','image/gif','gif',100,100,NULL,'2024-11-30 12:58:42','2024-11-30 12:58:50',NULL),
(88,88,1,'asset','public',1,'user',NULL,NULL,'assets/sticker/s2/a31.gif','origin','a31.gif','37351','image/gif','gif',100,100,NULL,'2024-11-30 12:58:42','2024-11-30 12:58:50',NULL),
(89,89,1,'asset','public',1,'user',NULL,NULL,'assets/sticker/s2/a32.gif','origin','a32.gif','31483','image/gif','gif',100,100,NULL,'2024-11-30 12:58:42','2024-11-30 12:58:50',NULL),
(90,90,1,'asset','public',1,'user',NULL,NULL,'assets/sticker/s2/a33.gif','origin','a33.gif','38190','image/gif','gif',100,100,NULL,'2024-11-30 12:58:42','2024-11-30 12:58:50',NULL),
(91,91,1,'asset','public',1,'user',NULL,NULL,'assets/sticker/s2/a34.gif','origin','a34.gif','23633','image/gif','gif',100,100,NULL,'2024-11-30 12:58:42','2024-11-30 12:58:50',NULL),
(92,92,1,'asset','public',1,'user',NULL,NULL,'assets/sticker/s2/a35.gif','origin','a35.gif','37351','image/gif','gif',100,100,NULL,'2024-11-30 12:58:42','2024-11-30 12:58:50',NULL),
(93,93,1,'asset','public',1,'user',NULL,NULL,'assets/sticker/s2/a4.gif','origin','a4.gif','29183','image/gif','gif',100,100,NULL,'2024-11-30 12:58:42','2024-11-30 12:58:50',NULL),
(94,94,1,'asset','public',1,'user',NULL,NULL,'assets/sticker/s2/a5.gif','origin','a5.gif','17786','image/gif','gif',100,100,NULL,'2024-11-30 12:58:42','2024-11-30 12:58:50',NULL),
(95,95,1,'asset','public',1,'user',NULL,NULL,'assets/sticker/s2/a6.gif','origin','a6.gif','29400','image/gif','gif',100,100,NULL,'2024-11-30 12:58:42','2024-11-30 12:58:50',NULL),
(96,96,1,'asset','public',1,'user',NULL,NULL,'assets/sticker/s2/a7.gif','origin','a7.gif','24297','image/gif','gif',100,100,NULL,'2024-11-30 12:58:42','2024-11-30 12:58:50',NULL),
(97,97,1,'asset','public',1,'user',NULL,NULL,'assets/sticker/s2/a8.gif','origin','a8.gif','48860','image/gif','gif',100,100,NULL,'2024-11-30 12:58:42','2024-11-30 12:58:50',NULL),
(98,98,1,'asset','public',1,'user',NULL,NULL,'assets/sticker/s2/a9.gif','origin','a9.gif','18044','image/gif','gif',100,100,NULL,'2024-11-30 12:58:42','2024-11-30 12:58:50',NULL),
(99,99,1,'photo','public',NULL,NULL,NULL,'sticker','sticker/1/2024/11/30/e47b1a0d-85da-49eb-96b2-05428f2b2c34_origin.jpg','origin','a1.gif','6566','image/jpg','jpg',200,116,NULL,'2024-11-30 12:58:42','2024-11-30 12:58:42',NULL),
(100,99,0,'photo','public',NULL,NULL,NULL,'sticker','sticker/1/2024/11/30/e47b1a0d-85da-49eb-96b2-05428f2b2c34_75.jpg','75','a1.gif','2178','image/jpg','jpg',75,43,NULL,'2024-11-30 12:58:42','2024-11-30 12:58:42',NULL),
(101,99,0,'photo','public',NULL,NULL,NULL,'sticker','sticker/1/2024/11/30/e47b1a0d-85da-49eb-96b2-05428f2b2c34_100.jpg','100','a1.gif','2738','image/jpg','jpg',100,58,NULL,'2024-11-30 12:58:42','2024-11-30 12:58:42',NULL),
(102,99,0,'photo','public',NULL,NULL,NULL,'sticker','sticker/1/2024/11/30/e47b1a0d-85da-49eb-96b2-05428f2b2c34_150.jpg','150','a1.gif','4431','image/jpg','jpg',150,87,NULL,'2024-11-30 12:58:42','2024-11-30 12:58:42',NULL),
(103,103,1,'photo','public',NULL,NULL,NULL,'sticker','sticker/2/2024/11/30/e47b1a0d-85da-49eb-96b2-05428f2b2c34_origin.jpg','origin','a10.gif','5339','image/jpg','jpg',112,112,NULL,'2024-11-30 12:58:42','2024-11-30 12:58:42',NULL),
(104,103,0,'photo','public',NULL,NULL,NULL,'sticker','sticker/2/2024/11/30/e47b1a0d-85da-49eb-96b2-05428f2b2c34_75.jpg','75','a10.gif','3562','image/jpg','jpg',75,75,NULL,'2024-11-30 12:58:42','2024-11-30 12:58:42',NULL),
(105,103,0,'photo','public',NULL,NULL,NULL,'sticker','sticker/2/2024/11/30/e47b1a0d-85da-49eb-96b2-05428f2b2c34_100.jpg','100','a10.gif','5358','image/jpg','jpg',100,100,NULL,'2024-11-30 12:58:42','2024-11-30 12:58:42',NULL),
(106,106,1,'photo','public',NULL,NULL,NULL,'sticker','sticker/3/2024/11/30/e47b1a0d-85da-49eb-96b2-05428f2b2c34_origin.jpg','origin','a11.gif','5398','image/jpg','jpg',112,112,NULL,'2024-11-30 12:58:42','2024-11-30 12:58:42',NULL),
(107,106,0,'photo','public',NULL,NULL,NULL,'sticker','sticker/3/2024/11/30/e47b1a0d-85da-49eb-96b2-05428f2b2c34_75.jpg','75','a11.gif','3268','image/jpg','jpg',75,75,NULL,'2024-11-30 12:58:42','2024-11-30 12:58:42',NULL),
(108,106,0,'photo','public',NULL,NULL,NULL,'sticker','sticker/3/2024/11/30/e47b1a0d-85da-49eb-96b2-05428f2b2c34_100.jpg','100','a11.gif','4598','image/jpg','jpg',100,100,NULL,'2024-11-30 12:58:42','2024-11-30 12:58:42',NULL),
(109,109,1,'photo','public',NULL,NULL,NULL,'sticker','sticker/4/2024/11/30/e47b1a0d-85da-49eb-96b2-05428f2b2c34_origin.jpg','origin','a12.gif','4391','image/jpg','jpg',112,112,NULL,'2024-11-30 12:58:43','2024-11-30 12:58:43',NULL),
(110,109,0,'photo','public',NULL,NULL,NULL,'sticker','sticker/4/2024/11/30/e47b1a0d-85da-49eb-96b2-05428f2b2c34_75.jpg','75','a12.gif','2837','image/jpg','jpg',75,75,NULL,'2024-11-30 12:58:43','2024-11-30 12:58:43',NULL),
(111,109,0,'photo','public',NULL,NULL,NULL,'sticker','sticker/4/2024/11/30/e47b1a0d-85da-49eb-96b2-05428f2b2c34_100.jpg','100','a12.gif','3464','image/jpg','jpg',100,100,NULL,'2024-11-30 12:58:43','2024-11-30 12:58:43',NULL),
(112,112,1,'photo','public',NULL,NULL,NULL,'sticker','sticker/5/2024/11/30/e47b1a0d-85da-49eb-96b2-05428f2b2c34_origin.jpg','origin','a13.gif','7552','image/jpg','jpg',101,200,NULL,'2024-11-30 12:58:43','2024-11-30 12:58:43',NULL),
(113,112,0,'photo','public',NULL,NULL,NULL,'sticker','sticker/5/2024/11/30/e47b1a0d-85da-49eb-96b2-05428f2b2c34_75.jpg','75','a13.gif','4285','image/jpg','jpg',75,148,NULL,'2024-11-30 12:58:43','2024-11-30 12:58:43',NULL),
(114,112,0,'photo','public',NULL,NULL,NULL,'sticker','sticker/5/2024/11/30/e47b1a0d-85da-49eb-96b2-05428f2b2c34_100.jpg','100','a13.gif','7034','image/jpg','jpg',100,198,NULL,'2024-11-30 12:58:43','2024-11-30 12:58:43',NULL),
(115,115,1,'photo','public',NULL,NULL,NULL,'sticker','sticker/6/2024/11/30/e47b1a0d-85da-49eb-96b2-05428f2b2c34_origin.jpg','origin','a14.gif','6009','image/jpg','jpg',112,112,NULL,'2024-11-30 12:58:43','2024-11-30 12:58:43',NULL),
(116,115,0,'photo','public',NULL,NULL,NULL,'sticker','sticker/6/2024/11/30/e47b1a0d-85da-49eb-96b2-05428f2b2c34_75.jpg','75','a14.gif','3151','image/jpg','jpg',75,75,NULL,'2024-11-30 12:58:43','2024-11-30 12:58:43',NULL),
(117,115,0,'photo','public',NULL,NULL,NULL,'sticker','sticker/6/2024/11/30/e47b1a0d-85da-49eb-96b2-05428f2b2c34_100.jpg','100','a14.gif','4692','image/jpg','jpg',100,100,NULL,'2024-11-30 12:58:43','2024-11-30 12:58:43',NULL),
(118,118,1,'photo','public',NULL,NULL,NULL,'sticker','sticker/7/2024/11/30/e47b1a0d-85da-49eb-96b2-05428f2b2c34_origin.jpg','origin','a15.gif','4341','image/jpg','jpg',111,112,NULL,'2024-11-30 12:58:43','2024-11-30 12:58:43',NULL),
(119,118,0,'photo','public',NULL,NULL,NULL,'sticker','sticker/7/2024/11/30/e47b1a0d-85da-49eb-96b2-05428f2b2c34_75.jpg','75','a15.gif','3312','image/jpg','jpg',75,75,NULL,'2024-11-30 12:58:43','2024-11-30 12:58:43',NULL),
(120,118,0,'photo','public',NULL,NULL,NULL,'sticker','sticker/7/2024/11/30/e47b1a0d-85da-49eb-96b2-05428f2b2c34_100.jpg','100','a15.gif','5041','image/jpg','jpg',100,100,NULL,'2024-11-30 12:58:43','2024-11-30 12:58:43',NULL),
(121,121,1,'photo','public',NULL,NULL,NULL,'sticker','sticker/8/2024/11/30/e47b1a0d-85da-49eb-96b2-05428f2b2c34_origin.jpg','origin','a16.gif','4603','image/jpg','jpg',112,112,NULL,'2024-11-30 12:58:43','2024-11-30 12:58:43',NULL),
(122,121,0,'photo','public',NULL,NULL,NULL,'sticker','sticker/8/2024/11/30/e47b1a0d-85da-49eb-96b2-05428f2b2c34_75.jpg','75','a16.gif','3545','image/jpg','jpg',75,75,NULL,'2024-11-30 12:58:43','2024-11-30 12:58:43',NULL),
(123,121,0,'photo','public',NULL,NULL,NULL,'sticker','sticker/8/2024/11/30/e47b1a0d-85da-49eb-96b2-05428f2b2c34_100.jpg','100','a16.gif','4869','image/jpg','jpg',100,100,NULL,'2024-11-30 12:58:43','2024-11-30 12:58:43',NULL),
(124,124,1,'photo','public',NULL,NULL,NULL,'sticker','sticker/9/2024/11/30/e47b1a0d-85da-49eb-96b2-05428f2b2c34_origin.jpg','origin','a17.gif','5618','image/jpg','jpg',178,200,NULL,'2024-11-30 12:58:43','2024-11-30 12:58:43',NULL),
(125,124,0,'photo','public',NULL,NULL,NULL,'sticker','sticker/9/2024/11/30/e47b1a0d-85da-49eb-96b2-05428f2b2c34_75.jpg','75','a17.gif','2562','image/jpg','jpg',75,84,NULL,'2024-11-30 12:58:43','2024-11-30 12:58:43',NULL),
(126,124,0,'photo','public',NULL,NULL,NULL,'sticker','sticker/9/2024/11/30/e47b1a0d-85da-49eb-96b2-05428f2b2c34_100.jpg','100','a17.gif','3819','image/jpg','jpg',100,112,NULL,'2024-11-30 12:58:43','2024-11-30 12:58:43',NULL),
(127,124,0,'photo','public',NULL,NULL,NULL,'sticker','sticker/9/2024/11/30/e47b1a0d-85da-49eb-96b2-05428f2b2c34_150.jpg','150','a17.gif','6497','image/jpg','jpg',150,168,NULL,'2024-11-30 12:58:43','2024-11-30 12:58:43',NULL),
(128,128,1,'photo','public',NULL,NULL,NULL,'sticker','sticker/10/2024/11/30/e47b1a0d-85da-49eb-96b2-05428f2b2c34_origin.jpg','origin','a18.gif','9229','image/jpg','jpg',128,128,NULL,'2024-11-30 12:58:43','2024-11-30 12:58:43',NULL),
(129,128,0,'photo','public',NULL,NULL,NULL,'sticker','sticker/10/2024/11/30/e47b1a0d-85da-49eb-96b2-05428f2b2c34_75.jpg','75','a18.gif','3845','image/jpg','jpg',75,75,NULL,'2024-11-30 12:58:43','2024-11-30 12:58:43',NULL),
(130,128,0,'photo','public',NULL,NULL,NULL,'sticker','sticker/10/2024/11/30/e47b1a0d-85da-49eb-96b2-05428f2b2c34_100.jpg','100','a18.gif','5536','image/jpg','jpg',100,100,NULL,'2024-11-30 12:58:43','2024-11-30 12:58:43',NULL),
(131,131,1,'photo','public',NULL,NULL,NULL,'sticker','sticker/11/2024/11/30/e47b1a0d-85da-49eb-96b2-05428f2b2c34_origin.jpg','origin','a19.gif','7900','image/jpg','jpg',128,128,NULL,'2024-11-30 12:58:43','2024-11-30 12:58:43',NULL),
(132,131,0,'photo','public',NULL,NULL,NULL,'sticker','sticker/11/2024/11/30/e47b1a0d-85da-49eb-96b2-05428f2b2c34_75.jpg','75','a19.gif','4247','image/jpg','jpg',75,75,NULL,'2024-11-30 12:58:43','2024-11-30 12:58:43',NULL),
(133,131,0,'photo','public',NULL,NULL,NULL,'sticker','sticker/11/2024/11/30/e47b1a0d-85da-49eb-96b2-05428f2b2c34_100.jpg','100','a19.gif','6264','image/jpg','jpg',100,100,NULL,'2024-11-30 12:58:43','2024-11-30 12:58:43',NULL),
(134,134,1,'photo','public',NULL,NULL,NULL,'sticker','sticker/12/2024/11/30/e47b1a0d-85da-49eb-96b2-05428f2b2c34_origin.jpg','origin','a2.gif','2672','image/jpg','jpg',112,112,NULL,'2024-11-30 12:58:44','2024-11-30 12:58:44',NULL),
(135,134,0,'photo','public',NULL,NULL,NULL,'sticker','sticker/12/2024/11/30/e47b1a0d-85da-49eb-96b2-05428f2b2c34_75.jpg','75','a2.gif','4066','image/jpg','jpg',75,75,NULL,'2024-11-30 12:58:44','2024-11-30 12:58:44',NULL),
(136,134,0,'photo','public',NULL,NULL,NULL,'sticker','sticker/12/2024/11/30/e47b1a0d-85da-49eb-96b2-05428f2b2c34_100.jpg','100','a2.gif','5939','image/jpg','jpg',100,100,NULL,'2024-11-30 12:58:44','2024-11-30 12:58:44',NULL),
(137,137,1,'photo','public',NULL,NULL,NULL,'sticker','sticker/13/2024/11/30/e47b1a0d-85da-49eb-96b2-05428f2b2c34_origin.jpg','origin','a20.gif','6763','image/jpg','jpg',112,112,NULL,'2024-11-30 12:58:44','2024-11-30 12:58:44',NULL),
(138,137,0,'photo','public',NULL,NULL,NULL,'sticker','sticker/13/2024/11/30/e47b1a0d-85da-49eb-96b2-05428f2b2c34_75.jpg','75','a20.gif','3979','image/jpg','jpg',75,75,NULL,'2024-11-30 12:58:44','2024-11-30 12:58:44',NULL),
(139,137,0,'photo','public',NULL,NULL,NULL,'sticker','sticker/13/2024/11/30/e47b1a0d-85da-49eb-96b2-05428f2b2c34_100.jpg','100','a20.gif','5746','image/jpg','jpg',100,100,NULL,'2024-11-30 12:58:44','2024-11-30 12:58:44',NULL),
(140,140,1,'photo','public',NULL,NULL,NULL,'sticker','sticker/14/2024/11/30/e47b1a0d-85da-49eb-96b2-05428f2b2c34_origin.jpg','origin','a21.gif','3795','image/jpg','jpg',98,100,NULL,'2024-11-30 12:58:44','2024-11-30 12:58:44',NULL),
(141,140,0,'photo','public',NULL,NULL,NULL,'sticker','sticker/14/2024/11/30/e47b1a0d-85da-49eb-96b2-05428f2b2c34_75.jpg','75','a21.gif','3877','image/jpg','jpg',75,76,NULL,'2024-11-30 12:58:44','2024-11-30 12:58:44',NULL),
(142,142,1,'photo','public',NULL,NULL,NULL,'sticker','sticker/15/2024/11/30/e47b1a0d-85da-49eb-96b2-05428f2b2c34_origin.jpg','origin','a22.gif','11482','image/jpg','jpg',127,128,NULL,'2024-11-30 12:58:44','2024-11-30 12:58:44',NULL),
(143,142,0,'photo','public',NULL,NULL,NULL,'sticker','sticker/15/2024/11/30/e47b1a0d-85da-49eb-96b2-05428f2b2c34_75.jpg','75','a22.gif','4247','image/jpg','jpg',75,75,NULL,'2024-11-30 12:58:44','2024-11-30 12:58:44',NULL),
(144,142,0,'photo','public',NULL,NULL,NULL,'sticker','sticker/15/2024/11/30/e47b1a0d-85da-49eb-96b2-05428f2b2c34_100.jpg','100','a22.gif','6377','image/jpg','jpg',100,100,NULL,'2024-11-30 12:58:44','2024-11-30 12:58:44',NULL),
(145,145,1,'photo','public',NULL,NULL,NULL,'sticker','sticker/16/2024/11/30/e47b1a0d-85da-49eb-96b2-05428f2b2c34_origin.jpg','origin','a23.gif','5436','image/jpg','jpg',112,112,NULL,'2024-11-30 12:58:44','2024-11-30 12:58:44',NULL),
(146,145,0,'photo','public',NULL,NULL,NULL,'sticker','sticker/16/2024/11/30/e47b1a0d-85da-49eb-96b2-05428f2b2c34_75.jpg','75','a23.gif','3698','image/jpg','jpg',75,75,NULL,'2024-11-30 12:58:44','2024-11-30 12:58:44',NULL),
(147,145,0,'photo','public',NULL,NULL,NULL,'sticker','sticker/16/2024/11/30/e47b1a0d-85da-49eb-96b2-05428f2b2c34_100.jpg','100','a23.gif','5240','image/jpg','jpg',100,100,NULL,'2024-11-30 12:58:44','2024-11-30 12:58:44',NULL),
(148,148,1,'photo','public',NULL,NULL,NULL,'sticker','sticker/17/2024/11/30/e47b1a0d-85da-49eb-96b2-05428f2b2c34_origin.jpg','origin','a24.gif','4204','image/jpg','jpg',112,112,NULL,'2024-11-30 12:58:44','2024-11-30 12:58:44',NULL),
(149,148,0,'photo','public',NULL,NULL,NULL,'sticker','sticker/17/2024/11/30/e47b1a0d-85da-49eb-96b2-05428f2b2c34_75.jpg','75','a24.gif','3137','image/jpg','jpg',75,75,NULL,'2024-11-30 12:58:44','2024-11-30 12:58:44',NULL),
(150,148,0,'photo','public',NULL,NULL,NULL,'sticker','sticker/17/2024/11/30/e47b1a0d-85da-49eb-96b2-05428f2b2c34_100.jpg','100','a24.gif','4695','image/jpg','jpg',100,100,NULL,'2024-11-30 12:58:44','2024-11-30 12:58:44',NULL),
(151,151,1,'photo','public',NULL,NULL,NULL,'sticker','sticker/18/2024/11/30/e47b1a0d-85da-49eb-96b2-05428f2b2c34_origin.jpg','origin','a25.gif','4696','image/jpg','jpg',109,112,NULL,'2024-11-30 12:58:44','2024-11-30 12:58:44',NULL),
(152,151,0,'photo','public',NULL,NULL,NULL,'sticker','sticker/18/2024/11/30/e47b1a0d-85da-49eb-96b2-05428f2b2c34_75.jpg','75','a25.gif','3371','image/jpg','jpg',75,77,NULL,'2024-11-30 12:58:44','2024-11-30 12:58:44',NULL),
(153,151,0,'photo','public',NULL,NULL,NULL,'sticker','sticker/18/2024/11/30/e47b1a0d-85da-49eb-96b2-05428f2b2c34_100.jpg','100','a25.gif','4765','image/jpg','jpg',100,102,NULL,'2024-11-30 12:58:44','2024-11-30 12:58:44',NULL),
(154,154,1,'photo','public',NULL,NULL,NULL,'sticker','sticker/19/2024/11/30/e47b1a0d-85da-49eb-96b2-05428f2b2c34_origin.jpg','origin','a26.gif','5689','image/jpg','jpg',122,119,NULL,'2024-11-30 12:58:44','2024-11-30 12:58:44',NULL),
(155,154,0,'photo','public',NULL,NULL,NULL,'sticker','sticker/19/2024/11/30/e47b1a0d-85da-49eb-96b2-05428f2b2c34_75.jpg','75','a26.gif','2932','image/jpg','jpg',75,73,NULL,'2024-11-30 12:58:44','2024-11-30 12:58:44',NULL),
(156,154,0,'photo','public',NULL,NULL,NULL,'sticker','sticker/19/2024/11/30/e47b1a0d-85da-49eb-96b2-05428f2b2c34_100.jpg','100','a26.gif','4583','image/jpg','jpg',100,97,NULL,'2024-11-30 12:58:44','2024-11-30 12:58:44',NULL),
(157,157,1,'photo','public',NULL,NULL,NULL,'sticker','sticker/20/2024/11/30/e47b1a0d-85da-49eb-96b2-05428f2b2c34_origin.jpg','origin','a27.gif','2630','image/jpg','jpg',128,128,NULL,'2024-11-30 12:58:44','2024-11-30 12:58:44',NULL),
(158,157,0,'photo','public',NULL,NULL,NULL,'sticker','sticker/20/2024/11/30/e47b1a0d-85da-49eb-96b2-05428f2b2c34_75.jpg','75','a27.gif','3075','image/jpg','jpg',75,75,NULL,'2024-11-30 12:58:44','2024-11-30 12:58:44',NULL),
(159,157,0,'photo','public',NULL,NULL,NULL,'sticker','sticker/20/2024/11/30/e47b1a0d-85da-49eb-96b2-05428f2b2c34_100.jpg','100','a27.gif','4303','image/jpg','jpg',100,100,NULL,'2024-11-30 12:58:44','2024-11-30 12:58:44',NULL),
(160,160,1,'photo','public',NULL,NULL,NULL,'sticker','sticker/21/2024/11/30/e47b1a0d-85da-49eb-96b2-05428f2b2c34_origin.jpg','origin','a28.gif','12288','image/jpg','jpg',200,200,NULL,'2024-11-30 12:58:44','2024-11-30 12:58:44',NULL),
(161,160,0,'photo','public',NULL,NULL,NULL,'sticker','sticker/21/2024/11/30/e47b1a0d-85da-49eb-96b2-05428f2b2c34_75.jpg','75','a28.gif','3532','image/jpg','jpg',75,75,NULL,'2024-11-30 12:58:44','2024-11-30 12:58:44',NULL),
(162,160,0,'photo','public',NULL,NULL,NULL,'sticker','sticker/21/2024/11/30/e47b1a0d-85da-49eb-96b2-05428f2b2c34_100.jpg','100','a28.gif','5047','image/jpg','jpg',100,100,NULL,'2024-11-30 12:58:44','2024-11-30 12:58:44',NULL),
(163,160,0,'photo','public',NULL,NULL,NULL,'sticker','sticker/21/2024/11/30/e47b1a0d-85da-49eb-96b2-05428f2b2c34_150.jpg','150','a28.gif','8397','image/jpg','jpg',150,150,NULL,'2024-11-30 12:58:44','2024-11-30 12:58:44',NULL),
(164,164,1,'photo','public',NULL,NULL,NULL,'sticker','sticker/22/2024/11/30/e47b1a0d-85da-49eb-96b2-05428f2b2c34_origin.jpg','origin','a29.gif','6174','image/jpg','jpg',112,112,NULL,'2024-11-30 12:58:44','2024-11-30 12:58:44',NULL),
(165,164,0,'photo','public',NULL,NULL,NULL,'sticker','sticker/22/2024/11/30/e47b1a0d-85da-49eb-96b2-05428f2b2c34_75.jpg','75','a29.gif','3719','image/jpg','jpg',75,75,NULL,'2024-11-30 12:58:44','2024-11-30 12:58:44',NULL),
(166,164,0,'photo','public',NULL,NULL,NULL,'sticker','sticker/22/2024/11/30/e47b1a0d-85da-49eb-96b2-05428f2b2c34_100.jpg','100','a29.gif','5445','image/jpg','jpg',100,100,NULL,'2024-11-30 12:58:44','2024-11-30 12:58:44',NULL),
(167,167,1,'photo','public',NULL,NULL,NULL,'sticker','sticker/23/2024/11/30/e47b1a0d-85da-49eb-96b2-05428f2b2c34_origin.jpg','origin','a3.gif','6002','image/jpg','jpg',112,112,NULL,'2024-11-30 12:58:44','2024-11-30 12:58:44',NULL),
(168,167,0,'photo','public',NULL,NULL,NULL,'sticker','sticker/23/2024/11/30/e47b1a0d-85da-49eb-96b2-05428f2b2c34_75.jpg','75','a3.gif','3303','image/jpg','jpg',75,75,NULL,'2024-11-30 12:58:44','2024-11-30 12:58:44',NULL),
(169,167,0,'photo','public',NULL,NULL,NULL,'sticker','sticker/23/2024/11/30/e47b1a0d-85da-49eb-96b2-05428f2b2c34_100.jpg','100','a3.gif','4565','image/jpg','jpg',100,100,NULL,'2024-11-30 12:58:44','2024-11-30 12:58:44',NULL),
(170,170,1,'photo','public',NULL,NULL,NULL,'sticker','sticker/24/2024/11/30/e47b1a0d-85da-49eb-96b2-05428f2b2c34_origin.jpg','origin','a30.gif','9958','image/jpg','jpg',112,112,NULL,'2024-11-30 12:58:44','2024-11-30 12:58:44',NULL),
(171,170,0,'photo','public',NULL,NULL,NULL,'sticker','sticker/24/2024/11/30/e47b1a0d-85da-49eb-96b2-05428f2b2c34_75.jpg','75','a30.gif','4894','image/jpg','jpg',75,75,NULL,'2024-11-30 12:58:44','2024-11-30 12:58:44',NULL),
(172,170,0,'photo','public',NULL,NULL,NULL,'sticker','sticker/24/2024/11/30/e47b1a0d-85da-49eb-96b2-05428f2b2c34_100.jpg','100','a30.gif','7503','image/jpg','jpg',100,100,NULL,'2024-11-30 12:58:44','2024-11-30 12:58:44',NULL),
(173,173,1,'photo','public',NULL,NULL,NULL,'sticker','sticker/25/2024/11/30/e47b1a0d-85da-49eb-96b2-05428f2b2c34_origin.jpg','origin','a31.gif','2788','image/jpg','jpg',56,56,NULL,'2024-11-30 12:58:44','2024-11-30 12:58:44',NULL),
(174,174,1,'photo','public',NULL,NULL,NULL,'sticker','sticker/26/2024/11/30/e47b1a0d-85da-49eb-96b2-05428f2b2c34_origin.jpg','origin','a32.gif','8040','image/jpg','jpg',111,112,NULL,'2024-11-30 12:58:44','2024-11-30 12:58:44',NULL),
(175,174,0,'photo','public',NULL,NULL,NULL,'sticker','sticker/26/2024/11/30/e47b1a0d-85da-49eb-96b2-05428f2b2c34_75.jpg','75','a32.gif','4542','image/jpg','jpg',75,75,NULL,'2024-11-30 12:58:44','2024-11-30 12:58:44',NULL),
(176,174,0,'photo','public',NULL,NULL,NULL,'sticker','sticker/26/2024/11/30/e47b1a0d-85da-49eb-96b2-05428f2b2c34_100.jpg','100','a32.gif','6308','image/jpg','jpg',100,100,NULL,'2024-11-30 12:58:44','2024-11-30 12:58:44',NULL),
(177,177,1,'photo','public',NULL,NULL,NULL,'sticker','sticker/27/2024/11/30/e47b1a0d-85da-49eb-96b2-05428f2b2c34_origin.jpg','origin','a33.gif','4355','image/jpg','jpg',112,112,NULL,'2024-11-30 12:58:45','2024-11-30 12:58:45',NULL),
(178,177,0,'photo','public',NULL,NULL,NULL,'sticker','sticker/27/2024/11/30/e47b1a0d-85da-49eb-96b2-05428f2b2c34_75.jpg','75','a33.gif','2694','image/jpg','jpg',75,75,NULL,'2024-11-30 12:58:45','2024-11-30 12:58:45',NULL),
(179,177,0,'photo','public',NULL,NULL,NULL,'sticker','sticker/27/2024/11/30/e47b1a0d-85da-49eb-96b2-05428f2b2c34_100.jpg','100','a33.gif','3990','image/jpg','jpg',100,100,NULL,'2024-11-30 12:58:45','2024-11-30 12:58:45',NULL),
(180,180,1,'photo','public',NULL,NULL,NULL,'sticker','sticker/28/2024/11/30/e47b1a0d-85da-49eb-96b2-05428f2b2c34_origin.jpg','origin','a34.gif','4394','image/jpg','jpg',108,111,NULL,'2024-11-30 12:58:45','2024-11-30 12:58:45',NULL),
(181,180,0,'photo','public',NULL,NULL,NULL,'sticker','sticker/28/2024/11/30/e47b1a0d-85da-49eb-96b2-05428f2b2c34_75.jpg','75','a34.gif','3190','image/jpg','jpg',75,77,NULL,'2024-11-30 12:58:45','2024-11-30 12:58:45',NULL),
(182,180,0,'photo','public',NULL,NULL,NULL,'sticker','sticker/28/2024/11/30/e47b1a0d-85da-49eb-96b2-05428f2b2c34_100.jpg','100','a34.gif','4595','image/jpg','jpg',100,102,NULL,'2024-11-30 12:58:45','2024-11-30 12:58:45',NULL),
(183,183,1,'photo','public',NULL,NULL,NULL,'sticker','sticker/29/2024/11/30/e47b1a0d-85da-49eb-96b2-05428f2b2c34_origin.jpg','origin','a35.gif','4605','image/jpg','jpg',100,100,NULL,'2024-11-30 12:58:45','2024-11-30 12:58:45',NULL),
(184,183,0,'photo','public',NULL,NULL,NULL,'sticker','sticker/29/2024/11/30/e47b1a0d-85da-49eb-96b2-05428f2b2c34_75.jpg','75','a35.gif','3545','image/jpg','jpg',75,75,NULL,'2024-11-30 12:58:45','2024-11-30 12:58:45',NULL),
(185,185,1,'photo','public',NULL,NULL,NULL,'sticker','sticker/30/2024/11/30/e47b1a0d-85da-49eb-96b2-05428f2b2c34_origin.jpg','origin','a36.gif','8971','image/jpg','jpg',128,128,NULL,'2024-11-30 12:58:45','2024-11-30 12:58:45',NULL),
(186,185,0,'photo','public',NULL,NULL,NULL,'sticker','sticker/30/2024/11/30/e47b1a0d-85da-49eb-96b2-05428f2b2c34_75.jpg','75','a36.gif','3755','image/jpg','jpg',75,75,NULL,'2024-11-30 12:58:45','2024-11-30 12:58:45',NULL),
(187,185,0,'photo','public',NULL,NULL,NULL,'sticker','sticker/30/2024/11/30/e47b1a0d-85da-49eb-96b2-05428f2b2c34_100.jpg','100','a36.gif','5617','image/jpg','jpg',100,100,NULL,'2024-11-30 12:58:45','2024-11-30 12:58:45',NULL),
(188,188,1,'photo','public',NULL,NULL,NULL,'sticker','sticker/31/2024/11/30/e47b1a0d-85da-49eb-96b2-05428f2b2c34_origin.jpg','origin','a37.gif','5433','image/jpg','jpg',86,100,NULL,'2024-11-30 12:58:45','2024-11-30 12:58:45',NULL),
(189,188,0,'photo','public',NULL,NULL,NULL,'sticker','sticker/31/2024/11/30/e47b1a0d-85da-49eb-96b2-05428f2b2c34_75.jpg','75','a37.gif','4307','image/jpg','jpg',75,87,NULL,'2024-11-30 12:58:45','2024-11-30 12:58:45',NULL),
(190,190,1,'photo','public',NULL,NULL,NULL,'sticker','sticker/32/2024/11/30/e47b1a0d-85da-49eb-96b2-05428f2b2c34_origin.jpg','origin','a38.gif','4148','image/jpg','jpg',128,128,NULL,'2024-11-30 12:58:45','2024-11-30 12:58:45',NULL),
(191,190,0,'photo','public',NULL,NULL,NULL,'sticker','sticker/32/2024/11/30/e47b1a0d-85da-49eb-96b2-05428f2b2c34_75.jpg','75','a38.gif','3845','image/jpg','jpg',75,75,NULL,'2024-11-30 12:58:45','2024-11-30 12:58:45',NULL),
(192,190,0,'photo','public',NULL,NULL,NULL,'sticker','sticker/32/2024/11/30/e47b1a0d-85da-49eb-96b2-05428f2b2c34_100.jpg','100','a38.gif','5463','image/jpg','jpg',100,100,NULL,'2024-11-30 12:58:45','2024-11-30 12:58:45',NULL),
(193,193,1,'photo','public',NULL,NULL,NULL,'sticker','sticker/33/2024/11/30/e47b1a0d-85da-49eb-96b2-05428f2b2c34_origin.jpg','origin','a39.gif','5506','image/jpg','jpg',100,100,NULL,'2024-11-30 12:58:45','2024-11-30 12:58:45',NULL),
(194,193,0,'photo','public',NULL,NULL,NULL,'sticker','sticker/33/2024/11/30/e47b1a0d-85da-49eb-96b2-05428f2b2c34_75.jpg','75','a39.gif','3617','image/jpg','jpg',75,75,NULL,'2024-11-30 12:58:45','2024-11-30 12:58:45',NULL),
(195,195,1,'photo','public',NULL,NULL,NULL,'sticker','sticker/34/2024/11/30/e47b1a0d-85da-49eb-96b2-05428f2b2c34_origin.jpg','origin','a4.gif','8918','image/jpg','jpg',112,112,NULL,'2024-11-30 12:58:45','2024-11-30 12:58:45',NULL),
(196,195,0,'photo','public',NULL,NULL,NULL,'sticker','sticker/34/2024/11/30/e47b1a0d-85da-49eb-96b2-05428f2b2c34_75.jpg','75','a4.gif','4472','image/jpg','jpg',75,75,NULL,'2024-11-30 12:58:45','2024-11-30 12:58:45',NULL),
(197,195,0,'photo','public',NULL,NULL,NULL,'sticker','sticker/34/2024/11/30/e47b1a0d-85da-49eb-96b2-05428f2b2c34_100.jpg','100','a4.gif','6591','image/jpg','jpg',100,100,NULL,'2024-11-30 12:58:45','2024-11-30 12:58:45',NULL),
(198,198,1,'photo','public',NULL,NULL,NULL,'sticker','sticker/35/2024/11/30/e47b1a0d-85da-49eb-96b2-05428f2b2c34_origin.jpg','origin','a40.gif','7306','image/jpg','jpg',128,121,NULL,'2024-11-30 12:58:45','2024-11-30 12:58:45',NULL),
(199,198,0,'photo','public',NULL,NULL,NULL,'sticker','sticker/35/2024/11/30/e47b1a0d-85da-49eb-96b2-05428f2b2c34_75.jpg','75','a40.gif','3889','image/jpg','jpg',75,70,NULL,'2024-11-30 12:58:45','2024-11-30 12:58:45',NULL),
(200,198,0,'photo','public',NULL,NULL,NULL,'sticker','sticker/35/2024/11/30/e47b1a0d-85da-49eb-96b2-05428f2b2c34_100.jpg','100','a40.gif','5747','image/jpg','jpg',100,94,NULL,'2024-11-30 12:58:45','2024-11-30 12:58:45',NULL),
(201,201,1,'photo','public',NULL,NULL,NULL,'sticker','sticker/36/2024/11/30/e47b1a0d-85da-49eb-96b2-05428f2b2c34_origin.jpg','origin','a5.gif','6564','image/jpg','jpg',111,100,NULL,'2024-11-30 12:58:45','2024-11-30 12:58:45',NULL),
(202,201,0,'photo','public',NULL,NULL,NULL,'sticker','sticker/36/2024/11/30/e47b1a0d-85da-49eb-96b2-05428f2b2c34_75.jpg','75','a5.gif','3246','image/jpg','jpg',75,67,NULL,'2024-11-30 12:58:45','2024-11-30 12:58:45',NULL),
(203,201,0,'photo','public',NULL,NULL,NULL,'sticker','sticker/36/2024/11/30/e47b1a0d-85da-49eb-96b2-05428f2b2c34_100.jpg','100','a5.gif','4927','image/jpg','jpg',100,90,NULL,'2024-11-30 12:58:45','2024-11-30 12:58:45',NULL),
(204,204,1,'photo','public',NULL,NULL,NULL,'sticker','sticker/37/2024/11/30/e47b1a0d-85da-49eb-96b2-05428f2b2c34_origin.jpg','origin','a6.gif','2999','image/jpg','jpg',56,56,NULL,'2024-11-30 12:58:45','2024-11-30 12:58:45',NULL),
(205,205,1,'photo','public',NULL,NULL,NULL,'sticker','sticker/38/2024/11/30/e47b1a0d-85da-49eb-96b2-05428f2b2c34_origin.jpg','origin','a7.gif','12590','image/jpg','jpg',200,186,NULL,'2024-11-30 12:58:45','2024-11-30 12:58:45',NULL),
(206,205,0,'photo','public',NULL,NULL,NULL,'sticker','sticker/38/2024/11/30/e47b1a0d-85da-49eb-96b2-05428f2b2c34_75.jpg','75','a7.gif','3816','image/jpg','jpg',75,69,NULL,'2024-11-30 12:58:45','2024-11-30 12:58:45',NULL),
(207,205,0,'photo','public',NULL,NULL,NULL,'sticker','sticker/38/2024/11/30/e47b1a0d-85da-49eb-96b2-05428f2b2c34_100.jpg','100','a7.gif','5192','image/jpg','jpg',100,93,NULL,'2024-11-30 12:58:45','2024-11-30 12:58:45',NULL),
(208,205,0,'photo','public',NULL,NULL,NULL,'sticker','sticker/38/2024/11/30/e47b1a0d-85da-49eb-96b2-05428f2b2c34_150.jpg','150','a7.gif','8810','image/jpg','jpg',150,139,NULL,'2024-11-30 12:58:45','2024-11-30 12:58:45',NULL),
(209,209,1,'photo','public',NULL,NULL,NULL,'sticker','sticker/39/2024/11/30/e47b1a0d-85da-49eb-96b2-05428f2b2c34_origin.jpg','origin','a8.gif','8062','image/jpg','jpg',112,112,NULL,'2024-11-30 12:58:45','2024-11-30 12:58:45',NULL),
(210,209,0,'photo','public',NULL,NULL,NULL,'sticker','sticker/39/2024/11/30/e47b1a0d-85da-49eb-96b2-05428f2b2c34_75.jpg','75','a8.gif','4762','image/jpg','jpg',75,75,NULL,'2024-11-30 12:58:45','2024-11-30 12:58:45',NULL),
(211,209,0,'photo','public',NULL,NULL,NULL,'sticker','sticker/39/2024/11/30/e47b1a0d-85da-49eb-96b2-05428f2b2c34_100.jpg','100','a8.gif','7287','image/jpg','jpg',100,100,NULL,'2024-11-30 12:58:45','2024-11-30 12:58:45',NULL),
(212,212,1,'photo','public',NULL,NULL,NULL,'sticker','sticker/40/2024/11/30/e47b1a0d-85da-49eb-96b2-05428f2b2c34_origin.jpg','origin','a9.gif','5400','image/jpg','jpg',112,112,NULL,'2024-11-30 12:58:46','2024-11-30 12:58:46',NULL),
(213,212,0,'photo','public',NULL,NULL,NULL,'sticker','sticker/40/2024/11/30/e47b1a0d-85da-49eb-96b2-05428f2b2c34_75.jpg','75','a9.gif','4689','image/jpg','jpg',75,75,NULL,'2024-11-30 12:58:46','2024-11-30 12:58:46',NULL),
(214,212,0,'photo','public',NULL,NULL,NULL,'sticker','sticker/40/2024/11/30/e47b1a0d-85da-49eb-96b2-05428f2b2c34_100.jpg','100','a9.gif','7121','image/jpg','jpg',100,100,NULL,'2024-11-30 12:58:46','2024-11-30 12:58:46',NULL),
(215,215,1,'photo','public',NULL,NULL,NULL,'sticker','sticker/41/2024/11/30/e47b1a0d-85da-49eb-96b2-05428f2b2c34_origin.jpg','origin','a1.gif','9467','image/jpg','jpg',240,240,NULL,'2024-11-30 12:58:46','2024-11-30 12:58:46',NULL),
(216,215,0,'photo','public',NULL,NULL,NULL,'sticker','sticker/41/2024/11/30/e47b1a0d-85da-49eb-96b2-05428f2b2c34_75.jpg','75','a1.gif','3099','image/jpg','jpg',75,75,NULL,'2024-11-30 12:58:46','2024-11-30 12:58:46',NULL),
(217,215,0,'photo','public',NULL,NULL,NULL,'sticker','sticker/41/2024/11/30/e47b1a0d-85da-49eb-96b2-05428f2b2c34_100.jpg','100','a1.gif','4496','image/jpg','jpg',100,100,NULL,'2024-11-30 12:58:46','2024-11-30 12:58:46',NULL),
(218,215,0,'photo','public',NULL,NULL,NULL,'sticker','sticker/41/2024/11/30/e47b1a0d-85da-49eb-96b2-05428f2b2c34_150.jpg','150','a1.gif','8005','image/jpg','jpg',150,150,NULL,'2024-11-30 12:58:46','2024-11-30 12:58:46',NULL),
(219,219,1,'photo','public',NULL,NULL,NULL,'sticker','sticker/42/2024/11/30/e47b1a0d-85da-49eb-96b2-05428f2b2c34_origin.jpg','origin','a10.gif','7234','image/jpg','jpg',240,240,NULL,'2024-11-30 12:58:46','2024-11-30 12:58:46',NULL),
(220,219,0,'photo','public',NULL,NULL,NULL,'sticker','sticker/42/2024/11/30/e47b1a0d-85da-49eb-96b2-05428f2b2c34_75.jpg','75','a10.gif','2757','image/jpg','jpg',75,75,NULL,'2024-11-30 12:58:46','2024-11-30 12:58:46',NULL),
(221,219,0,'photo','public',NULL,NULL,NULL,'sticker','sticker/42/2024/11/30/e47b1a0d-85da-49eb-96b2-05428f2b2c34_100.jpg','100','a10.gif','3939','image/jpg','jpg',100,100,NULL,'2024-11-30 12:58:46','2024-11-30 12:58:46',NULL),
(222,219,0,'photo','public',NULL,NULL,NULL,'sticker','sticker/42/2024/11/30/e47b1a0d-85da-49eb-96b2-05428f2b2c34_150.jpg','150','a10.gif','6792','image/jpg','jpg',150,150,NULL,'2024-11-30 12:58:46','2024-11-30 12:58:46',NULL),
(223,223,1,'photo','public',NULL,NULL,NULL,'sticker','sticker/43/2024/11/30/e47b1a0d-85da-49eb-96b2-05428f2b2c34_origin.jpg','origin','a11.gif','11723','image/jpg','jpg',240,240,NULL,'2024-11-30 12:58:46','2024-11-30 12:58:46',NULL),
(224,223,0,'photo','public',NULL,NULL,NULL,'sticker','sticker/43/2024/11/30/e47b1a0d-85da-49eb-96b2-05428f2b2c34_75.jpg','75','a11.gif','3400','image/jpg','jpg',75,75,NULL,'2024-11-30 12:58:46','2024-11-30 12:58:46',NULL),
(225,223,0,'photo','public',NULL,NULL,NULL,'sticker','sticker/43/2024/11/30/e47b1a0d-85da-49eb-96b2-05428f2b2c34_100.jpg','100','a11.gif','5117','image/jpg','jpg',100,100,NULL,'2024-11-30 12:58:46','2024-11-30 12:58:46',NULL),
(226,223,0,'photo','public',NULL,NULL,NULL,'sticker','sticker/43/2024/11/30/e47b1a0d-85da-49eb-96b2-05428f2b2c34_150.jpg','150','a11.gif','8813','image/jpg','jpg',150,150,NULL,'2024-11-30 12:58:46','2024-11-30 12:58:46',NULL),
(227,227,1,'photo','public',NULL,NULL,NULL,'sticker','sticker/44/2024/11/30/e47b1a0d-85da-49eb-96b2-05428f2b2c34_origin.jpg','origin','a12.gif','18508','image/jpg','jpg',240,240,NULL,'2024-11-30 12:58:46','2024-11-30 12:58:46',NULL),
(228,227,0,'photo','public',NULL,NULL,NULL,'sticker','sticker/44/2024/11/30/e47b1a0d-85da-49eb-96b2-05428f2b2c34_75.jpg','75','a12.gif','3713','image/jpg','jpg',75,75,NULL,'2024-11-30 12:58:46','2024-11-30 12:58:46',NULL),
(229,227,0,'photo','public',NULL,NULL,NULL,'sticker','sticker/44/2024/11/30/e47b1a0d-85da-49eb-96b2-05428f2b2c34_100.jpg','100','a12.gif','5327','image/jpg','jpg',100,100,NULL,'2024-11-30 12:58:46','2024-11-30 12:58:46',NULL),
(230,227,0,'photo','public',NULL,NULL,NULL,'sticker','sticker/44/2024/11/30/e47b1a0d-85da-49eb-96b2-05428f2b2c34_150.jpg','150','a12.gif','8748','image/jpg','jpg',150,150,NULL,'2024-11-30 12:58:46','2024-11-30 12:58:46',NULL),
(231,231,1,'photo','public',NULL,NULL,NULL,'sticker','sticker/45/2024/11/30/e47b1a0d-85da-49eb-96b2-05428f2b2c34_origin.jpg','origin','a13.gif','11202','image/jpg','jpg',240,240,NULL,'2024-11-30 12:58:46','2024-11-30 12:58:46',NULL),
(232,231,0,'photo','public',NULL,NULL,NULL,'sticker','sticker/45/2024/11/30/e47b1a0d-85da-49eb-96b2-05428f2b2c34_75.jpg','75','a13.gif','3547','image/jpg','jpg',75,75,NULL,'2024-11-30 12:58:46','2024-11-30 12:58:46',NULL),
(233,231,0,'photo','public',NULL,NULL,NULL,'sticker','sticker/45/2024/11/30/e47b1a0d-85da-49eb-96b2-05428f2b2c34_100.jpg','100','a13.gif','5053','image/jpg','jpg',100,100,NULL,'2024-11-30 12:58:46','2024-11-30 12:58:46',NULL),
(234,231,0,'photo','public',NULL,NULL,NULL,'sticker','sticker/45/2024/11/30/e47b1a0d-85da-49eb-96b2-05428f2b2c34_150.jpg','150','a13.gif','9230','image/jpg','jpg',150,150,NULL,'2024-11-30 12:58:46','2024-11-30 12:58:46',NULL),
(235,235,1,'photo','public',NULL,NULL,NULL,'sticker','sticker/46/2024/11/30/e47b1a0d-85da-49eb-96b2-05428f2b2c34_origin.jpg','origin','a14.gif','14327','image/jpg','jpg',240,240,NULL,'2024-11-30 12:58:47','2024-11-30 12:58:47',NULL),
(236,235,0,'photo','public',NULL,NULL,NULL,'sticker','sticker/46/2024/11/30/e47b1a0d-85da-49eb-96b2-05428f2b2c34_75.jpg','75','a14.gif','3033','image/jpg','jpg',75,75,NULL,'2024-11-30 12:58:47','2024-11-30 12:58:47',NULL),
(237,235,0,'photo','public',NULL,NULL,NULL,'sticker','sticker/46/2024/11/30/e47b1a0d-85da-49eb-96b2-05428f2b2c34_100.jpg','100','a14.gif','4374','image/jpg','jpg',100,100,NULL,'2024-11-30 12:58:47','2024-11-30 12:58:47',NULL),
(238,235,0,'photo','public',NULL,NULL,NULL,'sticker','sticker/46/2024/11/30/e47b1a0d-85da-49eb-96b2-05428f2b2c34_150.jpg','150','a14.gif','7497','image/jpg','jpg',150,150,NULL,'2024-11-30 12:58:47','2024-11-30 12:58:47',NULL),
(239,239,1,'photo','public',NULL,NULL,NULL,'sticker','sticker/47/2024/11/30/e47b1a0d-85da-49eb-96b2-05428f2b2c34_origin.jpg','origin','a15.gif','19082','image/jpg','jpg',240,240,NULL,'2024-11-30 12:58:47','2024-11-30 12:58:47',NULL),
(240,239,0,'photo','public',NULL,NULL,NULL,'sticker','sticker/47/2024/11/30/e47b1a0d-85da-49eb-96b2-05428f2b2c34_75.jpg','75','a15.gif','3870','image/jpg','jpg',75,75,NULL,'2024-11-30 12:58:47','2024-11-30 12:58:47',NULL),
(241,239,0,'photo','public',NULL,NULL,NULL,'sticker','sticker/47/2024/11/30/e47b1a0d-85da-49eb-96b2-05428f2b2c34_100.jpg','100','a15.gif','5595','image/jpg','jpg',100,100,NULL,'2024-11-30 12:58:47','2024-11-30 12:58:47',NULL),
(242,239,0,'photo','public',NULL,NULL,NULL,'sticker','sticker/47/2024/11/30/e47b1a0d-85da-49eb-96b2-05428f2b2c34_150.jpg','150','a15.gif','9575','image/jpg','jpg',150,150,NULL,'2024-11-30 12:58:47','2024-11-30 12:58:47',NULL),
(243,243,1,'photo','public',NULL,NULL,NULL,'sticker','sticker/48/2024/11/30/e47b1a0d-85da-49eb-96b2-05428f2b2c34_origin.jpg','origin','a16.gif','11098','image/jpg','jpg',240,240,NULL,'2024-11-30 12:58:47','2024-11-30 12:58:47',NULL),
(244,243,0,'photo','public',NULL,NULL,NULL,'sticker','sticker/48/2024/11/30/e47b1a0d-85da-49eb-96b2-05428f2b2c34_75.jpg','75','a16.gif','3845','image/jpg','jpg',75,75,NULL,'2024-11-30 12:58:47','2024-11-30 12:58:47',NULL),
(245,243,0,'photo','public',NULL,NULL,NULL,'sticker','sticker/48/2024/11/30/e47b1a0d-85da-49eb-96b2-05428f2b2c34_100.jpg','100','a16.gif','5574','image/jpg','jpg',100,100,NULL,'2024-11-30 12:58:47','2024-11-30 12:58:47',NULL),
(246,243,0,'photo','public',NULL,NULL,NULL,'sticker','sticker/48/2024/11/30/e47b1a0d-85da-49eb-96b2-05428f2b2c34_150.jpg','150','a16.gif','9838','image/jpg','jpg',150,150,NULL,'2024-11-30 12:58:47','2024-11-30 12:58:47',NULL),
(247,247,1,'photo','public',NULL,NULL,NULL,'sticker','sticker/49/2024/11/30/e47b1a0d-85da-49eb-96b2-05428f2b2c34_origin.jpg','origin','a17.gif','19002','image/jpg','jpg',240,240,NULL,'2024-11-30 12:58:47','2024-11-30 12:58:47',NULL),
(248,247,0,'photo','public',NULL,NULL,NULL,'sticker','sticker/49/2024/11/30/e47b1a0d-85da-49eb-96b2-05428f2b2c34_75.jpg','75','a17.gif','3379','image/jpg','jpg',75,75,NULL,'2024-11-30 12:58:47','2024-11-30 12:58:47',NULL),
(249,247,0,'photo','public',NULL,NULL,NULL,'sticker','sticker/49/2024/11/30/e47b1a0d-85da-49eb-96b2-05428f2b2c34_100.jpg','100','a17.gif','4605','image/jpg','jpg',100,100,NULL,'2024-11-30 12:58:47','2024-11-30 12:58:47',NULL),
(250,247,0,'photo','public',NULL,NULL,NULL,'sticker','sticker/49/2024/11/30/e47b1a0d-85da-49eb-96b2-05428f2b2c34_150.jpg','150','a17.gif','8516','image/jpg','jpg',150,150,NULL,'2024-11-30 12:58:47','2024-11-30 12:58:47',NULL),
(251,251,1,'photo','public',NULL,NULL,NULL,'sticker','sticker/50/2024/11/30/e47b1a0d-85da-49eb-96b2-05428f2b2c34_origin.jpg','origin','a18.gif','8756','image/jpg','jpg',240,240,NULL,'2024-11-30 12:58:47','2024-11-30 12:58:47',NULL),
(252,251,0,'photo','public',NULL,NULL,NULL,'sticker','sticker/50/2024/11/30/e47b1a0d-85da-49eb-96b2-05428f2b2c34_75.jpg','75','a18.gif','2605','image/jpg','jpg',75,75,NULL,'2024-11-30 12:58:47','2024-11-30 12:58:47',NULL),
(253,251,0,'photo','public',NULL,NULL,NULL,'sticker','sticker/50/2024/11/30/e47b1a0d-85da-49eb-96b2-05428f2b2c34_100.jpg','100','a18.gif','3666','image/jpg','jpg',100,100,NULL,'2024-11-30 12:58:47','2024-11-30 12:58:47',NULL),
(254,251,0,'photo','public',NULL,NULL,NULL,'sticker','sticker/50/2024/11/30/e47b1a0d-85da-49eb-96b2-05428f2b2c34_150.jpg','150','a18.gif','6638','image/jpg','jpg',150,150,NULL,'2024-11-30 12:58:47','2024-11-30 12:58:47',NULL),
(255,255,1,'photo','public',NULL,NULL,NULL,'sticker','sticker/51/2024/11/30/e47b1a0d-85da-49eb-96b2-05428f2b2c34_origin.jpg','origin','a19.gif','11383','image/jpg','jpg',240,240,NULL,'2024-11-30 12:58:47','2024-11-30 12:58:47',NULL),
(256,255,0,'photo','public',NULL,NULL,NULL,'sticker','sticker/51/2024/11/30/e47b1a0d-85da-49eb-96b2-05428f2b2c34_75.jpg','75','a19.gif','3551','image/jpg','jpg',75,75,NULL,'2024-11-30 12:58:47','2024-11-30 12:58:47',NULL),
(257,255,0,'photo','public',NULL,NULL,NULL,'sticker','sticker/51/2024/11/30/e47b1a0d-85da-49eb-96b2-05428f2b2c34_100.jpg','100','a19.gif','5237','image/jpg','jpg',100,100,NULL,'2024-11-30 12:58:47','2024-11-30 12:58:47',NULL),
(258,255,0,'photo','public',NULL,NULL,NULL,'sticker','sticker/51/2024/11/30/e47b1a0d-85da-49eb-96b2-05428f2b2c34_150.jpg','150','a19.gif','9762','image/jpg','jpg',150,150,NULL,'2024-11-30 12:58:47','2024-11-30 12:58:47',NULL),
(259,259,1,'photo','public',NULL,NULL,NULL,'sticker','sticker/52/2024/11/30/e47b1a0d-85da-49eb-96b2-05428f2b2c34_origin.jpg','origin','a2.gif','19222','image/jpg','jpg',240,240,NULL,'2024-11-30 12:58:47','2024-11-30 12:58:47',NULL),
(260,259,0,'photo','public',NULL,NULL,NULL,'sticker','sticker/52/2024/11/30/e47b1a0d-85da-49eb-96b2-05428f2b2c34_75.jpg','75','a2.gif','3505','image/jpg','jpg',75,75,NULL,'2024-11-30 12:58:47','2024-11-30 12:58:47',NULL),
(261,259,0,'photo','public',NULL,NULL,NULL,'sticker','sticker/52/2024/11/30/e47b1a0d-85da-49eb-96b2-05428f2b2c34_100.jpg','100','a2.gif','4948','image/jpg','jpg',100,100,NULL,'2024-11-30 12:58:47','2024-11-30 12:58:47',NULL),
(262,259,0,'photo','public',NULL,NULL,NULL,'sticker','sticker/52/2024/11/30/e47b1a0d-85da-49eb-96b2-05428f2b2c34_150.jpg','150','a2.gif','8799','image/jpg','jpg',150,150,NULL,'2024-11-30 12:58:47','2024-11-30 12:58:47',NULL),
(263,263,1,'photo','public',NULL,NULL,NULL,'sticker','sticker/53/2024/11/30/e47b1a0d-85da-49eb-96b2-05428f2b2c34_origin.jpg','origin','a20.gif','11098','image/jpg','jpg',240,240,NULL,'2024-11-30 12:58:48','2024-11-30 12:58:48',NULL),
(264,263,0,'photo','public',NULL,NULL,NULL,'sticker','sticker/53/2024/11/30/e47b1a0d-85da-49eb-96b2-05428f2b2c34_75.jpg','75','a20.gif','3343','image/jpg','jpg',75,75,NULL,'2024-11-30 12:58:48','2024-11-30 12:58:48',NULL),
(265,263,0,'photo','public',NULL,NULL,NULL,'sticker','sticker/53/2024/11/30/e47b1a0d-85da-49eb-96b2-05428f2b2c34_100.jpg','100','a20.gif','5144','image/jpg','jpg',100,100,NULL,'2024-11-30 12:58:48','2024-11-30 12:58:48',NULL),
(266,263,0,'photo','public',NULL,NULL,NULL,'sticker','sticker/53/2024/11/30/e47b1a0d-85da-49eb-96b2-05428f2b2c34_150.jpg','150','a20.gif','8879','image/jpg','jpg',150,150,NULL,'2024-11-30 12:58:48','2024-11-30 12:58:48',NULL),
(267,267,1,'photo','public',NULL,NULL,NULL,'sticker','sticker/54/2024/11/30/e47b1a0d-85da-49eb-96b2-05428f2b2c34_origin.jpg','origin','a21.gif','11743','image/jpg','jpg',240,240,NULL,'2024-11-30 12:58:48','2024-11-30 12:58:48',NULL),
(268,267,0,'photo','public',NULL,NULL,NULL,'sticker','sticker/54/2024/11/30/e47b1a0d-85da-49eb-96b2-05428f2b2c34_75.jpg','75','a21.gif','3283','image/jpg','jpg',75,75,NULL,'2024-11-30 12:58:48','2024-11-30 12:58:48',NULL),
(269,267,0,'photo','public',NULL,NULL,NULL,'sticker','sticker/54/2024/11/30/e47b1a0d-85da-49eb-96b2-05428f2b2c34_100.jpg','100','a21.gif','4830','image/jpg','jpg',100,100,NULL,'2024-11-30 12:58:48','2024-11-30 12:58:48',NULL),
(270,267,0,'photo','public',NULL,NULL,NULL,'sticker','sticker/54/2024/11/30/e47b1a0d-85da-49eb-96b2-05428f2b2c34_150.jpg','150','a21.gif','8699','image/jpg','jpg',150,150,NULL,'2024-11-30 12:58:48','2024-11-30 12:58:48',NULL),
(271,271,1,'photo','public',NULL,NULL,NULL,'sticker','sticker/55/2024/11/30/e47b1a0d-85da-49eb-96b2-05428f2b2c34_origin.jpg','origin','a22.gif','21631','image/jpg','jpg',240,240,NULL,'2024-11-30 12:58:48','2024-11-30 12:58:48',NULL),
(272,271,0,'photo','public',NULL,NULL,NULL,'sticker','sticker/55/2024/11/30/e47b1a0d-85da-49eb-96b2-05428f2b2c34_75.jpg','75','a22.gif','3428','image/jpg','jpg',75,75,NULL,'2024-11-30 12:58:48','2024-11-30 12:58:48',NULL),
(273,271,0,'photo','public',NULL,NULL,NULL,'sticker','sticker/55/2024/11/30/e47b1a0d-85da-49eb-96b2-05428f2b2c34_100.jpg','100','a22.gif','5083','image/jpg','jpg',100,100,NULL,'2024-11-30 12:58:48','2024-11-30 12:58:48',NULL),
(274,271,0,'photo','public',NULL,NULL,NULL,'sticker','sticker/55/2024/11/30/e47b1a0d-85da-49eb-96b2-05428f2b2c34_150.jpg','150','a22.gif','10007','image/jpg','jpg',150,150,NULL,'2024-11-30 12:58:48','2024-11-30 12:58:48',NULL),
(275,275,1,'photo','public',NULL,NULL,NULL,'sticker','sticker/56/2024/11/30/e47b1a0d-85da-49eb-96b2-05428f2b2c34_origin.jpg','origin','a23.gif','9467','image/jpg','jpg',240,240,NULL,'2024-11-30 12:58:48','2024-11-30 12:58:48',NULL),
(276,275,0,'photo','public',NULL,NULL,NULL,'sticker','sticker/56/2024/11/30/e47b1a0d-85da-49eb-96b2-05428f2b2c34_75.jpg','75','a23.gif','3099','image/jpg','jpg',75,75,NULL,'2024-11-30 12:58:48','2024-11-30 12:58:48',NULL),
(277,275,0,'photo','public',NULL,NULL,NULL,'sticker','sticker/56/2024/11/30/e47b1a0d-85da-49eb-96b2-05428f2b2c34_100.jpg','100','a23.gif','4496','image/jpg','jpg',100,100,NULL,'2024-11-30 12:58:48','2024-11-30 12:58:48',NULL),
(278,275,0,'photo','public',NULL,NULL,NULL,'sticker','sticker/56/2024/11/30/e47b1a0d-85da-49eb-96b2-05428f2b2c34_150.jpg','150','a23.gif','8005','image/jpg','jpg',150,150,NULL,'2024-11-30 12:58:48','2024-11-30 12:58:48',NULL),
(279,279,1,'photo','public',NULL,NULL,NULL,'sticker','sticker/57/2024/11/30/e47b1a0d-85da-49eb-96b2-05428f2b2c34_origin.jpg','origin','a3.gif','14089','image/jpg','jpg',240,240,NULL,'2024-11-30 12:58:48','2024-11-30 12:58:48',NULL),
(280,279,0,'photo','public',NULL,NULL,NULL,'sticker','sticker/57/2024/11/30/e47b1a0d-85da-49eb-96b2-05428f2b2c34_75.jpg','75','a3.gif','2737','image/jpg','jpg',75,75,NULL,'2024-11-30 12:58:48','2024-11-30 12:58:48',NULL),
(281,279,0,'photo','public',NULL,NULL,NULL,'sticker','sticker/57/2024/11/30/e47b1a0d-85da-49eb-96b2-05428f2b2c34_100.jpg','100','a3.gif','3981','image/jpg','jpg',100,100,NULL,'2024-11-30 12:58:48','2024-11-30 12:58:48',NULL),
(282,279,0,'photo','public',NULL,NULL,NULL,'sticker','sticker/57/2024/11/30/e47b1a0d-85da-49eb-96b2-05428f2b2c34_150.jpg','150','a3.gif','6572','image/jpg','jpg',150,150,NULL,'2024-11-30 12:58:48','2024-11-30 12:58:48',NULL),
(283,283,1,'photo','public',NULL,NULL,NULL,'sticker','sticker/58/2024/11/30/e47b1a0d-85da-49eb-96b2-05428f2b2c34_origin.jpg','origin','a4.gif','8571','image/jpg','jpg',240,240,NULL,'2024-11-30 12:58:48','2024-11-30 12:58:48',NULL),
(284,283,0,'photo','public',NULL,NULL,NULL,'sticker','sticker/58/2024/11/30/e47b1a0d-85da-49eb-96b2-05428f2b2c34_75.jpg','75','a4.gif','2252','image/jpg','jpg',75,75,NULL,'2024-11-30 12:58:48','2024-11-30 12:58:48',NULL),
(285,283,0,'photo','public',NULL,NULL,NULL,'sticker','sticker/58/2024/11/30/e47b1a0d-85da-49eb-96b2-05428f2b2c34_100.jpg','100','a4.gif','3816','image/jpg','jpg',100,100,NULL,'2024-11-30 12:58:48','2024-11-30 12:58:48',NULL),
(286,283,0,'photo','public',NULL,NULL,NULL,'sticker','sticker/58/2024/11/30/e47b1a0d-85da-49eb-96b2-05428f2b2c34_150.jpg','150','a4.gif','6739','image/jpg','jpg',150,150,NULL,'2024-11-30 12:58:48','2024-11-30 12:58:48',NULL),
(287,287,1,'photo','public',NULL,NULL,NULL,'sticker','sticker/59/2024/11/30/e47b1a0d-85da-49eb-96b2-05428f2b2c34_origin.jpg','origin','a5.gif','16287','image/jpg','jpg',240,240,NULL,'2024-11-30 12:58:48','2024-11-30 12:58:48',NULL),
(288,287,0,'photo','public',NULL,NULL,NULL,'sticker','sticker/59/2024/11/30/e47b1a0d-85da-49eb-96b2-05428f2b2c34_75.jpg','75','a5.gif','3356','image/jpg','jpg',75,75,NULL,'2024-11-30 12:58:48','2024-11-30 12:58:48',NULL),
(289,287,0,'photo','public',NULL,NULL,NULL,'sticker','sticker/59/2024/11/30/e47b1a0d-85da-49eb-96b2-05428f2b2c34_100.jpg','100','a5.gif','4812','image/jpg','jpg',100,100,NULL,'2024-11-30 12:58:48','2024-11-30 12:58:48',NULL),
(290,287,0,'photo','public',NULL,NULL,NULL,'sticker','sticker/59/2024/11/30/e47b1a0d-85da-49eb-96b2-05428f2b2c34_150.jpg','150','a5.gif','8593','image/jpg','jpg',150,150,NULL,'2024-11-30 12:58:48','2024-11-30 12:58:48',NULL),
(291,291,1,'photo','public',NULL,NULL,NULL,'sticker','sticker/60/2024/11/30/e47b1a0d-85da-49eb-96b2-05428f2b2c34_origin.jpg','origin','a6.gif','11976','image/jpg','jpg',240,240,NULL,'2024-11-30 12:58:49','2024-11-30 12:58:49',NULL),
(292,291,0,'photo','public',NULL,NULL,NULL,'sticker','sticker/60/2024/11/30/e47b1a0d-85da-49eb-96b2-05428f2b2c34_75.jpg','75','a6.gif','3223','image/jpg','jpg',75,75,NULL,'2024-11-30 12:58:49','2024-11-30 12:58:49',NULL),
(293,291,0,'photo','public',NULL,NULL,NULL,'sticker','sticker/60/2024/11/30/e47b1a0d-85da-49eb-96b2-05428f2b2c34_100.jpg','100','a6.gif','4683','image/jpg','jpg',100,100,NULL,'2024-11-30 12:58:49','2024-11-30 12:58:49',NULL),
(294,291,0,'photo','public',NULL,NULL,NULL,'sticker','sticker/60/2024/11/30/e47b1a0d-85da-49eb-96b2-05428f2b2c34_150.jpg','150','a6.gif','7814','image/jpg','jpg',150,150,NULL,'2024-11-30 12:58:49','2024-11-30 12:58:49',NULL),
(295,295,1,'photo','public',NULL,NULL,NULL,'sticker','sticker/61/2024/11/30/e47b1a0d-85da-49eb-96b2-05428f2b2c34_origin.jpg','origin','a7.gif','18163','image/jpg','jpg',240,240,NULL,'2024-11-30 12:58:49','2024-11-30 12:58:49',NULL),
(296,295,0,'photo','public',NULL,NULL,NULL,'sticker','sticker/61/2024/11/30/e47b1a0d-85da-49eb-96b2-05428f2b2c34_75.jpg','75','a7.gif','3306','image/jpg','jpg',75,75,NULL,'2024-11-30 12:58:49','2024-11-30 12:58:49',NULL),
(297,295,0,'photo','public',NULL,NULL,NULL,'sticker','sticker/61/2024/11/30/e47b1a0d-85da-49eb-96b2-05428f2b2c34_100.jpg','100','a7.gif','4770','image/jpg','jpg',100,100,NULL,'2024-11-30 12:58:49','2024-11-30 12:58:49',NULL),
(298,295,0,'photo','public',NULL,NULL,NULL,'sticker','sticker/61/2024/11/30/e47b1a0d-85da-49eb-96b2-05428f2b2c34_150.jpg','150','a7.gif','8636','image/jpg','jpg',150,150,NULL,'2024-11-30 12:58:49','2024-11-30 12:58:49',NULL),
(299,299,1,'photo','public',NULL,NULL,NULL,'sticker','sticker/62/2024/11/30/e47b1a0d-85da-49eb-96b2-05428f2b2c34_origin.jpg','origin','a8.gif','20160','image/jpg','jpg',240,240,NULL,'2024-11-30 12:58:49','2024-11-30 12:58:49',NULL),
(300,299,0,'photo','public',NULL,NULL,NULL,'sticker','sticker/62/2024/11/30/e47b1a0d-85da-49eb-96b2-05428f2b2c34_75.jpg','75','a8.gif','3636','image/jpg','jpg',75,75,NULL,'2024-11-30 12:58:49','2024-11-30 12:58:49',NULL),
(301,299,0,'photo','public',NULL,NULL,NULL,'sticker','sticker/62/2024/11/30/e47b1a0d-85da-49eb-96b2-05428f2b2c34_100.jpg','100','a8.gif','5295','image/jpg','jpg',100,100,NULL,'2024-11-30 12:58:49','2024-11-30 12:58:49',NULL),
(302,299,0,'photo','public',NULL,NULL,NULL,'sticker','sticker/62/2024/11/30/e47b1a0d-85da-49eb-96b2-05428f2b2c34_150.jpg','150','a8.gif','9632','image/jpg','jpg',150,150,NULL,'2024-11-30 12:58:49','2024-11-30 12:58:49',NULL),
(303,303,1,'photo','public',NULL,NULL,NULL,'sticker','sticker/63/2024/11/30/e47b1a0d-85da-49eb-96b2-05428f2b2c34_origin.jpg','origin','a9.gif','20716','image/jpg','jpg',240,240,NULL,'2024-11-30 12:58:49','2024-11-30 12:58:49',NULL),
(304,303,0,'photo','public',NULL,NULL,NULL,'sticker','sticker/63/2024/11/30/e47b1a0d-85da-49eb-96b2-05428f2b2c34_75.jpg','75','a9.gif','3943','image/jpg','jpg',75,75,NULL,'2024-11-30 12:58:49','2024-11-30 12:58:49',NULL),
(305,303,0,'photo','public',NULL,NULL,NULL,'sticker','sticker/63/2024/11/30/e47b1a0d-85da-49eb-96b2-05428f2b2c34_100.jpg','100','a9.gif','5566','image/jpg','jpg',100,100,NULL,'2024-11-30 12:58:49','2024-11-30 12:58:49',NULL),
(306,303,0,'photo','public',NULL,NULL,NULL,'sticker','sticker/63/2024/11/30/e47b1a0d-85da-49eb-96b2-05428f2b2c34_150.jpg','150','a9.gif','10624','image/jpg','jpg',150,150,NULL,'2024-11-30 12:58:49','2024-11-30 12:58:49',NULL),
(307,307,1,'photo','public',NULL,NULL,NULL,'sticker','sticker/64/2024/11/30/e47b1a0d-85da-49eb-96b2-05428f2b2c34_origin.jpg','origin','a1.gif','3612','image/jpg','jpg',100,100,NULL,'2024-11-30 12:58:49','2024-11-30 12:58:49',NULL),
(308,307,0,'photo','public',NULL,NULL,NULL,'sticker','sticker/64/2024/11/30/e47b1a0d-85da-49eb-96b2-05428f2b2c34_75.jpg','75','a1.gif','2805','image/jpg','jpg',75,75,NULL,'2024-11-30 12:58:49','2024-11-30 12:58:49',NULL),
(309,309,1,'photo','public',NULL,NULL,NULL,'sticker','sticker/65/2024/11/30/e47b1a0d-85da-49eb-96b2-05428f2b2c34_origin.jpg','origin','a10.gif','3942','image/jpg','jpg',100,100,NULL,'2024-11-30 12:58:49','2024-11-30 12:58:49',NULL),
(310,309,0,'photo','public',NULL,NULL,NULL,'sticker','sticker/65/2024/11/30/e47b1a0d-85da-49eb-96b2-05428f2b2c34_75.jpg','75','a10.gif','2925','image/jpg','jpg',75,75,NULL,'2024-11-30 12:58:49','2024-11-30 12:58:49',NULL),
(311,311,1,'photo','public',NULL,NULL,NULL,'sticker','sticker/66/2024/11/30/e47b1a0d-85da-49eb-96b2-05428f2b2c34_origin.jpg','origin','a11.gif','3564','image/jpg','jpg',100,100,NULL,'2024-11-30 12:58:49','2024-11-30 12:58:49',NULL),
(312,311,0,'photo','public',NULL,NULL,NULL,'sticker','sticker/66/2024/11/30/e47b1a0d-85da-49eb-96b2-05428f2b2c34_75.jpg','75','a11.gif','2943','image/jpg','jpg',75,75,NULL,'2024-11-30 12:58:49','2024-11-30 12:58:49',NULL),
(313,313,1,'photo','public',NULL,NULL,NULL,'sticker','sticker/67/2024/11/30/e47b1a0d-85da-49eb-96b2-05428f2b2c34_origin.jpg','origin','a12.gif','2958','image/jpg','jpg',100,100,NULL,'2024-11-30 12:58:49','2024-11-30 12:58:49',NULL),
(314,313,0,'photo','public',NULL,NULL,NULL,'sticker','sticker/67/2024/11/30/e47b1a0d-85da-49eb-96b2-05428f2b2c34_75.jpg','75','a12.gif','2694','image/jpg','jpg',75,75,NULL,'2024-11-30 12:58:49','2024-11-30 12:58:49',NULL),
(315,315,1,'photo','public',NULL,NULL,NULL,'sticker','sticker/68/2024/11/30/e47b1a0d-85da-49eb-96b2-05428f2b2c34_origin.jpg','origin','a13.gif','3336','image/jpg','jpg',100,100,NULL,'2024-11-30 12:58:49','2024-11-30 12:58:49',NULL),
(316,315,0,'photo','public',NULL,NULL,NULL,'sticker','sticker/68/2024/11/30/e47b1a0d-85da-49eb-96b2-05428f2b2c34_75.jpg','75','a13.gif','2488','image/jpg','jpg',75,75,NULL,'2024-11-30 12:58:49','2024-11-30 12:58:49',NULL),
(317,317,1,'photo','public',NULL,NULL,NULL,'sticker','sticker/69/2024/11/30/e47b1a0d-85da-49eb-96b2-05428f2b2c34_origin.jpg','origin','a14.gif','2442','image/jpg','jpg',100,100,NULL,'2024-11-30 12:58:49','2024-11-30 12:58:49',NULL),
(318,317,0,'photo','public',NULL,NULL,NULL,'sticker','sticker/69/2024/11/30/e47b1a0d-85da-49eb-96b2-05428f2b2c34_75.jpg','75','a14.gif','2584','image/jpg','jpg',75,75,NULL,'2024-11-30 12:58:49','2024-11-30 12:58:49',NULL),
(319,319,1,'photo','public',NULL,NULL,NULL,'sticker','sticker/70/2024/11/30/e47b1a0d-85da-49eb-96b2-05428f2b2c34_origin.jpg','origin','a15.gif','3062','image/jpg','jpg',100,100,NULL,'2024-11-30 12:58:49','2024-11-30 12:58:49',NULL),
(320,319,0,'photo','public',NULL,NULL,NULL,'sticker','sticker/70/2024/11/30/e47b1a0d-85da-49eb-96b2-05428f2b2c34_75.jpg','75','a15.gif','2625','image/jpg','jpg',75,75,NULL,'2024-11-30 12:58:49','2024-11-30 12:58:49',NULL),
(321,321,1,'photo','public',NULL,NULL,NULL,'sticker','sticker/71/2024/11/30/e47b1a0d-85da-49eb-96b2-05428f2b2c34_origin.jpg','origin','a16.gif','2467','image/jpg','jpg',100,100,NULL,'2024-11-30 12:58:49','2024-11-30 12:58:49',NULL),
(322,321,0,'photo','public',NULL,NULL,NULL,'sticker','sticker/71/2024/11/30/e47b1a0d-85da-49eb-96b2-05428f2b2c34_75.jpg','75','a16.gif','2855','image/jpg','jpg',75,75,NULL,'2024-11-30 12:58:49','2024-11-30 12:58:49',NULL),
(323,323,1,'photo','public',NULL,NULL,NULL,'sticker','sticker/72/2024/11/30/e47b1a0d-85da-49eb-96b2-05428f2b2c34_origin.jpg','origin','a17.gif','3204','image/jpg','jpg',100,100,NULL,'2024-11-30 12:58:49','2024-11-30 12:58:49',NULL),
(324,323,0,'photo','public',NULL,NULL,NULL,'sticker','sticker/72/2024/11/30/e47b1a0d-85da-49eb-96b2-05428f2b2c34_75.jpg','75','a17.gif','3343','image/jpg','jpg',75,75,NULL,'2024-11-30 12:58:49','2024-11-30 12:58:49',NULL),
(325,325,1,'photo','public',NULL,NULL,NULL,'sticker','sticker/73/2024/11/30/e47b1a0d-85da-49eb-96b2-05428f2b2c34_origin.jpg','origin','a18.gif','3245','image/jpg','jpg',100,100,NULL,'2024-11-30 12:58:49','2024-11-30 12:58:49',NULL),
(326,325,0,'photo','public',NULL,NULL,NULL,'sticker','sticker/73/2024/11/30/e47b1a0d-85da-49eb-96b2-05428f2b2c34_75.jpg','75','a18.gif','3004','image/jpg','jpg',75,75,NULL,'2024-11-30 12:58:49','2024-11-30 12:58:49',NULL),
(327,327,1,'photo','public',NULL,NULL,NULL,'sticker','sticker/74/2024/11/30/e47b1a0d-85da-49eb-96b2-05428f2b2c34_origin.jpg','origin','a19.gif','3641','image/jpg','jpg',100,100,NULL,'2024-11-30 12:58:49','2024-11-30 12:58:49',NULL),
(328,327,0,'photo','public',NULL,NULL,NULL,'sticker','sticker/74/2024/11/30/e47b1a0d-85da-49eb-96b2-05428f2b2c34_75.jpg','75','a19.gif','3225','image/jpg','jpg',75,75,NULL,'2024-11-30 12:58:49','2024-11-30 12:58:49',NULL),
(329,329,1,'photo','public',NULL,NULL,NULL,'sticker','sticker/75/2024/11/30/e47b1a0d-85da-49eb-96b2-05428f2b2c34_origin.jpg','origin','a2.gif','3845','image/jpg','jpg',100,100,NULL,'2024-11-30 12:58:49','2024-11-30 12:58:49',NULL),
(330,329,0,'photo','public',NULL,NULL,NULL,'sticker','sticker/75/2024/11/30/e47b1a0d-85da-49eb-96b2-05428f2b2c34_75.jpg','75','a2.gif','2933','image/jpg','jpg',75,75,NULL,'2024-11-30 12:58:49','2024-11-30 12:58:49',NULL),
(331,331,1,'photo','public',NULL,NULL,NULL,'sticker','sticker/76/2024/11/30/e47b1a0d-85da-49eb-96b2-05428f2b2c34_origin.jpg','origin','a20.gif','2294','image/jpg','jpg',100,100,NULL,'2024-11-30 12:58:50','2024-11-30 12:58:50',NULL),
(332,331,0,'photo','public',NULL,NULL,NULL,'sticker','sticker/76/2024/11/30/e47b1a0d-85da-49eb-96b2-05428f2b2c34_75.jpg','75','a20.gif','2175','image/jpg','jpg',75,75,NULL,'2024-11-30 12:58:50','2024-11-30 12:58:50',NULL),
(333,333,1,'photo','public',NULL,NULL,NULL,'sticker','sticker/77/2024/11/30/e47b1a0d-85da-49eb-96b2-05428f2b2c34_origin.jpg','origin','a21.gif','5093','image/jpg','jpg',100,100,NULL,'2024-11-30 12:58:50','2024-11-30 12:58:50',NULL),
(334,333,0,'photo','public',NULL,NULL,NULL,'sticker','sticker/77/2024/11/30/e47b1a0d-85da-49eb-96b2-05428f2b2c34_75.jpg','75','a21.gif','3612','image/jpg','jpg',75,75,NULL,'2024-11-30 12:58:50','2024-11-30 12:58:50',NULL),
(335,335,1,'photo','public',NULL,NULL,NULL,'sticker','sticker/78/2024/11/30/e47b1a0d-85da-49eb-96b2-05428f2b2c34_origin.jpg','origin','a22.gif','3111','image/jpg','jpg',100,100,NULL,'2024-11-30 12:58:50','2024-11-30 12:58:50',NULL),
(336,335,0,'photo','public',NULL,NULL,NULL,'sticker','sticker/78/2024/11/30/e47b1a0d-85da-49eb-96b2-05428f2b2c34_75.jpg','75','a22.gif','2819','image/jpg','jpg',75,75,NULL,'2024-11-30 12:58:50','2024-11-30 12:58:50',NULL),
(337,337,1,'photo','public',NULL,NULL,NULL,'sticker','sticker/79/2024/11/30/e47b1a0d-85da-49eb-96b2-05428f2b2c34_origin.jpg','origin','a23.gif','2721','image/jpg','jpg',100,100,NULL,'2024-11-30 12:58:50','2024-11-30 12:58:50',NULL),
(338,337,0,'photo','public',NULL,NULL,NULL,'sticker','sticker/79/2024/11/30/e47b1a0d-85da-49eb-96b2-05428f2b2c34_75.jpg','75','a23.gif','2734','image/jpg','jpg',75,75,NULL,'2024-11-30 12:58:50','2024-11-30 12:58:50',NULL),
(339,339,1,'photo','public',NULL,NULL,NULL,'sticker','sticker/80/2024/11/30/e47b1a0d-85da-49eb-96b2-05428f2b2c34_origin.jpg','origin','a24.gif','2538','image/jpg','jpg',100,100,NULL,'2024-11-30 12:58:50','2024-11-30 12:58:50',NULL),
(340,339,0,'photo','public',NULL,NULL,NULL,'sticker','sticker/80/2024/11/30/e47b1a0d-85da-49eb-96b2-05428f2b2c34_75.jpg','75','a24.gif','2870','image/jpg','jpg',75,75,NULL,'2024-11-30 12:58:50','2024-11-30 12:58:50',NULL),
(341,341,1,'photo','public',NULL,NULL,NULL,'sticker','sticker/81/2024/11/30/e47b1a0d-85da-49eb-96b2-05428f2b2c34_origin.jpg','origin','a25.gif','2799','image/jpg','jpg',100,100,NULL,'2024-11-30 12:58:50','2024-11-30 12:58:50',NULL),
(342,341,0,'photo','public',NULL,NULL,NULL,'sticker','sticker/81/2024/11/30/e47b1a0d-85da-49eb-96b2-05428f2b2c34_75.jpg','75','a25.gif','3040','image/jpg','jpg',75,75,NULL,'2024-11-30 12:58:50','2024-11-30 12:58:50',NULL),
(343,343,1,'photo','public',NULL,NULL,NULL,'sticker','sticker/82/2024/11/30/e47b1a0d-85da-49eb-96b2-05428f2b2c34_origin.jpg','origin','a26.gif','2572','image/jpg','jpg',100,100,NULL,'2024-11-30 12:58:50','2024-11-30 12:58:50',NULL),
(344,343,0,'photo','public',NULL,NULL,NULL,'sticker','sticker/82/2024/11/30/e47b1a0d-85da-49eb-96b2-05428f2b2c34_75.jpg','75','a26.gif','2466','image/jpg','jpg',75,75,NULL,'2024-11-30 12:58:50','2024-11-30 12:58:50',NULL),
(345,345,1,'photo','public',NULL,NULL,NULL,'sticker','sticker/83/2024/11/30/e47b1a0d-85da-49eb-96b2-05428f2b2c34_origin.jpg','origin','a27.gif','2849','image/jpg','jpg',100,100,NULL,'2024-11-30 12:58:50','2024-11-30 12:58:50',NULL),
(346,345,0,'photo','public',NULL,NULL,NULL,'sticker','sticker/83/2024/11/30/e47b1a0d-85da-49eb-96b2-05428f2b2c34_75.jpg','75','a27.gif','2977','image/jpg','jpg',75,75,NULL,'2024-11-30 12:58:50','2024-11-30 12:58:50',NULL),
(347,347,1,'photo','public',NULL,NULL,NULL,'sticker','sticker/84/2024/11/30/e47b1a0d-85da-49eb-96b2-05428f2b2c34_origin.jpg','origin','a28.gif','3418','image/jpg','jpg',100,100,NULL,'2024-11-30 12:58:50','2024-11-30 12:58:50',NULL),
(348,347,0,'photo','public',NULL,NULL,NULL,'sticker','sticker/84/2024/11/30/e47b1a0d-85da-49eb-96b2-05428f2b2c34_75.jpg','75','a28.gif','2621','image/jpg','jpg',75,75,NULL,'2024-11-30 12:58:50','2024-11-30 12:58:50',NULL),
(349,349,1,'photo','public',NULL,NULL,NULL,'sticker','sticker/85/2024/11/30/e47b1a0d-85da-49eb-96b2-05428f2b2c34_origin.jpg','origin','a29.gif','3421','image/jpg','jpg',100,100,NULL,'2024-11-30 12:58:50','2024-11-30 12:58:50',NULL),
(350,349,0,'photo','public',NULL,NULL,NULL,'sticker','sticker/85/2024/11/30/e47b1a0d-85da-49eb-96b2-05428f2b2c34_75.jpg','75','a29.gif','2753','image/jpg','jpg',75,75,NULL,'2024-11-30 12:58:50','2024-11-30 12:58:50',NULL),
(351,351,1,'photo','public',NULL,NULL,NULL,'sticker','sticker/86/2024/11/30/e47b1a0d-85da-49eb-96b2-05428f2b2c34_origin.jpg','origin','a3.gif','2833','image/jpg','jpg',100,100,NULL,'2024-11-30 12:58:50','2024-11-30 12:58:50',NULL),
(352,351,0,'photo','public',NULL,NULL,NULL,'sticker','sticker/86/2024/11/30/e47b1a0d-85da-49eb-96b2-05428f2b2c34_75.jpg','75','a3.gif','2513','image/jpg','jpg',75,75,NULL,'2024-11-30 12:58:50','2024-11-30 12:58:50',NULL),
(353,353,1,'photo','public',NULL,NULL,NULL,'sticker','sticker/87/2024/11/30/e47b1a0d-85da-49eb-96b2-05428f2b2c34_origin.jpg','origin','a30.gif','4394','image/jpg','jpg',100,100,NULL,'2024-11-30 12:58:50','2024-11-30 12:58:50',NULL),
(354,353,0,'photo','public',NULL,NULL,NULL,'sticker','sticker/87/2024/11/30/e47b1a0d-85da-49eb-96b2-05428f2b2c34_75.jpg','75','a30.gif','3223','image/jpg','jpg',75,75,NULL,'2024-11-30 12:58:50','2024-11-30 12:58:50',NULL),
(355,355,1,'photo','public',NULL,NULL,NULL,'sticker','sticker/88/2024/11/30/e47b1a0d-85da-49eb-96b2-05428f2b2c34_origin.jpg','origin','a31.gif','4268','image/jpg','jpg',100,100,NULL,'2024-11-30 12:58:50','2024-11-30 12:58:50',NULL),
(356,355,0,'photo','public',NULL,NULL,NULL,'sticker','sticker/88/2024/11/30/e47b1a0d-85da-49eb-96b2-05428f2b2c34_75.jpg','75','a31.gif','3117','image/jpg','jpg',75,75,NULL,'2024-11-30 12:58:50','2024-11-30 12:58:50',NULL),
(357,357,1,'photo','public',NULL,NULL,NULL,'sticker','sticker/89/2024/11/30/e47b1a0d-85da-49eb-96b2-05428f2b2c34_origin.jpg','origin','a32.gif','419','image/jpg','jpg',100,100,NULL,'2024-11-30 12:58:50','2024-11-30 12:58:50',NULL),
(358,357,0,'photo','public',NULL,NULL,NULL,'sticker','sticker/89/2024/11/30/e47b1a0d-85da-49eb-96b2-05428f2b2c34_75.jpg','75','a32.gif','305','image/jpg','jpg',75,75,NULL,'2024-11-30 12:58:50','2024-11-30 12:58:50',NULL),
(359,359,1,'photo','public',NULL,NULL,NULL,'sticker','sticker/90/2024/11/30/e47b1a0d-85da-49eb-96b2-05428f2b2c34_origin.jpg','origin','a33.gif','3865','image/jpg','jpg',100,100,NULL,'2024-11-30 12:58:50','2024-11-30 12:58:50',NULL),
(360,359,0,'photo','public',NULL,NULL,NULL,'sticker','sticker/90/2024/11/30/e47b1a0d-85da-49eb-96b2-05428f2b2c34_75.jpg','75','a33.gif','2903','image/jpg','jpg',75,75,NULL,'2024-11-30 12:58:50','2024-11-30 12:58:50',NULL),
(361,361,1,'photo','public',NULL,NULL,NULL,'sticker','sticker/91/2024/11/30/e47b1a0d-85da-49eb-96b2-05428f2b2c34_origin.jpg','origin','a34.gif','689','image/jpg','jpg',100,100,NULL,'2024-11-30 12:58:50','2024-11-30 12:58:50',NULL),
(362,361,0,'photo','public',NULL,NULL,NULL,'sticker','sticker/91/2024/11/30/e47b1a0d-85da-49eb-96b2-05428f2b2c34_75.jpg','75','a34.gif','386','image/jpg','jpg',75,75,NULL,'2024-11-30 12:58:50','2024-11-30 12:58:50',NULL),
(363,363,1,'photo','public',NULL,NULL,NULL,'sticker','sticker/92/2024/11/30/e47b1a0d-85da-49eb-96b2-05428f2b2c34_origin.jpg','origin','a35.gif','4268','image/jpg','jpg',100,100,NULL,'2024-11-30 12:58:50','2024-11-30 12:58:50',NULL),
(364,363,0,'photo','public',NULL,NULL,NULL,'sticker','sticker/92/2024/11/30/e47b1a0d-85da-49eb-96b2-05428f2b2c34_75.jpg','75','a35.gif','3117','image/jpg','jpg',75,75,NULL,'2024-11-30 12:58:50','2024-11-30 12:58:50',NULL),
(365,365,1,'photo','public',NULL,NULL,NULL,'sticker','sticker/93/2024/11/30/e47b1a0d-85da-49eb-96b2-05428f2b2c34_origin.jpg','origin','a4.gif','3198','image/jpg','jpg',100,100,NULL,'2024-11-30 12:58:50','2024-11-30 12:58:50',NULL),
(366,365,0,'photo','public',NULL,NULL,NULL,'sticker','sticker/93/2024/11/30/e47b1a0d-85da-49eb-96b2-05428f2b2c34_75.jpg','75','a4.gif','2832','image/jpg','jpg',75,75,NULL,'2024-11-30 12:58:50','2024-11-30 12:58:50',NULL),
(367,367,1,'photo','public',NULL,NULL,NULL,'sticker','sticker/94/2024/11/30/e47b1a0d-85da-49eb-96b2-05428f2b2c34_origin.jpg','origin','a5.gif','2832','image/jpg','jpg',100,100,NULL,'2024-11-30 12:58:50','2024-11-30 12:58:50',NULL),
(368,367,0,'photo','public',NULL,NULL,NULL,'sticker','sticker/94/2024/11/30/e47b1a0d-85da-49eb-96b2-05428f2b2c34_75.jpg','75','a5.gif','2080','image/jpg','jpg',75,75,NULL,'2024-11-30 12:58:50','2024-11-30 12:58:50',NULL),
(369,369,1,'photo','public',NULL,NULL,NULL,'sticker','sticker/95/2024/11/30/e47b1a0d-85da-49eb-96b2-05428f2b2c34_origin.jpg','origin','a6.gif','2325','image/jpg','jpg',100,100,NULL,'2024-11-30 12:58:50','2024-11-30 12:58:50',NULL),
(370,369,0,'photo','public',NULL,NULL,NULL,'sticker','sticker/95/2024/11/30/e47b1a0d-85da-49eb-96b2-05428f2b2c34_75.jpg','75','a6.gif','2635','image/jpg','jpg',75,75,NULL,'2024-11-30 12:58:50','2024-11-30 12:58:50',NULL),
(371,371,1,'photo','public',NULL,NULL,NULL,'sticker','sticker/96/2024/11/30/e47b1a0d-85da-49eb-96b2-05428f2b2c34_origin.jpg','origin','a7.gif','2706','image/jpg','jpg',100,100,NULL,'2024-11-30 12:58:50','2024-11-30 12:58:50',NULL),
(372,371,0,'photo','public',NULL,NULL,NULL,'sticker','sticker/96/2024/11/30/e47b1a0d-85da-49eb-96b2-05428f2b2c34_75.jpg','75','a7.gif','2818','image/jpg','jpg',75,75,NULL,'2024-11-30 12:58:50','2024-11-30 12:58:50',NULL),
(373,373,1,'photo','public',NULL,NULL,NULL,'sticker','sticker/97/2024/11/30/e47b1a0d-85da-49eb-96b2-05428f2b2c34_origin.jpg','origin','a8.gif','2651','image/jpg','jpg',100,100,NULL,'2024-11-30 12:58:50','2024-11-30 12:58:50',NULL),
(374,373,0,'photo','public',NULL,NULL,NULL,'sticker','sticker/97/2024/11/30/e47b1a0d-85da-49eb-96b2-05428f2b2c34_75.jpg','75','a8.gif','2502','image/jpg','jpg',75,75,NULL,'2024-11-30 12:58:50','2024-11-30 12:58:50',NULL),
(375,375,1,'photo','public',NULL,NULL,NULL,'sticker','sticker/98/2024/11/30/e47b1a0d-85da-49eb-96b2-05428f2b2c34_origin.jpg','origin','a9.gif','3666','image/jpg','jpg',100,100,NULL,'2024-11-30 12:58:51','2024-11-30 12:58:51',NULL),
(376,375,0,'photo','public',NULL,NULL,NULL,'sticker','sticker/98/2024/11/30/e47b1a0d-85da-49eb-96b2-05428f2b2c34_75.jpg','75','a9.gif','3073','image/jpg','jpg',75,75,NULL,'2024-11-30 12:58:51','2024-11-30 12:58:51',NULL),
(377,377,1,'asset','public',NULL,NULL,NULL,'storage_asset','assets/core/images/maintenance.png','origin',NULL,'21201','image/png','png',471,301,NULL,'2024-11-30 12:58:53','2024-11-30 12:58:53',NULL),
(378,378,1,'asset','public',NULL,NULL,NULL,'storage_asset','assets/user/images/cover_no_image.png','origin',NULL,'49059','image/png','png',1152,400,NULL,'2024-11-30 12:58:55','2024-11-30 12:58:55',NULL),
(379,379,1,'asset','public',NULL,NULL,NULL,'storage_asset','assets/user/images/rlt_complicated.png','origin',NULL,'3507','image/png','png',64,64,NULL,'2024-11-30 12:58:55','2024-11-30 12:58:55',NULL),
(380,380,1,'asset','public',NULL,NULL,NULL,'storage_asset','assets/user/images/rlt_complicated_dark.png','origin',NULL,'4341','image/png','png',64,64,NULL,'2024-11-30 12:58:55','2024-11-30 12:58:55',NULL),
(381,381,1,'asset','public',NULL,NULL,NULL,'storage_asset','assets/user/images/rlt_divorced.png','origin',NULL,'4671','image/png','png',64,64,NULL,'2024-11-30 12:58:55','2024-11-30 12:58:55',NULL),
(382,382,1,'asset','public',NULL,NULL,NULL,'storage_asset','assets/user/images/rlt_divorced_dark.png','origin',NULL,'5168','image/png','png',64,64,NULL,'2024-11-30 12:58:55','2024-11-30 12:58:55',NULL),
(383,383,1,'asset','public',NULL,NULL,NULL,'storage_asset','assets/user/images/rlt_engage.png','origin',NULL,'4083','image/png','png',64,64,NULL,'2024-11-30 12:58:55','2024-11-30 12:58:55',NULL),
(384,384,1,'asset','public',NULL,NULL,NULL,'storage_asset','assets/user/images/rlt_engage_dark.png','origin',NULL,'4709','image/png','png',64,64,NULL,'2024-11-30 12:58:55','2024-11-30 12:58:55',NULL),
(385,385,1,'asset','public',NULL,NULL,NULL,'storage_asset','assets/user/images/rlt_married.png','origin',NULL,'2920','image/png','png',64,64,NULL,'2024-11-30 12:58:55','2024-11-30 12:58:55',NULL),
(386,386,1,'asset','public',NULL,NULL,NULL,'storage_asset','assets/user/images/rlt_married_dark.png','origin',NULL,'3897','image/png','png',64,64,NULL,'2024-11-30 12:58:55','2024-11-30 12:58:55',NULL),
(387,387,1,'asset','public',NULL,NULL,NULL,'storage_asset','assets/user/images/rlt_open.png','origin',NULL,'3440','image/png','png',64,64,NULL,'2024-11-30 12:58:55','2024-11-30 12:58:55',NULL),
(388,388,1,'asset','public',NULL,NULL,NULL,'storage_asset','assets/user/images/rlt_open_dark.png','origin',NULL,'4263','image/png','png',64,64,NULL,'2024-11-30 12:58:55','2024-11-30 12:58:55',NULL),
(389,389,1,'asset','public',NULL,NULL,NULL,'storage_asset','assets/user/images/rlt_relationship.png','origin',NULL,'3225','image/png','png',64,64,NULL,'2024-11-30 12:58:55','2024-11-30 12:58:55',NULL),
(390,390,1,'asset','public',NULL,NULL,NULL,'storage_asset','assets/user/images/rlt_relationship_dark.png','origin',NULL,'4102','image/png','png',64,64,NULL,'2024-11-30 12:58:55','2024-11-30 12:58:55',NULL),
(391,391,1,'asset','public',NULL,NULL,NULL,'storage_asset','assets/user/images/rlt_separated.png','origin',NULL,'3028','image/png','png',64,64,NULL,'2024-11-30 12:58:55','2024-11-30 12:58:55',NULL),
(392,392,1,'asset','public',NULL,NULL,NULL,'storage_asset','assets/user/images/rlt_separated_dark.png','origin',NULL,'4009','image/png','png',64,64,NULL,'2024-11-30 12:58:55','2024-11-30 12:58:55',NULL),
(393,393,1,'asset','public',NULL,NULL,NULL,'storage_asset','assets/user/images/rlt_single.png','origin',NULL,'2850','image/png','png',64,64,NULL,'2024-11-30 12:58:55','2024-11-30 12:58:55',NULL),
(394,394,1,'asset','public',NULL,NULL,NULL,'storage_asset','assets/user/images/rlt_single_dark.png','origin',NULL,'3862','image/png','png',64,64,NULL,'2024-11-30 12:58:55','2024-11-30 12:58:55',NULL),
(395,395,1,'asset','public',NULL,NULL,NULL,'storage_asset','assets/user/images/rlt_widow.png','origin',NULL,'3662','image/png','png',64,64,NULL,'2024-11-30 12:58:55','2024-11-30 12:58:55',NULL),
(396,396,1,'asset','public',NULL,NULL,NULL,'storage_asset','assets/user/images/rlt_widow_dark.png','origin',NULL,'4408','image/png','png',64,64,NULL,'2024-11-30 12:58:55','2024-11-30 12:58:55',NULL),
(397,397,1,'asset','public',NULL,NULL,NULL,'storage_asset','assets/photo/images/album_no_image.png','origin',NULL,'10988','image/png','png',1080,606,NULL,'2024-11-30 12:58:58','2024-11-30 12:58:58',NULL),
(398,398,1,'asset','public',NULL,NULL,NULL,'storage_asset','assets/photo/images/strict_image.png','origin',NULL,'10988','image/png','png',1080,606,NULL,'2024-11-30 12:58:58','2024-11-30 12:58:58',NULL),
(399,399,1,'asset','public',NULL,NULL,NULL,'storage_asset','assets/layout/images/403.png','origin',NULL,'22960','image/png','png',430,326,NULL,'2024-11-30 12:59:01','2024-11-30 12:59:01',NULL),
(400,400,1,'asset','public',NULL,NULL,NULL,'storage_asset','assets/layout/images/404.png','origin',NULL,'19706','image/png','png',618,330,NULL,'2024-11-30 12:59:01','2024-11-30 12:59:01',NULL),
(401,401,1,'asset','public',NULL,NULL,NULL,'storage_asset','assets/layout/images/logo-dark.png','origin',NULL,'50241','image/png','png',640,205,NULL,'2024-11-30 12:59:01','2024-11-30 12:59:01',NULL),
(402,402,1,'asset','public',NULL,NULL,NULL,'storage_asset','assets/layout/images/logo.png','origin',NULL,'24516','image/png','png',1306,420,NULL,'2024-11-30 12:59:01','2024-11-30 12:59:01',NULL),
(403,403,1,'asset','public',NULL,NULL,NULL,'storage_asset','assets/layout/images/no-results.png','origin',NULL,'10962','image/png','png',391,313,NULL,'2024-11-30 12:59:01','2024-11-30 12:59:01',NULL),
(404,404,1,'asset','public',NULL,NULL,NULL,'storage_asset','assets/layout/images/sign-in-multi-access.png','origin',NULL,'11897','image/png','png',500,500,NULL,'2024-11-30 12:59:01','2024-11-30 12:59:01',NULL),
(405,405,1,'asset','public',NULL,NULL,NULL,'storage_asset','assets/layout/images/transparent.webp','origin',NULL,'19272','image/webp','webp',800,800,NULL,'2024-11-30 12:59:01','2024-11-30 12:59:01',NULL),
(406,406,1,'asset','public',NULL,NULL,NULL,'storage_asset','assets/layout/images/welcome-image.png','origin',NULL,'16253','image/png','png',500,500,NULL,'2024-11-30 12:59:01','2024-11-30 12:59:01',NULL),
(407,407,1,'asset','public',NULL,NULL,NULL,'storage_asset','assets/activitypoint/images/get_started.png','origin',NULL,'211489','image/png','png',1891,1167,NULL,'2024-11-30 12:59:02','2024-11-30 12:59:02',NULL),
(408,408,1,'asset','public',NULL,NULL,NULL,'storage_asset','assets/activitypoint/images/get_started_dark.png','origin',NULL,'214194','image/png','png',1891,1167,NULL,'2024-11-30 12:59:02','2024-11-30 12:59:02',NULL),
(409,409,1,'asset','public',NULL,NULL,NULL,'storage_asset','assets/activitypoint/images/package_no_image.png','origin',NULL,'8946','image/png','png',400,400,NULL,'2024-11-30 12:59:02','2024-11-30 12:59:02',NULL),
(410,410,1,'asset','public',NULL,NULL,NULL,'storage_asset','assets/chatplus/audio/incoming-call.mp3','origin',NULL,'363765','audio/mpeg','mp3',NULL,NULL,NULL,'2024-11-30 12:59:04','2024-11-30 12:59:04',NULL),
(411,411,1,'asset','public',NULL,NULL,NULL,'storage_asset','assets/chatplus/audio/sound_notification.mp3','origin',NULL,'28420','audio/mpeg','mp3',NULL,NULL,NULL,'2024-11-30 12:59:04','2024-11-30 12:59:04',NULL),
(412,412,1,'asset','public',NULL,NULL,NULL,'storage_asset','assets/group/images/cover_no_image.png','origin',NULL,'49059','image/png','png',1152,400,NULL,'2024-11-30 12:59:06','2024-11-30 12:59:06',NULL),
(413,413,1,'asset','public',NULL,NULL,NULL,'storage_asset','assets/marketplace/images/marketplace_map.png','origin',NULL,'5264','image/png','png',128,128,NULL,'2024-11-30 12:59:07','2024-11-30 12:59:07',NULL),
(414,414,1,'asset','public',NULL,NULL,NULL,'storage_asset','assets/marketplace/images/marketplace_map_active.png','origin',NULL,'5300','image/png','png',128,128,NULL,'2024-11-30 12:59:07','2024-11-30 12:59:07',NULL),
(415,415,1,'asset','public',NULL,NULL,NULL,'storage_asset','assets/marketplace/images/no_image.png','origin',NULL,'6585','image/png','png',300,300,NULL,'2024-11-30 12:59:07','2024-11-30 12:59:07',NULL),
(416,416,1,'asset','public',NULL,NULL,NULL,'storage_asset','assets/quiz/images/cover_no_image.png','origin',NULL,'41570','image/png','png',752,422,NULL,'2024-11-30 12:59:08','2024-11-30 12:59:08',NULL),
(417,417,1,'asset','public',NULL,NULL,NULL,'storage_asset','assets/social/images/facebook.png','origin',NULL,'1847','image/png','png',130,130,NULL,'2024-11-30 12:59:09','2024-11-30 12:59:09',NULL),
(418,418,1,'asset','public',NULL,NULL,NULL,'storage_asset','assets/social/images/google.png','origin',NULL,'2293','image/png','png',64,64,NULL,'2024-11-30 12:59:09','2024-11-30 12:59:09',NULL),
(419,419,1,'asset','public',NULL,NULL,NULL,'storage_asset','assets/social/images/tiktok.png','origin',NULL,'7612','image/png','png',64,64,NULL,'2024-11-30 12:59:09','2024-11-30 12:59:09',NULL),
(420,420,1,'asset','public',NULL,NULL,NULL,'storage_asset','assets/sticker/s1/a1.gif','origin',NULL,'98753','image/gif','gif',240,240,NULL,'2024-11-30 12:59:09','2024-11-30 12:59:09',NULL),
(421,421,1,'asset','public',NULL,NULL,NULL,'storage_asset','assets/sticker/s1/a10.gif','origin',NULL,'92820','image/gif','gif',240,240,NULL,'2024-11-30 12:59:09','2024-11-30 12:59:09',NULL),
(422,422,1,'asset','public',NULL,NULL,NULL,'storage_asset','assets/sticker/s1/a11.gif','origin',NULL,'101503','image/gif','gif',240,240,NULL,'2024-11-30 12:59:09','2024-11-30 12:59:09',NULL),
(423,423,1,'asset','public',NULL,NULL,NULL,'storage_asset','assets/sticker/s1/a12.gif','origin',NULL,'30386','image/gif','gif',240,240,NULL,'2024-11-30 12:59:09','2024-11-30 12:59:09',NULL),
(424,424,1,'asset','public',NULL,NULL,NULL,'storage_asset','assets/sticker/s1/a13.gif','origin',NULL,'100451','image/gif','gif',240,240,NULL,'2024-11-30 12:59:09','2024-11-30 12:59:09',NULL),
(425,425,1,'asset','public',NULL,NULL,NULL,'storage_asset','assets/sticker/s1/a14.gif','origin',NULL,'73800','image/gif','gif',240,240,NULL,'2024-11-30 12:59:09','2024-11-30 12:59:09',NULL),
(426,426,1,'asset','public',NULL,NULL,NULL,'storage_asset','assets/sticker/s1/a15.gif','origin',NULL,'101198','image/gif','gif',240,240,NULL,'2024-11-30 12:59:09','2024-11-30 12:59:09',NULL),
(427,427,1,'asset','public',NULL,NULL,NULL,'storage_asset','assets/sticker/s1/a16.gif','origin',NULL,'99253','image/gif','gif',240,240,NULL,'2024-11-30 12:59:09','2024-11-30 12:59:09',NULL),
(428,428,1,'asset','public',NULL,NULL,NULL,'storage_asset','assets/sticker/s1/a17.gif','origin',NULL,'26821','image/gif','gif',240,240,NULL,'2024-11-30 12:59:09','2024-11-30 12:59:09',NULL),
(429,429,1,'asset','public',NULL,NULL,NULL,'storage_asset','assets/sticker/s1/a18.gif','origin',NULL,'95178','image/gif','gif',240,240,NULL,'2024-11-30 12:59:09','2024-11-30 12:59:09',NULL),
(430,430,1,'asset','public',NULL,NULL,NULL,'storage_asset','assets/sticker/s1/a19.gif','origin',NULL,'100822','image/gif','gif',240,240,NULL,'2024-11-30 12:59:09','2024-11-30 12:59:09',NULL),
(431,431,1,'asset','public',NULL,NULL,NULL,'storage_asset','assets/sticker/s1/a2.gif','origin',NULL,'31397','image/gif','gif',240,240,NULL,'2024-11-30 12:59:09','2024-11-30 12:59:09',NULL),
(432,432,1,'asset','public',NULL,NULL,NULL,'storage_asset','assets/sticker/s1/a20.gif','origin',NULL,'100189','image/gif','gif',240,240,NULL,'2024-11-30 12:59:09','2024-11-30 12:59:09',NULL),
(433,433,1,'asset','public',NULL,NULL,NULL,'storage_asset','assets/sticker/s1/a21.gif','origin',NULL,'97012','image/gif','gif',240,240,NULL,'2024-11-30 12:59:09','2024-11-30 12:59:09',NULL),
(434,434,1,'asset','public',NULL,NULL,NULL,'storage_asset','assets/sticker/s1/a22.gif','origin',NULL,'32382','image/gif','gif',240,240,NULL,'2024-11-30 12:59:09','2024-11-30 12:59:09',NULL),
(435,435,1,'asset','public',NULL,NULL,NULL,'storage_asset','assets/sticker/s1/a23.gif','origin',NULL,'98753','image/gif','gif',240,240,NULL,'2024-11-30 12:59:09','2024-11-30 12:59:09',NULL),
(436,436,1,'asset','public',NULL,NULL,NULL,'storage_asset','assets/sticker/s1/a3.gif','origin',NULL,'61859','image/gif','gif',240,240,NULL,'2024-11-30 12:59:09','2024-11-30 12:59:09',NULL),
(437,437,1,'asset','public',NULL,NULL,NULL,'storage_asset','assets/sticker/s1/a4.gif','origin',NULL,'97831','image/gif','gif',240,240,NULL,'2024-11-30 12:59:09','2024-11-30 12:59:09',NULL),
(438,438,1,'asset','public',NULL,NULL,NULL,'storage_asset','assets/sticker/s1/a5.gif','origin',NULL,'21108','image/gif','gif',240,240,NULL,'2024-11-30 12:59:09','2024-11-30 12:59:09',NULL),
(439,439,1,'asset','public',NULL,NULL,NULL,'storage_asset','assets/sticker/s1/a6.gif','origin',NULL,'91310','image/gif','gif',240,240,NULL,'2024-11-30 12:59:09','2024-11-30 12:59:09',NULL),
(440,440,1,'asset','public',NULL,NULL,NULL,'storage_asset','assets/sticker/s1/a7.gif','origin',NULL,'29289','image/gif','gif',240,240,NULL,'2024-11-30 12:59:09','2024-11-30 12:59:09',NULL),
(441,441,1,'asset','public',NULL,NULL,NULL,'storage_asset','assets/sticker/s1/a8.gif','origin',NULL,'30090','image/gif','gif',240,240,NULL,'2024-11-30 12:59:09','2024-11-30 12:59:09',NULL),
(442,442,1,'asset','public',NULL,NULL,NULL,'storage_asset','assets/sticker/s1/a9.gif','origin',NULL,'100836','image/gif','gif',240,240,NULL,'2024-11-30 12:59:09','2024-11-30 12:59:09',NULL),
(443,443,1,'asset','public',NULL,NULL,NULL,'storage_asset','assets/sticker/s2/a1.gif','origin',NULL,'12677','image/gif','gif',100,100,NULL,'2024-11-30 12:59:09','2024-11-30 12:59:09',NULL),
(444,444,1,'asset','public',NULL,NULL,NULL,'storage_asset','assets/sticker/s2/a10.gif','origin',NULL,'7388','image/gif','gif',100,100,NULL,'2024-11-30 12:59:09','2024-11-30 12:59:09',NULL),
(445,445,1,'asset','public',NULL,NULL,NULL,'storage_asset','assets/sticker/s2/a11.gif','origin',NULL,'25749','image/gif','gif',100,100,NULL,'2024-11-30 12:59:10','2024-11-30 12:59:10',NULL),
(446,446,1,'asset','public',NULL,NULL,NULL,'storage_asset','assets/sticker/s2/a12.gif','origin',NULL,'37572','image/gif','gif',100,100,NULL,'2024-11-30 12:59:10','2024-11-30 12:59:10',NULL),
(447,447,1,'asset','public',NULL,NULL,NULL,'storage_asset','assets/sticker/s2/a13.gif','origin',NULL,'6546','image/gif','gif',100,100,NULL,'2024-11-30 12:59:10','2024-11-30 12:59:10',NULL),
(448,448,1,'asset','public',NULL,NULL,NULL,'storage_asset','assets/sticker/s2/a14.gif','origin',NULL,'17205','image/gif','gif',100,100,NULL,'2024-11-30 12:59:10','2024-11-30 12:59:10',NULL),
(449,449,1,'asset','public',NULL,NULL,NULL,'storage_asset','assets/sticker/s2/a15.gif','origin',NULL,'8639','image/gif','gif',100,100,NULL,'2024-11-30 12:59:10','2024-11-30 12:59:10',NULL),
(450,450,1,'asset','public',NULL,NULL,NULL,'storage_asset','assets/sticker/s2/a16.gif','origin',NULL,'13691','image/gif','gif',100,100,NULL,'2024-11-30 12:59:10','2024-11-30 12:59:10',NULL),
(451,451,1,'asset','public',NULL,NULL,NULL,'storage_asset','assets/sticker/s2/a17.gif','origin',NULL,'20525','image/gif','gif',100,100,NULL,'2024-11-30 12:59:10','2024-11-30 12:59:10',NULL),
(452,452,1,'asset','public',NULL,NULL,NULL,'storage_asset','assets/sticker/s2/a18.gif','origin',NULL,'21343','image/gif','gif',100,100,NULL,'2024-11-30 12:59:10','2024-11-30 12:59:10',NULL),
(453,453,1,'asset','public',NULL,NULL,NULL,'storage_asset','assets/sticker/s2/a19.gif','origin',NULL,'35514','image/gif','gif',100,100,NULL,'2024-11-30 12:59:10','2024-11-30 12:59:10',NULL),
(454,454,1,'asset','public',NULL,NULL,NULL,'storage_asset','assets/sticker/s2/a2.gif','origin',NULL,'40510','image/gif','gif',100,100,NULL,'2024-11-30 12:59:10','2024-11-30 12:59:10',NULL),
(455,455,1,'asset','public',NULL,NULL,NULL,'storage_asset','assets/sticker/s2/a20.gif','origin',NULL,'17094','image/gif','gif',100,100,NULL,'2024-11-30 12:59:10','2024-11-30 12:59:10',NULL),
(456,456,1,'asset','public',NULL,NULL,NULL,'storage_asset','assets/sticker/s2/a21.gif','origin',NULL,'24012','image/gif','gif',100,100,NULL,'2024-11-30 12:59:10','2024-11-30 12:59:10',NULL),
(457,457,1,'asset','public',NULL,NULL,NULL,'storage_asset','assets/sticker/s2/a22.gif','origin',NULL,'15509','image/gif','gif',100,100,NULL,'2024-11-30 12:59:10','2024-11-30 12:59:10',NULL),
(458,458,1,'asset','public',NULL,NULL,NULL,'storage_asset','assets/sticker/s2/a23.gif','origin',NULL,'16869','image/gif','gif',100,100,NULL,'2024-11-30 12:59:10','2024-11-30 12:59:10',NULL),
(459,459,1,'asset','public',NULL,NULL,NULL,'storage_asset','assets/sticker/s2/a24.gif','origin',NULL,'4279','image/gif','gif',100,100,NULL,'2024-11-30 12:59:10','2024-11-30 12:59:10',NULL),
(460,460,1,'asset','public',NULL,NULL,NULL,'storage_asset','assets/sticker/s2/a25.gif','origin',NULL,'7370','image/gif','gif',100,100,NULL,'2024-11-30 12:59:10','2024-11-30 12:59:10',NULL),
(461,461,1,'asset','public',NULL,NULL,NULL,'storage_asset','assets/sticker/s2/a26.gif','origin',NULL,'39419','image/gif','gif',100,100,NULL,'2024-11-30 12:59:10','2024-11-30 12:59:10',NULL),
(462,462,1,'asset','public',NULL,NULL,NULL,'storage_asset','assets/sticker/s2/a27.gif','origin',NULL,'38725','image/gif','gif',100,100,NULL,'2024-11-30 12:59:10','2024-11-30 12:59:10',NULL),
(463,463,1,'asset','public',NULL,NULL,NULL,'storage_asset','assets/sticker/s2/a28.gif','origin',NULL,'29976','image/gif','gif',100,100,NULL,'2024-11-30 12:59:10','2024-11-30 12:59:10',NULL),
(464,464,1,'asset','public',NULL,NULL,NULL,'storage_asset','assets/sticker/s2/a29.gif','origin',NULL,'16659','image/gif','gif',100,100,NULL,'2024-11-30 12:59:10','2024-11-30 12:59:10',NULL),
(465,465,1,'asset','public',NULL,NULL,NULL,'storage_asset','assets/sticker/s2/a3.gif','origin',NULL,'32440','image/gif','gif',100,100,NULL,'2024-11-30 12:59:10','2024-11-30 12:59:10',NULL),
(466,466,1,'asset','public',NULL,NULL,NULL,'storage_asset','assets/sticker/s2/a30.gif','origin',NULL,'38801','image/gif','gif',100,100,NULL,'2024-11-30 12:59:10','2024-11-30 12:59:10',NULL),
(467,467,1,'asset','public',NULL,NULL,NULL,'storage_asset','assets/sticker/s2/a31.gif','origin',NULL,'37351','image/gif','gif',100,100,NULL,'2024-11-30 12:59:10','2024-11-30 12:59:10',NULL),
(468,468,1,'asset','public',NULL,NULL,NULL,'storage_asset','assets/sticker/s2/a32.gif','origin',NULL,'31483','image/gif','gif',100,100,NULL,'2024-11-30 12:59:10','2024-11-30 12:59:10',NULL),
(469,469,1,'asset','public',NULL,NULL,NULL,'storage_asset','assets/sticker/s2/a33.gif','origin',NULL,'38190','image/gif','gif',100,100,NULL,'2024-11-30 12:59:10','2024-11-30 12:59:10',NULL),
(470,470,1,'asset','public',NULL,NULL,NULL,'storage_asset','assets/sticker/s2/a34.gif','origin',NULL,'23633','image/gif','gif',100,100,NULL,'2024-11-30 12:59:10','2024-11-30 12:59:10',NULL),
(471,471,1,'asset','public',NULL,NULL,NULL,'storage_asset','assets/sticker/s2/a35.gif','origin',NULL,'37351','image/gif','gif',100,100,NULL,'2024-11-30 12:59:10','2024-11-30 12:59:10',NULL),
(472,472,1,'asset','public',NULL,NULL,NULL,'storage_asset','assets/sticker/s2/a4.gif','origin',NULL,'29183','image/gif','gif',100,100,NULL,'2024-11-30 12:59:10','2024-11-30 12:59:10',NULL),
(473,473,1,'asset','public',NULL,NULL,NULL,'storage_asset','assets/sticker/s2/a5.gif','origin',NULL,'17786','image/gif','gif',100,100,NULL,'2024-11-30 12:59:10','2024-11-30 12:59:10',NULL),
(474,474,1,'asset','public',NULL,NULL,NULL,'storage_asset','assets/sticker/s2/a6.gif','origin',NULL,'29400','image/gif','gif',100,100,NULL,'2024-11-30 12:59:10','2024-11-30 12:59:10',NULL),
(475,475,1,'asset','public',NULL,NULL,NULL,'storage_asset','assets/sticker/s2/a7.gif','origin',NULL,'24297','image/gif','gif',100,100,NULL,'2024-11-30 12:59:10','2024-11-30 12:59:10',NULL),
(476,476,1,'asset','public',NULL,NULL,NULL,'storage_asset','assets/sticker/s2/a8.gif','origin',NULL,'48860','image/gif','gif',100,100,NULL,'2024-11-30 12:59:10','2024-11-30 12:59:10',NULL),
(477,477,1,'asset','public',NULL,NULL,NULL,'storage_asset','assets/sticker/s2/a9.gif','origin',NULL,'18044','image/gif','gif',100,100,NULL,'2024-11-30 12:59:10','2024-11-30 12:59:10',NULL),
(478,478,1,'asset','public',NULL,NULL,NULL,'storage_asset','assets/sticker/s3/a1.gif','origin',NULL,'38252','image/gif','gif',200,116,NULL,'2024-11-30 12:59:10','2024-11-30 12:59:10',NULL),
(479,479,1,'asset','public',NULL,NULL,NULL,'storage_asset','assets/sticker/s3/a10.gif','origin',NULL,'24730','image/gif','gif',112,112,NULL,'2024-11-30 12:59:10','2024-11-30 12:59:10',NULL),
(480,480,1,'asset','public',NULL,NULL,NULL,'storage_asset','assets/sticker/s3/a11.gif','origin',NULL,'9889','image/gif','gif',112,112,NULL,'2024-11-30 12:59:10','2024-11-30 12:59:10',NULL),
(481,481,1,'asset','public',NULL,NULL,NULL,'storage_asset','assets/sticker/s3/a12.gif','origin',NULL,'46880','image/gif','gif',112,112,NULL,'2024-11-30 12:59:10','2024-11-30 12:59:10',NULL),
(482,482,1,'asset','public',NULL,NULL,NULL,'storage_asset','assets/sticker/s3/a13.gif','origin',NULL,'5479','image/gif','gif',101,200,NULL,'2024-11-30 12:59:10','2024-11-30 12:59:10',NULL),
(483,483,1,'asset','public',NULL,NULL,NULL,'storage_asset','assets/sticker/s3/a14.gif','origin',NULL,'17054','image/gif','gif',112,112,NULL,'2024-11-30 12:59:11','2024-11-30 12:59:11',NULL),
(484,484,1,'asset','public',NULL,NULL,NULL,'storage_asset','assets/sticker/s3/a15.gif','origin',NULL,'95819','image/gif','gif',111,112,NULL,'2024-11-30 12:59:11','2024-11-30 12:59:11',NULL),
(485,485,1,'asset','public',NULL,NULL,NULL,'storage_asset','assets/sticker/s3/a16.gif','origin',NULL,'34503','image/gif','gif',112,112,NULL,'2024-11-30 12:59:11','2024-11-30 12:59:11',NULL),
(486,486,1,'asset','public',NULL,NULL,NULL,'storage_asset','assets/sticker/s3/a17.gif','origin',NULL,'336362','image/gif','gif',178,200,NULL,'2024-11-30 12:59:11','2024-11-30 12:59:11',NULL),
(487,487,1,'asset','public',NULL,NULL,NULL,'storage_asset','assets/sticker/s3/a18.gif','origin',NULL,'8691','image/gif','gif',128,128,NULL,'2024-11-30 12:59:11','2024-11-30 12:59:11',NULL),
(488,488,1,'asset','public',NULL,NULL,NULL,'storage_asset','assets/sticker/s3/a19.gif','origin',NULL,'27389','image/gif','gif',128,128,NULL,'2024-11-30 12:59:11','2024-11-30 12:59:11',NULL),
(489,489,1,'asset','public',NULL,NULL,NULL,'storage_asset','assets/sticker/s3/a2.gif','origin',NULL,'193564','image/gif','gif',112,112,NULL,'2024-11-30 12:59:11','2024-11-30 12:59:11',NULL),
(490,490,1,'asset','public',NULL,NULL,NULL,'storage_asset','assets/sticker/s3/a20.gif','origin',NULL,'35280','image/gif','gif',112,112,NULL,'2024-11-30 12:59:11','2024-11-30 12:59:11',NULL),
(491,491,1,'asset','public',NULL,NULL,NULL,'storage_asset','assets/sticker/s3/a21.gif','origin',NULL,'9530','image/gif','gif',98,100,NULL,'2024-11-30 12:59:11','2024-11-30 12:59:11',NULL),
(492,492,1,'asset','public',NULL,NULL,NULL,'storage_asset','assets/sticker/s3/a22.gif','origin',NULL,'10880','image/gif','gif',127,128,NULL,'2024-11-30 12:59:11','2024-11-30 12:59:11',NULL),
(493,493,1,'asset','public',NULL,NULL,NULL,'storage_asset','assets/sticker/s3/a23.gif','origin',NULL,'14227','image/gif','gif',112,112,NULL,'2024-11-30 12:59:11','2024-11-30 12:59:11',NULL),
(494,494,1,'asset','public',NULL,NULL,NULL,'storage_asset','assets/sticker/s3/a24.gif','origin',NULL,'20611','image/gif','gif',112,112,NULL,'2024-11-30 12:59:11','2024-11-30 12:59:11',NULL),
(495,495,1,'asset','public',NULL,NULL,NULL,'storage_asset','assets/sticker/s3/a25.gif','origin',NULL,'28827','image/gif','gif',109,112,NULL,'2024-11-30 12:59:11','2024-11-30 12:59:11',NULL),
(496,496,1,'asset','public',NULL,NULL,NULL,'storage_asset','assets/sticker/s3/a26.gif','origin',NULL,'5708','image/gif','gif',122,119,NULL,'2024-11-30 12:59:11','2024-11-30 12:59:11',NULL),
(497,497,1,'asset','public',NULL,NULL,NULL,'storage_asset','assets/sticker/s3/a27.gif','origin',NULL,'34637','image/gif','gif',128,128,NULL,'2024-11-30 12:59:11','2024-11-30 12:59:11',NULL),
(498,498,1,'asset','public',NULL,NULL,NULL,'storage_asset','assets/sticker/s3/a28.gif','origin',NULL,'56690','image/gif','gif',200,200,NULL,'2024-11-30 12:59:11','2024-11-30 12:59:11',NULL),
(499,499,1,'asset','public',NULL,NULL,NULL,'storage_asset','assets/sticker/s3/a29.gif','origin',NULL,'5647','image/gif','gif',112,112,NULL,'2024-11-30 12:59:11','2024-11-30 12:59:11',NULL),
(500,500,1,'asset','public',NULL,NULL,NULL,'storage_asset','assets/sticker/s3/a3.gif','origin',NULL,'9171','image/gif','gif',112,112,NULL,'2024-11-30 12:59:12','2024-11-30 12:59:12',NULL),
(501,501,1,'asset','public',NULL,NULL,NULL,'storage_asset','assets/sticker/s3/a30.gif','origin',NULL,'9898','image/gif','gif',112,112,NULL,'2024-11-30 12:59:12','2024-11-30 12:59:12',NULL),
(502,502,1,'asset','public',NULL,NULL,NULL,'storage_asset','assets/sticker/s3/a31.gif','origin',NULL,'54373','image/gif','gif',56,56,NULL,'2024-11-30 12:59:12','2024-11-30 12:59:12',NULL),
(503,503,1,'asset','public',NULL,NULL,NULL,'storage_asset','assets/sticker/s3/a32.gif','origin',NULL,'7622','image/gif','gif',111,112,NULL,'2024-11-30 12:59:12','2024-11-30 12:59:12',NULL),
(504,504,1,'asset','public',NULL,NULL,NULL,'storage_asset','assets/sticker/s3/a33.gif','origin',NULL,'6634','image/gif','gif',112,112,NULL,'2024-11-30 12:59:12','2024-11-30 12:59:12',NULL),
(505,505,1,'asset','public',NULL,NULL,NULL,'storage_asset','assets/sticker/s3/a34.gif','origin',NULL,'19035','image/gif','gif',108,111,NULL,'2024-11-30 12:59:12','2024-11-30 12:59:12',NULL),
(506,506,1,'asset','public',NULL,NULL,NULL,'storage_asset','assets/sticker/s3/a35.gif','origin',NULL,'8033','image/gif','gif',100,100,NULL,'2024-11-30 12:59:12','2024-11-30 12:59:12',NULL),
(507,507,1,'asset','public',NULL,NULL,NULL,'storage_asset','assets/sticker/s3/a36.gif','origin',NULL,'8989','image/gif','gif',128,128,NULL,'2024-11-30 12:59:12','2024-11-30 12:59:12',NULL),
(508,508,1,'asset','public',NULL,NULL,NULL,'storage_asset','assets/sticker/s3/a37.gif','origin',NULL,'5199','image/gif','gif',86,100,NULL,'2024-11-30 12:59:12','2024-11-30 12:59:12',NULL),
(509,509,1,'asset','public',NULL,NULL,NULL,'storage_asset','assets/sticker/s3/a38.gif','origin',NULL,'21690','image/gif','gif',128,128,NULL,'2024-11-30 12:59:12','2024-11-30 12:59:12',NULL),
(510,510,1,'asset','public',NULL,NULL,NULL,'storage_asset','assets/sticker/s3/a39.gif','origin',NULL,'26068','image/gif','gif',100,100,NULL,'2024-11-30 12:59:12','2024-11-30 12:59:12',NULL),
(511,511,1,'asset','public',NULL,NULL,NULL,'storage_asset','assets/sticker/s3/a4.gif','origin',NULL,'106169','image/gif','gif',112,112,NULL,'2024-11-30 12:59:12','2024-11-30 12:59:12',NULL),
(512,512,1,'asset','public',NULL,NULL,NULL,'storage_asset','assets/sticker/s3/a40.gif','origin',NULL,'39619','image/gif','gif',128,121,NULL,'2024-11-30 12:59:12','2024-11-30 12:59:12',NULL),
(513,513,1,'asset','public',NULL,NULL,NULL,'storage_asset','assets/sticker/s3/a5.gif','origin',NULL,'5870','image/gif','gif',111,100,NULL,'2024-11-30 12:59:12','2024-11-30 12:59:12',NULL),
(514,514,1,'asset','public',NULL,NULL,NULL,'storage_asset','assets/sticker/s3/a6.gif','origin',NULL,'39501','image/gif','gif',56,56,NULL,'2024-11-30 12:59:12','2024-11-30 12:59:12',NULL),
(515,515,1,'asset','public',NULL,NULL,NULL,'storage_asset','assets/sticker/s3/a7.gif','origin',NULL,'9290','image/gif','gif',200,186,NULL,'2024-11-30 12:59:12','2024-11-30 12:59:12',NULL),
(516,516,1,'asset','public',NULL,NULL,NULL,'storage_asset','assets/sticker/s3/a8.gif','origin',NULL,'31468','image/gif','gif',112,112,NULL,'2024-11-30 12:59:12','2024-11-30 12:59:12',NULL),
(517,517,1,'asset','public',NULL,NULL,NULL,'storage_asset','assets/sticker/s3/a9.gif','origin',NULL,'309272','image/gif','gif',112,112,NULL,'2024-11-30 12:59:12','2024-11-30 12:59:12',NULL),
(518,518,1,'asset','public',NULL,NULL,NULL,NULL,'asset/2024/11-30/f773fc20-bf84-49bd-a242-0e90c6598ca3.png','origin','logo-ainab.png','8565','image/png','png',328,65,NULL,'2024-11-30 13:21:54','2024-11-30 13:21:54',NULL),
(519,519,1,'asset','public',NULL,NULL,NULL,NULL,'asset/2024/11-30/14f3ae9b-d001-46e0-b8b8-f79b1d750470.png','origin','logo-ainab.png','8565','image/png','png',328,65,NULL,'2024-11-30 13:22:04','2024-11-30 13:22:04',NULL),
(520,520,1,'asset','public',NULL,NULL,NULL,'storage_asset','assets/event/images/cover_no_image.png','origin',NULL,'14878','image/png','png',640,359,NULL,'2024-11-30 17:26:55','2024-11-30 17:26:55',NULL),
(521,521,1,'asset','public',NULL,NULL,NULL,'storage_asset','assets/event/images/map_marker.png','origin',NULL,'4155','image/png','png',128,128,NULL,'2024-11-30 17:26:55','2024-11-30 17:26:55',NULL),
(522,522,1,'asset','public',NULL,NULL,NULL,'storage_asset','assets/event/images/map_marker_hover.png','origin',NULL,'1540','image/png','png',128,128,NULL,'2024-11-30 17:26:55','2024-11-30 17:26:55',NULL),
(523,523,1,'asset','public',NULL,NULL,NULL,'storage_asset','assets/poll/images/cover_no_image.png','origin',NULL,'41566','image/png','png',752,422,NULL,'2024-11-30 17:29:17','2024-11-30 17:29:17',NULL),
(524,524,1,'asset','public',NULL,NULL,NULL,'storage_asset','assets/video/images/no_image.png','origin',NULL,'16546','image/png','png',1920,1080,NULL,'2024-11-30 17:33:29','2024-11-30 17:33:29',NULL),
(525,525,1,'asset','public',NULL,NULL,NULL,'storage_asset','assets/video/images/video_processing.png','origin',NULL,'22257','image/png','png',1920,1080,NULL,'2024-11-30 17:33:29','2024-11-30 17:33:29',NULL),
(526,526,1,'asset','public',NULL,NULL,NULL,'storage_asset','assets/subscription/images/no_image.png','origin',NULL,'4395','image/png','png',400,400,NULL,'2024-11-30 17:33:44','2024-11-30 17:33:44',NULL),
(527,527,1,'asset','public',NULL,NULL,NULL,'storage_asset','assets/subscription/images/popular.png','origin',NULL,'4418','image/png','png',91,91,NULL,'2024-11-30 17:33:44','2024-11-30 17:33:44',NULL),
(528,528,1,'asset','public',NULL,NULL,NULL,'storage_asset','assets/page/images/cover_no_image.png','origin',NULL,'49059','image/png','png',1152,400,NULL,'2024-11-30 17:33:49','2024-11-30 17:33:49',NULL),
(529,529,1,'asset','public',NULL,NULL,NULL,'storage_asset','assets/saved/images/no_image.png','origin',NULL,'9533','image/png','png',1024,1024,NULL,'2024-11-30 17:35:50','2024-11-30 17:35:50',NULL),
(530,530,1,'asset','public',NULL,NULL,NULL,'storage_asset','assets/advertise/images/default_ad_thumbnail.png','origin',NULL,'4499','image/png','png',100,100,NULL,'2024-11-30 17:47:41','2024-11-30 17:47:41',NULL),
(531,531,1,'asset','public',NULL,NULL,NULL,NULL,'assets/images/images/angry.png','origin',NULL,'10839','image/png','png',150,150,NULL,'2024-11-30 18:06:34','2024-11-30 18:06:34',NULL),
(532,532,1,'asset','public',NULL,NULL,NULL,NULL,'assets/images/images/haha.png','origin',NULL,'6860','image/png','png',150,150,NULL,'2024-11-30 18:06:34','2024-11-30 18:06:34',NULL),
(533,533,1,'asset','public',NULL,NULL,NULL,NULL,'assets/images/images/like.png','origin',NULL,'6546','image/png','png',150,150,NULL,'2024-11-30 18:06:34','2024-11-30 18:06:34',NULL),
(534,534,1,'asset','public',NULL,NULL,NULL,NULL,'assets/images/images/love.png','origin',NULL,'6480','image/png','png',150,150,NULL,'2024-11-30 18:06:34','2024-11-30 18:06:34',NULL),
(535,535,1,'asset','public',NULL,NULL,NULL,NULL,'assets/images/images/sad.png','origin',NULL,'7497','image/png','png',150,150,NULL,'2024-11-30 18:06:34','2024-11-30 18:06:34',NULL),
(536,536,1,'asset','public',NULL,NULL,NULL,NULL,'assets/images/images/wow.png','origin',NULL,'7472','image/png','png',150,150,NULL,'2024-11-30 18:06:35','2024-11-30 18:06:35',NULL),
(537,537,1,'asset','public',NULL,NULL,NULL,'storage_asset','assets/like/images/angry.png','origin',NULL,'10839','image/png','png',150,150,NULL,'2024-11-30 18:06:48','2024-11-30 18:06:48',NULL),
(538,538,1,'asset','public',NULL,NULL,NULL,'storage_asset','assets/like/images/angry.svg','origin',NULL,'1804','image/svg+xml','svg',NULL,NULL,NULL,'2024-11-30 18:06:49','2024-11-30 18:06:49',NULL),
(539,539,1,'asset','public',NULL,NULL,NULL,'storage_asset','assets/like/images/haha.png','origin',NULL,'6860','image/png','png',150,150,NULL,'2024-11-30 18:06:49','2024-11-30 18:06:49',NULL),
(540,540,1,'asset','public',NULL,NULL,NULL,'storage_asset','assets/like/images/haha.svg','origin',NULL,'1656','image/svg+xml','svg',NULL,NULL,NULL,'2024-11-30 18:06:49','2024-11-30 18:06:49',NULL),
(541,541,1,'asset','public',NULL,NULL,NULL,'storage_asset','assets/like/images/like.png','origin',NULL,'6546','image/png','png',150,150,NULL,'2024-11-30 18:06:49','2024-11-30 18:06:49',NULL),
(542,542,1,'asset','public',NULL,NULL,NULL,'storage_asset','assets/like/images/like.svg','origin',NULL,'1014','image/svg+xml','svg',NULL,NULL,NULL,'2024-11-30 18:06:49','2024-11-30 18:06:49',NULL),
(543,543,1,'asset','public',NULL,NULL,NULL,'storage_asset','assets/like/images/love.png','origin',NULL,'6480','image/png','png',150,150,NULL,'2024-11-30 18:06:49','2024-11-30 18:06:49',NULL),
(544,544,1,'asset','public',NULL,NULL,NULL,'storage_asset','assets/like/images/love.svg','origin',NULL,'979','image/svg+xml','svg',NULL,NULL,NULL,'2024-11-30 18:06:49','2024-11-30 18:06:49',NULL),
(545,545,1,'asset','public',NULL,NULL,NULL,'storage_asset','assets/like/images/sad.png','origin',NULL,'7497','image/png','png',150,150,NULL,'2024-11-30 18:06:49','2024-11-30 18:06:49',NULL),
(546,546,1,'asset','public',NULL,NULL,NULL,'storage_asset','assets/like/images/sad.svg','origin',NULL,'1796','image/svg+xml','svg',NULL,NULL,NULL,'2024-11-30 18:06:49','2024-11-30 18:06:49',NULL),
(547,547,1,'asset','public',NULL,NULL,NULL,'storage_asset','assets/like/images/wow.png','origin',NULL,'7472','image/png','png',150,150,NULL,'2024-11-30 18:06:49','2024-11-30 18:06:49',NULL),
(548,548,1,'asset','public',NULL,NULL,NULL,'storage_asset','assets/like/images/wow.svg','origin',NULL,'1545','image/svg+xml','svg',NULL,NULL,NULL,'2024-11-30 18:06:49','2024-11-30 18:06:49',NULL),
(549,549,1,'asset','public',NULL,NULL,NULL,'storage_asset','assets/layout/images/transparent.webp','origin',NULL,'19272','image/webp','webp',800,800,NULL,'2024-11-30 18:14:20','2024-11-30 18:14:20',NULL),
(550,550,1,'asset','public',NULL,NULL,NULL,'storage_asset','assets/like/images/angry.png','origin',NULL,'10839','image/png','png',150,150,NULL,'2024-11-30 18:14:32','2024-11-30 18:14:32',NULL),
(551,551,1,'asset','public',NULL,NULL,NULL,'storage_asset','assets/like/images/angry.svg','origin',NULL,'1804','image/svg+xml','svg',NULL,NULL,NULL,'2024-11-30 18:14:32','2024-11-30 18:14:32',NULL),
(552,552,1,'asset','public',NULL,NULL,NULL,'storage_asset','assets/like/images/haha.png','origin',NULL,'6860','image/png','png',150,150,NULL,'2024-11-30 18:14:32','2024-11-30 18:14:32',NULL),
(553,553,1,'asset','public',NULL,NULL,NULL,'storage_asset','assets/like/images/haha.svg','origin',NULL,'1656','image/svg+xml','svg',NULL,NULL,NULL,'2024-11-30 18:14:32','2024-11-30 18:14:32',NULL),
(554,554,1,'asset','public',NULL,NULL,NULL,'storage_asset','assets/like/images/like.png','origin',NULL,'6546','image/png','png',150,150,NULL,'2024-11-30 18:14:32','2024-11-30 18:14:32',NULL),
(555,555,1,'asset','public',NULL,NULL,NULL,'storage_asset','assets/like/images/like.svg','origin',NULL,'1014','image/svg+xml','svg',NULL,NULL,NULL,'2024-11-30 18:14:32','2024-11-30 18:14:32',NULL),
(556,556,1,'asset','public',NULL,NULL,NULL,'storage_asset','assets/like/images/love.png','origin',NULL,'6480','image/png','png',150,150,NULL,'2024-11-30 18:14:32','2024-11-30 18:14:32',NULL),
(557,557,1,'asset','public',NULL,NULL,NULL,'storage_asset','assets/like/images/love.svg','origin',NULL,'979','image/svg+xml','svg',NULL,NULL,NULL,'2024-11-30 18:14:32','2024-11-30 18:14:32',NULL),
(558,558,1,'asset','public',NULL,NULL,NULL,'storage_asset','assets/like/images/sad.png','origin',NULL,'7497','image/png','png',150,150,NULL,'2024-11-30 18:14:32','2024-11-30 18:14:32',NULL),
(559,559,1,'asset','public',NULL,NULL,NULL,'storage_asset','assets/like/images/sad.svg','origin',NULL,'1796','image/svg+xml','svg',NULL,NULL,NULL,'2024-11-30 18:14:32','2024-11-30 18:14:32',NULL),
(560,560,1,'asset','public',NULL,NULL,NULL,'storage_asset','assets/like/images/wow.png','origin',NULL,'7472','image/png','png',150,150,NULL,'2024-11-30 18:14:32','2024-11-30 18:14:32',NULL),
(561,561,1,'asset','public',NULL,NULL,NULL,'storage_asset','assets/like/images/wow.svg','origin',NULL,'1545','image/svg+xml','svg',NULL,NULL,NULL,'2024-11-30 18:14:32','2024-11-30 18:14:32',NULL),
(562,562,1,'asset','public',NULL,NULL,NULL,'storage_asset','assets/sticker/s1/a1.gif','origin',NULL,'98753','image/gif','gif',240,240,NULL,'2024-11-30 18:14:35','2024-11-30 18:14:35',NULL),
(563,563,1,'asset','public',NULL,NULL,NULL,'storage_asset','assets/sticker/s1/a10.gif','origin',NULL,'92820','image/gif','gif',240,240,NULL,'2024-11-30 18:14:35','2024-11-30 18:14:35',NULL),
(564,564,1,'asset','public',NULL,NULL,NULL,'storage_asset','assets/sticker/s1/a11.gif','origin',NULL,'101503','image/gif','gif',240,240,NULL,'2024-11-30 18:14:35','2024-11-30 18:14:35',NULL),
(565,565,1,'asset','public',NULL,NULL,NULL,'storage_asset','assets/sticker/s1/a12.gif','origin',NULL,'30386','image/gif','gif',240,240,NULL,'2024-11-30 18:14:35','2024-11-30 18:14:35',NULL),
(566,566,1,'asset','public',NULL,NULL,NULL,'storage_asset','assets/sticker/s1/a13.gif','origin',NULL,'100451','image/gif','gif',240,240,NULL,'2024-11-30 18:14:35','2024-11-30 18:14:35',NULL),
(567,567,1,'asset','public',NULL,NULL,NULL,'storage_asset','assets/sticker/s1/a14.gif','origin',NULL,'73800','image/gif','gif',240,240,NULL,'2024-11-30 18:14:35','2024-11-30 18:14:35',NULL),
(568,568,1,'asset','public',NULL,NULL,NULL,'storage_asset','assets/sticker/s1/a15.gif','origin',NULL,'101198','image/gif','gif',240,240,NULL,'2024-11-30 18:14:35','2024-11-30 18:14:35',NULL),
(569,569,1,'asset','public',NULL,NULL,NULL,'storage_asset','assets/sticker/s1/a16.gif','origin',NULL,'99253','image/gif','gif',240,240,NULL,'2024-11-30 18:14:35','2024-11-30 18:14:35',NULL),
(570,570,1,'asset','public',NULL,NULL,NULL,'storage_asset','assets/sticker/s1/a17.gif','origin',NULL,'26821','image/gif','gif',240,240,NULL,'2024-11-30 18:14:35','2024-11-30 18:14:35',NULL),
(571,571,1,'asset','public',NULL,NULL,NULL,'storage_asset','assets/sticker/s1/a18.gif','origin',NULL,'95178','image/gif','gif',240,240,NULL,'2024-11-30 18:14:35','2024-11-30 18:14:35',NULL),
(572,572,1,'asset','public',NULL,NULL,NULL,'storage_asset','assets/sticker/s1/a19.gif','origin',NULL,'100822','image/gif','gif',240,240,NULL,'2024-11-30 18:14:35','2024-11-30 18:14:35',NULL),
(573,573,1,'asset','public',NULL,NULL,NULL,'storage_asset','assets/sticker/s1/a2.gif','origin',NULL,'31397','image/gif','gif',240,240,NULL,'2024-11-30 18:14:35','2024-11-30 18:14:35',NULL),
(574,574,1,'asset','public',NULL,NULL,NULL,'storage_asset','assets/sticker/s1/a20.gif','origin',NULL,'100189','image/gif','gif',240,240,NULL,'2024-11-30 18:14:35','2024-11-30 18:14:35',NULL),
(575,575,1,'asset','public',NULL,NULL,NULL,'storage_asset','assets/sticker/s1/a21.gif','origin',NULL,'97012','image/gif','gif',240,240,NULL,'2024-11-30 18:14:35','2024-11-30 18:14:35',NULL),
(576,576,1,'asset','public',NULL,NULL,NULL,'storage_asset','assets/sticker/s1/a22.gif','origin',NULL,'32382','image/gif','gif',240,240,NULL,'2024-11-30 18:14:35','2024-11-30 18:14:35',NULL),
(577,577,1,'asset','public',NULL,NULL,NULL,'storage_asset','assets/sticker/s1/a23.gif','origin',NULL,'98753','image/gif','gif',240,240,NULL,'2024-11-30 18:14:35','2024-11-30 18:14:35',NULL),
(578,578,1,'asset','public',NULL,NULL,NULL,'storage_asset','assets/sticker/s1/a3.gif','origin',NULL,'61859','image/gif','gif',240,240,NULL,'2024-11-30 18:14:35','2024-11-30 18:14:35',NULL),
(579,579,1,'asset','public',NULL,NULL,NULL,'storage_asset','assets/sticker/s1/a4.gif','origin',NULL,'97831','image/gif','gif',240,240,NULL,'2024-11-30 18:14:35','2024-11-30 18:14:35',NULL),
(580,580,1,'asset','public',NULL,NULL,NULL,'storage_asset','assets/sticker/s1/a5.gif','origin',NULL,'21108','image/gif','gif',240,240,NULL,'2024-11-30 18:14:35','2024-11-30 18:14:35',NULL),
(581,581,1,'asset','public',NULL,NULL,NULL,'storage_asset','assets/sticker/s1/a6.gif','origin',NULL,'91310','image/gif','gif',240,240,NULL,'2024-11-30 18:14:35','2024-11-30 18:14:35',NULL),
(582,582,1,'asset','public',NULL,NULL,NULL,'storage_asset','assets/sticker/s1/a7.gif','origin',NULL,'29289','image/gif','gif',240,240,NULL,'2024-11-30 18:14:35','2024-11-30 18:14:35',NULL),
(583,583,1,'asset','public',NULL,NULL,NULL,'storage_asset','assets/sticker/s1/a8.gif','origin',NULL,'30090','image/gif','gif',240,240,NULL,'2024-11-30 18:14:35','2024-11-30 18:14:35',NULL),
(584,584,1,'asset','public',NULL,NULL,NULL,'storage_asset','assets/sticker/s1/a9.gif','origin',NULL,'100836','image/gif','gif',240,240,NULL,'2024-11-30 18:14:35','2024-11-30 18:14:35',NULL),
(585,585,1,'asset','public',NULL,NULL,NULL,'storage_asset','assets/sticker/s2/a1.gif','origin',NULL,'12677','image/gif','gif',100,100,NULL,'2024-11-30 18:14:35','2024-11-30 18:14:35',NULL),
(586,586,1,'asset','public',NULL,NULL,NULL,'storage_asset','assets/sticker/s2/a10.gif','origin',NULL,'7388','image/gif','gif',100,100,NULL,'2024-11-30 18:14:35','2024-11-30 18:14:35',NULL),
(587,587,1,'asset','public',NULL,NULL,NULL,'storage_asset','assets/sticker/s2/a11.gif','origin',NULL,'25749','image/gif','gif',100,100,NULL,'2024-11-30 18:14:35','2024-11-30 18:14:35',NULL),
(588,588,1,'asset','public',NULL,NULL,NULL,'storage_asset','assets/sticker/s2/a12.gif','origin',NULL,'37572','image/gif','gif',100,100,NULL,'2024-11-30 18:14:35','2024-11-30 18:14:35',NULL),
(589,589,1,'asset','public',NULL,NULL,NULL,'storage_asset','assets/sticker/s2/a13.gif','origin',NULL,'6546','image/gif','gif',100,100,NULL,'2024-11-30 18:14:35','2024-11-30 18:14:35',NULL),
(590,590,1,'asset','public',NULL,NULL,NULL,'storage_asset','assets/sticker/s2/a14.gif','origin',NULL,'17205','image/gif','gif',100,100,NULL,'2024-11-30 18:14:35','2024-11-30 18:14:35',NULL),
(591,591,1,'asset','public',NULL,NULL,NULL,'storage_asset','assets/sticker/s2/a15.gif','origin',NULL,'8639','image/gif','gif',100,100,NULL,'2024-11-30 18:14:35','2024-11-30 18:14:35',NULL),
(592,592,1,'asset','public',NULL,NULL,NULL,'storage_asset','assets/sticker/s2/a16.gif','origin',NULL,'13691','image/gif','gif',100,100,NULL,'2024-11-30 18:14:35','2024-11-30 18:14:35',NULL),
(593,593,1,'asset','public',NULL,NULL,NULL,'storage_asset','assets/sticker/s2/a17.gif','origin',NULL,'20525','image/gif','gif',100,100,NULL,'2024-11-30 18:14:35','2024-11-30 18:14:35',NULL),
(594,594,1,'asset','public',NULL,NULL,NULL,'storage_asset','assets/sticker/s2/a18.gif','origin',NULL,'21343','image/gif','gif',100,100,NULL,'2024-11-30 18:14:35','2024-11-30 18:14:35',NULL),
(595,595,1,'asset','public',NULL,NULL,NULL,'storage_asset','assets/sticker/s2/a19.gif','origin',NULL,'35514','image/gif','gif',100,100,NULL,'2024-11-30 18:14:35','2024-11-30 18:14:35',NULL),
(596,596,1,'asset','public',NULL,NULL,NULL,'storage_asset','assets/sticker/s2/a2.gif','origin',NULL,'40510','image/gif','gif',100,100,NULL,'2024-11-30 18:14:35','2024-11-30 18:14:35',NULL),
(597,597,1,'asset','public',NULL,NULL,NULL,'storage_asset','assets/sticker/s2/a20.gif','origin',NULL,'17094','image/gif','gif',100,100,NULL,'2024-11-30 18:14:35','2024-11-30 18:14:35',NULL),
(598,598,1,'asset','public',NULL,NULL,NULL,'storage_asset','assets/sticker/s2/a21.gif','origin',NULL,'24012','image/gif','gif',100,100,NULL,'2024-11-30 18:14:35','2024-11-30 18:14:35',NULL),
(599,599,1,'asset','public',NULL,NULL,NULL,'storage_asset','assets/sticker/s2/a22.gif','origin',NULL,'15509','image/gif','gif',100,100,NULL,'2024-11-30 18:14:35','2024-11-30 18:14:35',NULL),
(600,600,1,'asset','public',NULL,NULL,NULL,'storage_asset','assets/sticker/s2/a23.gif','origin',NULL,'16869','image/gif','gif',100,100,NULL,'2024-11-30 18:14:35','2024-11-30 18:14:35',NULL),
(601,601,1,'asset','public',NULL,NULL,NULL,'storage_asset','assets/sticker/s2/a24.gif','origin',NULL,'4279','image/gif','gif',100,100,NULL,'2024-11-30 18:14:35','2024-11-30 18:14:35',NULL),
(602,602,1,'asset','public',NULL,NULL,NULL,'storage_asset','assets/sticker/s2/a25.gif','origin',NULL,'7370','image/gif','gif',100,100,NULL,'2024-11-30 18:14:35','2024-11-30 18:14:35',NULL),
(603,603,1,'asset','public',NULL,NULL,NULL,'storage_asset','assets/sticker/s2/a26.gif','origin',NULL,'39419','image/gif','gif',100,100,NULL,'2024-11-30 18:14:35','2024-11-30 18:14:35',NULL),
(604,604,1,'asset','public',NULL,NULL,NULL,'storage_asset','assets/sticker/s2/a27.gif','origin',NULL,'38725','image/gif','gif',100,100,NULL,'2024-11-30 18:14:35','2024-11-30 18:14:35',NULL),
(605,605,1,'asset','public',NULL,NULL,NULL,'storage_asset','assets/sticker/s2/a28.gif','origin',NULL,'29976','image/gif','gif',100,100,NULL,'2024-11-30 18:14:35','2024-11-30 18:14:35',NULL),
(606,606,1,'asset','public',NULL,NULL,NULL,'storage_asset','assets/sticker/s2/a29.gif','origin',NULL,'16659','image/gif','gif',100,100,NULL,'2024-11-30 18:14:35','2024-11-30 18:14:35',NULL),
(607,607,1,'asset','public',NULL,NULL,NULL,'storage_asset','assets/sticker/s2/a3.gif','origin',NULL,'32440','image/gif','gif',100,100,NULL,'2024-11-30 18:14:35','2024-11-30 18:14:35',NULL),
(608,608,1,'asset','public',NULL,NULL,NULL,'storage_asset','assets/sticker/s2/a30.gif','origin',NULL,'38801','image/gif','gif',100,100,NULL,'2024-11-30 18:14:35','2024-11-30 18:14:35',NULL),
(609,609,1,'asset','public',NULL,NULL,NULL,'storage_asset','assets/sticker/s2/a31.gif','origin',NULL,'37351','image/gif','gif',100,100,NULL,'2024-11-30 18:14:35','2024-11-30 18:14:35',NULL),
(610,610,1,'asset','public',NULL,NULL,NULL,'storage_asset','assets/sticker/s2/a32.gif','origin',NULL,'31483','image/gif','gif',100,100,NULL,'2024-11-30 18:14:35','2024-11-30 18:14:35',NULL),
(611,611,1,'asset','public',NULL,NULL,NULL,'storage_asset','assets/sticker/s2/a33.gif','origin',NULL,'38190','image/gif','gif',100,100,NULL,'2024-11-30 18:14:35','2024-11-30 18:14:35',NULL),
(612,612,1,'asset','public',NULL,NULL,NULL,'storage_asset','assets/sticker/s2/a34.gif','origin',NULL,'23633','image/gif','gif',100,100,NULL,'2024-11-30 18:14:35','2024-11-30 18:14:35',NULL),
(613,613,1,'asset','public',NULL,NULL,NULL,'storage_asset','assets/sticker/s2/a35.gif','origin',NULL,'37351','image/gif','gif',100,100,NULL,'2024-11-30 18:14:35','2024-11-30 18:14:35',NULL),
(614,614,1,'asset','public',NULL,NULL,NULL,'storage_asset','assets/sticker/s2/a4.gif','origin',NULL,'29183','image/gif','gif',100,100,NULL,'2024-11-30 18:14:36','2024-11-30 18:14:36',NULL),
(615,615,1,'asset','public',NULL,NULL,NULL,'storage_asset','assets/sticker/s2/a5.gif','origin',NULL,'17786','image/gif','gif',100,100,NULL,'2024-11-30 18:14:36','2024-11-30 18:14:36',NULL),
(616,616,1,'asset','public',NULL,NULL,NULL,'storage_asset','assets/sticker/s2/a6.gif','origin',NULL,'29400','image/gif','gif',100,100,NULL,'2024-11-30 18:14:36','2024-11-30 18:14:36',NULL),
(617,617,1,'asset','public',NULL,NULL,NULL,'storage_asset','assets/sticker/s2/a7.gif','origin',NULL,'24297','image/gif','gif',100,100,NULL,'2024-11-30 18:14:36','2024-11-30 18:14:36',NULL),
(618,618,1,'asset','public',NULL,NULL,NULL,'storage_asset','assets/sticker/s2/a8.gif','origin',NULL,'48860','image/gif','gif',100,100,NULL,'2024-11-30 18:14:36','2024-11-30 18:14:36',NULL),
(619,619,1,'asset','public',NULL,NULL,NULL,'storage_asset','assets/sticker/s2/a9.gif','origin',NULL,'18044','image/gif','gif',100,100,NULL,'2024-11-30 18:14:36','2024-11-30 18:14:36',NULL),
(620,620,1,'asset','public',NULL,NULL,NULL,'storage_asset','assets/sticker/s3/a1.gif','origin',NULL,'38252','image/gif','gif',200,116,NULL,'2024-11-30 18:14:36','2024-11-30 18:14:36',NULL),
(621,621,1,'asset','public',NULL,NULL,NULL,'storage_asset','assets/sticker/s3/a10.gif','origin',NULL,'24730','image/gif','gif',112,112,NULL,'2024-11-30 18:14:36','2024-11-30 18:14:36',NULL),
(622,622,1,'asset','public',NULL,NULL,NULL,'storage_asset','assets/sticker/s3/a11.gif','origin',NULL,'9889','image/gif','gif',112,112,NULL,'2024-11-30 18:14:36','2024-11-30 18:14:36',NULL),
(623,623,1,'asset','public',NULL,NULL,NULL,'storage_asset','assets/sticker/s3/a12.gif','origin',NULL,'46880','image/gif','gif',112,112,NULL,'2024-11-30 18:14:36','2024-11-30 18:14:36',NULL),
(624,624,1,'asset','public',NULL,NULL,NULL,'storage_asset','assets/sticker/s3/a13.gif','origin',NULL,'5479','image/gif','gif',101,200,NULL,'2024-11-30 18:14:36','2024-11-30 18:14:36',NULL),
(625,625,1,'asset','public',NULL,NULL,NULL,'storage_asset','assets/sticker/s3/a14.gif','origin',NULL,'17054','image/gif','gif',112,112,NULL,'2024-11-30 18:14:36','2024-11-30 18:14:36',NULL),
(626,626,1,'asset','public',NULL,NULL,NULL,'storage_asset','assets/sticker/s3/a15.gif','origin',NULL,'95819','image/gif','gif',111,112,NULL,'2024-11-30 18:14:36','2024-11-30 18:14:36',NULL),
(627,627,1,'asset','public',NULL,NULL,NULL,'storage_asset','assets/sticker/s3/a16.gif','origin',NULL,'34503','image/gif','gif',112,112,NULL,'2024-11-30 18:14:36','2024-11-30 18:14:36',NULL),
(628,628,1,'asset','public',NULL,NULL,NULL,'storage_asset','assets/sticker/s3/a17.gif','origin',NULL,'336362','image/gif','gif',178,200,NULL,'2024-11-30 18:14:36','2024-11-30 18:14:36',NULL),
(629,629,1,'asset','public',NULL,NULL,NULL,'storage_asset','assets/sticker/s3/a18.gif','origin',NULL,'8691','image/gif','gif',128,128,NULL,'2024-11-30 18:14:36','2024-11-30 18:14:36',NULL),
(630,630,1,'asset','public',NULL,NULL,NULL,'storage_asset','assets/sticker/s3/a19.gif','origin',NULL,'27389','image/gif','gif',128,128,NULL,'2024-11-30 18:14:36','2024-11-30 18:14:36',NULL),
(631,631,1,'asset','public',NULL,NULL,NULL,'storage_asset','assets/sticker/s3/a2.gif','origin',NULL,'193564','image/gif','gif',112,112,NULL,'2024-11-30 18:14:36','2024-11-30 18:14:36',NULL),
(632,632,1,'asset','public',NULL,NULL,NULL,'storage_asset','assets/sticker/s3/a20.gif','origin',NULL,'35280','image/gif','gif',112,112,NULL,'2024-11-30 18:14:36','2024-11-30 18:14:36',NULL),
(633,633,1,'asset','public',NULL,NULL,NULL,'storage_asset','assets/sticker/s3/a21.gif','origin',NULL,'9530','image/gif','gif',98,100,NULL,'2024-11-30 18:14:36','2024-11-30 18:14:36',NULL),
(634,634,1,'asset','public',NULL,NULL,NULL,'storage_asset','assets/sticker/s3/a22.gif','origin',NULL,'10880','image/gif','gif',127,128,NULL,'2024-11-30 18:14:36','2024-11-30 18:14:36',NULL),
(635,635,1,'asset','public',NULL,NULL,NULL,'storage_asset','assets/sticker/s3/a23.gif','origin',NULL,'14227','image/gif','gif',112,112,NULL,'2024-11-30 18:14:36','2024-11-30 18:14:36',NULL),
(636,636,1,'asset','public',NULL,NULL,NULL,'storage_asset','assets/sticker/s3/a24.gif','origin',NULL,'20611','image/gif','gif',112,112,NULL,'2024-11-30 18:14:36','2024-11-30 18:14:36',NULL),
(637,637,1,'asset','public',NULL,NULL,NULL,'storage_asset','assets/sticker/s3/a25.gif','origin',NULL,'28827','image/gif','gif',109,112,NULL,'2024-11-30 18:14:36','2024-11-30 18:14:36',NULL),
(638,638,1,'asset','public',NULL,NULL,NULL,'storage_asset','assets/sticker/s3/a26.gif','origin',NULL,'5708','image/gif','gif',122,119,NULL,'2024-11-30 18:14:36','2024-11-30 18:14:36',NULL),
(639,639,1,'asset','public',NULL,NULL,NULL,'storage_asset','assets/sticker/s3/a27.gif','origin',NULL,'34637','image/gif','gif',128,128,NULL,'2024-11-30 18:14:36','2024-11-30 18:14:36',NULL),
(640,640,1,'asset','public',NULL,NULL,NULL,'storage_asset','assets/sticker/s3/a28.gif','origin',NULL,'56690','image/gif','gif',200,200,NULL,'2024-11-30 18:14:36','2024-11-30 18:14:36',NULL),
(641,641,1,'asset','public',NULL,NULL,NULL,'storage_asset','assets/sticker/s3/a29.gif','origin',NULL,'5647','image/gif','gif',112,112,NULL,'2024-11-30 18:14:36','2024-11-30 18:14:36',NULL),
(642,642,1,'asset','public',NULL,NULL,NULL,'storage_asset','assets/sticker/s3/a3.gif','origin',NULL,'9171','image/gif','gif',112,112,NULL,'2024-11-30 18:14:36','2024-11-30 18:14:36',NULL),
(643,643,1,'asset','public',NULL,NULL,NULL,'storage_asset','assets/sticker/s3/a30.gif','origin',NULL,'9898','image/gif','gif',112,112,NULL,'2024-11-30 18:14:36','2024-11-30 18:14:36',NULL),
(644,644,1,'asset','public',NULL,NULL,NULL,'storage_asset','assets/sticker/s3/a31.gif','origin',NULL,'54373','image/gif','gif',56,56,NULL,'2024-11-30 18:14:36','2024-11-30 18:14:36',NULL),
(645,645,1,'asset','public',NULL,NULL,NULL,'storage_asset','assets/sticker/s3/a32.gif','origin',NULL,'7622','image/gif','gif',111,112,NULL,'2024-11-30 18:14:36','2024-11-30 18:14:36',NULL),
(646,646,1,'asset','public',NULL,NULL,NULL,'storage_asset','assets/sticker/s3/a33.gif','origin',NULL,'6634','image/gif','gif',112,112,NULL,'2024-11-30 18:14:36','2024-11-30 18:14:36',NULL),
(647,647,1,'asset','public',NULL,NULL,NULL,'storage_asset','assets/sticker/s3/a34.gif','origin',NULL,'19035','image/gif','gif',108,111,NULL,'2024-11-30 18:14:36','2024-11-30 18:14:36',NULL),
(648,648,1,'asset','public',NULL,NULL,NULL,'storage_asset','assets/sticker/s3/a35.gif','origin',NULL,'8033','image/gif','gif',100,100,NULL,'2024-11-30 18:14:36','2024-11-30 18:14:36',NULL),
(649,649,1,'asset','public',NULL,NULL,NULL,'storage_asset','assets/sticker/s3/a36.gif','origin',NULL,'8989','image/gif','gif',128,128,NULL,'2024-11-30 18:14:36','2024-11-30 18:14:36',NULL),
(650,650,1,'asset','public',NULL,NULL,NULL,'storage_asset','assets/sticker/s3/a37.gif','origin',NULL,'5199','image/gif','gif',86,100,NULL,'2024-11-30 18:14:36','2024-11-30 18:14:36',NULL),
(651,651,1,'asset','public',NULL,NULL,NULL,'storage_asset','assets/sticker/s3/a38.gif','origin',NULL,'21690','image/gif','gif',128,128,NULL,'2024-11-30 18:14:36','2024-11-30 18:14:36',NULL),
(652,652,1,'asset','public',NULL,NULL,NULL,'storage_asset','assets/sticker/s3/a39.gif','origin',NULL,'26068','image/gif','gif',100,100,NULL,'2024-11-30 18:14:36','2024-11-30 18:14:36',NULL),
(653,653,1,'asset','public',NULL,NULL,NULL,'storage_asset','assets/sticker/s3/a4.gif','origin',NULL,'106169','image/gif','gif',112,112,NULL,'2024-11-30 18:14:36','2024-11-30 18:14:36',NULL),
(654,654,1,'asset','public',NULL,NULL,NULL,'storage_asset','assets/sticker/s3/a40.gif','origin',NULL,'39619','image/gif','gif',128,121,NULL,'2024-11-30 18:14:36','2024-11-30 18:14:36',NULL),
(655,655,1,'asset','public',NULL,NULL,NULL,'storage_asset','assets/sticker/s3/a5.gif','origin',NULL,'5870','image/gif','gif',111,100,NULL,'2024-11-30 18:14:36','2024-11-30 18:14:36',NULL),
(656,656,1,'asset','public',NULL,NULL,NULL,'storage_asset','assets/sticker/s3/a6.gif','origin',NULL,'39501','image/gif','gif',56,56,NULL,'2024-11-30 18:14:36','2024-11-30 18:14:36',NULL),
(657,657,1,'asset','public',NULL,NULL,NULL,'storage_asset','assets/sticker/s3/a7.gif','origin',NULL,'9290','image/gif','gif',200,186,NULL,'2024-11-30 18:14:36','2024-11-30 18:14:36',NULL),
(658,658,1,'asset','public',NULL,NULL,NULL,'storage_asset','assets/sticker/s3/a8.gif','origin',NULL,'31468','image/gif','gif',112,112,NULL,'2024-11-30 18:14:36','2024-11-30 18:14:36',NULL),
(659,659,1,'asset','public',NULL,NULL,NULL,'storage_asset','assets/sticker/s3/a9.gif','origin',NULL,'309272','image/gif','gif',112,112,NULL,'2024-11-30 18:14:36','2024-11-30 18:14:36',NULL),
(660,660,1,'photo','public',1,'user',4,'event','event/2024/12/01/2024/12-1/b803c831-26d1-4007-bbcf-5185efb009b5_origin.jpeg','origin','IMG_5653.jpeg','46282','image/jpg','jpg',733,662,NULL,'2024-12-01 01:01:44','2024-12-01 01:01:45',NULL),
(661,660,0,'photo','public',1,'user',4,'event','event/2024/12/01/2024/12-1/b803c831-26d1-4007-bbcf-5185efb009b5_75.jpeg','75','IMG_5653.jpeg','1997','image/jpg','jpg',75,67,NULL,'2024-12-01 01:01:44','2024-12-01 01:01:45',NULL),
(662,660,0,'photo','public',1,'user',4,'event','event/2024/12/01/2024/12-1/b803c831-26d1-4007-bbcf-5185efb009b5_100.jpeg','100','IMG_5653.jpeg','2811','image/jpg','jpg',100,90,NULL,'2024-12-01 01:01:44','2024-12-01 01:01:45',NULL),
(663,660,0,'photo','public',1,'user',4,'event','event/2024/12/01/2024/12-1/b803c831-26d1-4007-bbcf-5185efb009b5_150.jpeg','150','IMG_5653.jpeg','4852','image/jpg','jpg',150,135,NULL,'2024-12-01 01:01:44','2024-12-01 01:01:45',NULL),
(664,660,0,'photo','public',1,'user',4,'event','event/2024/12/01/2024/12-1/b803c831-26d1-4007-bbcf-5185efb009b5_240.jpeg','240','IMG_5653.jpeg','9432','image/jpg','jpg',240,216,NULL,'2024-12-01 01:01:44','2024-12-01 01:01:45',NULL),
(665,660,0,'photo','public',1,'user',4,'event','event/2024/12/01/2024/12-1/b803c831-26d1-4007-bbcf-5185efb009b5_500.jpeg','500','IMG_5653.jpeg','26668','image/jpg','jpg',500,451,NULL,'2024-12-01 01:01:44','2024-12-01 01:01:45',NULL),
(666,666,1,'photo','public',1,'user',1,'photo','photo/2024/12/01/2024/12-1/52ec635a-21bd-4f51-b171-cf1feb896a5c_origin.jpeg','origin','IMG_5653.jpeg','46282','image/jpg','jpg',733,662,NULL,'2024-12-01 16:58:53','2024-12-01 16:58:54',NULL),
(667,666,0,'photo','public',1,'user',1,'photo','photo/2024/12/01/2024/12-1/52ec635a-21bd-4f51-b171-cf1feb896a5c_75.jpeg','75','IMG_5653.jpeg','1997','image/jpg','jpg',75,67,NULL,'2024-12-01 16:58:54','2024-12-01 16:58:54',NULL),
(668,666,0,'photo','public',1,'user',1,'photo','photo/2024/12/01/2024/12-1/52ec635a-21bd-4f51-b171-cf1feb896a5c_100.jpeg','100','IMG_5653.jpeg','2811','image/jpg','jpg',100,90,NULL,'2024-12-01 16:58:54','2024-12-01 16:58:54',NULL),
(669,666,0,'photo','public',1,'user',1,'photo','photo/2024/12/01/2024/12-1/52ec635a-21bd-4f51-b171-cf1feb896a5c_150.jpeg','150','IMG_5653.jpeg','4852','image/jpg','jpg',150,135,NULL,'2024-12-01 16:58:54','2024-12-01 16:58:54',NULL),
(670,666,0,'photo','public',1,'user',1,'photo','photo/2024/12/01/2024/12-1/52ec635a-21bd-4f51-b171-cf1feb896a5c_240.jpeg','240','IMG_5653.jpeg','9432','image/jpg','jpg',240,216,NULL,'2024-12-01 16:58:54','2024-12-01 16:58:54',NULL),
(671,666,0,'photo','public',1,'user',1,'photo','photo/2024/12/01/2024/12-1/52ec635a-21bd-4f51-b171-cf1feb896a5c_500.jpeg','500','IMG_5653.jpeg','26668','image/jpg','jpg',500,451,NULL,'2024-12-01 16:58:54','2024-12-01 16:58:54',NULL),
(672,672,1,'photo','public',1,'user',2,'photo','photo/2024/12/01/2024/12-1/c9f78e1c-5ff7-4682-acfc-50e094033c5f_origin.jpeg','origin','IMG_5653.jpeg','46282','image/jpg','jpg',733,662,NULL,'2024-12-01 17:19:31','2024-12-01 17:19:32',NULL),
(673,672,0,'photo','public',1,'user',2,'photo','photo/2024/12/01/2024/12-1/c9f78e1c-5ff7-4682-acfc-50e094033c5f_75.jpeg','75','IMG_5653.jpeg','1997','image/jpg','jpg',75,67,NULL,'2024-12-01 17:19:31','2024-12-01 17:19:32',NULL),
(674,672,0,'photo','public',1,'user',2,'photo','photo/2024/12/01/2024/12-1/c9f78e1c-5ff7-4682-acfc-50e094033c5f_100.jpeg','100','IMG_5653.jpeg','2811','image/jpg','jpg',100,90,NULL,'2024-12-01 17:19:31','2024-12-01 17:19:32',NULL),
(675,672,0,'photo','public',1,'user',2,'photo','photo/2024/12/01/2024/12-1/c9f78e1c-5ff7-4682-acfc-50e094033c5f_150.jpeg','150','IMG_5653.jpeg','4852','image/jpg','jpg',150,135,NULL,'2024-12-01 17:19:32','2024-12-01 17:19:32',NULL),
(676,672,0,'photo','public',1,'user',2,'photo','photo/2024/12/01/2024/12-1/c9f78e1c-5ff7-4682-acfc-50e094033c5f_240.jpeg','240','IMG_5653.jpeg','9432','image/jpg','jpg',240,216,NULL,'2024-12-01 17:19:32','2024-12-01 17:19:32',NULL),
(677,672,0,'photo','public',1,'user',2,'photo','photo/2024/12/01/2024/12-1/c9f78e1c-5ff7-4682-acfc-50e094033c5f_500.jpeg','500','IMG_5653.jpeg','26668','image/jpg','jpg',500,451,NULL,'2024-12-01 17:19:32','2024-12-01 17:19:32',NULL),
(678,678,1,'photo','public',1,'user',3,'photo','photo/2024/12/01/2024/12-1/e179e619-6abe-41b0-ae4c-3b1cf5311419_origin.jpeg','origin','IMG_5653.jpeg','46282','image/jpg','jpg',733,662,NULL,'2024-12-01 17:21:57','2024-12-01 17:21:57',NULL),
(679,678,0,'photo','public',1,'user',3,'photo','photo/2024/12/01/2024/12-1/e179e619-6abe-41b0-ae4c-3b1cf5311419_75.jpeg','75','IMG_5653.jpeg','1997','image/jpg','jpg',75,67,NULL,'2024-12-01 17:21:57','2024-12-01 17:21:57',NULL),
(680,678,0,'photo','public',1,'user',3,'photo','photo/2024/12/01/2024/12-1/e179e619-6abe-41b0-ae4c-3b1cf5311419_100.jpeg','100','IMG_5653.jpeg','2811','image/jpg','jpg',100,90,NULL,'2024-12-01 17:21:57','2024-12-01 17:21:57',NULL),
(681,678,0,'photo','public',1,'user',3,'photo','photo/2024/12/01/2024/12-1/e179e619-6abe-41b0-ae4c-3b1cf5311419_150.jpeg','150','IMG_5653.jpeg','4852','image/jpg','jpg',150,135,NULL,'2024-12-01 17:21:57','2024-12-01 17:21:57',NULL),
(682,678,0,'photo','public',1,'user',3,'photo','photo/2024/12/01/2024/12-1/e179e619-6abe-41b0-ae4c-3b1cf5311419_240.jpeg','240','IMG_5653.jpeg','9432','image/jpg','jpg',240,216,NULL,'2024-12-01 17:21:57','2024-12-01 17:21:57',NULL),
(683,678,0,'photo','public',1,'user',3,'photo','photo/2024/12/01/2024/12-1/e179e619-6abe-41b0-ae4c-3b1cf5311419_500.jpeg','500','IMG_5653.jpeg','26668','image/jpg','jpg',500,451,NULL,'2024-12-01 17:21:57','2024-12-01 17:21:57',NULL),
(684,684,1,'photo','public',1,'user',NULL,'photo','user/2024/12/01/2024/12-1/48b13078-549d-4171-8d92-3c6c4e997a36_origin.jpeg','origin','097b9c99af8b0ea874da5a396cdd7519RY6x1H1733077317.jpeg','44894','image/jpg','jpg',662,662,NULL,'2024-12-01 17:21:57','2024-12-01 17:21:57',NULL),
(685,684,0,'photo','public',1,'user',NULL,'photo','user/2024/12/01/2024/12-1/48b13078-549d-4171-8d92-3c6c4e997a36_50x50.jpeg','50x50','097b9c99af8b0ea874da5a396cdd7519RY6x1H1733077317.jpeg','1467','image/jpg','jpg',50,50,NULL,'2024-12-01 17:21:57','2024-12-01 17:21:57',NULL),
(686,684,0,'photo','public',1,'user',NULL,'photo','user/2024/12/01/2024/12-1/48b13078-549d-4171-8d92-3c6c4e997a36_120x120.jpeg','120x120','097b9c99af8b0ea874da5a396cdd7519RY6x1H1733077317.jpeg','3858','image/jpg','jpg',120,120,NULL,'2024-12-01 17:21:57','2024-12-01 17:21:57',NULL),
(687,684,0,'photo','public',1,'user',NULL,'photo','user/2024/12/01/2024/12-1/48b13078-549d-4171-8d92-3c6c4e997a36_200x200.jpeg','200x200','097b9c99af8b0ea874da5a396cdd7519RY6x1H1733077317.jpeg','8076','image/jpg','jpg',200,200,NULL,'2024-12-01 17:21:57','2024-12-01 17:21:57',NULL),
(688,688,1,'asset','public',NULL,NULL,NULL,NULL,'assets/story/co1/bg1.png','origin',NULL,'20614','image/png','png',630,1120,NULL,'2024-12-02 20:16:15','2024-12-02 20:16:15',NULL),
(689,688,0,'asset','public',NULL,NULL,NULL,NULL,'assets/story/co1/bg1_48.png','50x50',NULL,'1622','image/png','png',48,48,NULL,'2024-12-02 20:16:15','2024-12-02 20:16:15',NULL),
(690,690,1,'asset','public',NULL,NULL,NULL,NULL,'assets/story/co1/bg2.png','origin',NULL,'19142','image/png','png',630,1120,NULL,'2024-12-02 20:16:15','2024-12-02 20:16:15',NULL),
(691,690,0,'asset','public',NULL,NULL,NULL,NULL,'assets/story/co1/bg2_48.png','50x50',NULL,'2097','image/png','png',48,48,NULL,'2024-12-02 20:16:15','2024-12-02 20:16:15',NULL),
(692,692,1,'asset','public',NULL,NULL,NULL,NULL,'assets/story/co1/bg3.png','origin',NULL,'457716','image/png','png',630,1120,NULL,'2024-12-02 20:16:16','2024-12-02 20:16:16',NULL),
(693,692,0,'asset','public',NULL,NULL,NULL,NULL,'assets/story/co1/bg3_48.png','50x50',NULL,'4643','image/png','png',48,48,NULL,'2024-12-02 20:16:16','2024-12-02 20:16:16',NULL),
(694,694,1,'asset','public',NULL,NULL,NULL,NULL,'assets/story/co1/bg4.png','origin',NULL,'223647','image/png','png',630,1120,NULL,'2024-12-02 20:16:17','2024-12-02 20:16:17',NULL),
(695,694,0,'asset','public',NULL,NULL,NULL,NULL,'assets/story/co1/bg4_48.png','50x50',NULL,'3653','image/png','png',48,48,NULL,'2024-12-02 20:16:17','2024-12-02 20:16:17',NULL),
(696,696,1,'asset','public',NULL,NULL,NULL,NULL,'assets/story/co1/bg5.png','origin',NULL,'2420','image/png','png',354,630,NULL,'2024-12-02 20:16:17','2024-12-02 20:16:17',NULL),
(697,696,0,'asset','public',NULL,NULL,NULL,NULL,'assets/story/co1/bg5_48.png','50x50',NULL,'2213','image/png','png',48,48,NULL,'2024-12-02 20:16:17','2024-12-02 20:16:17',NULL),
(698,698,1,'asset','public',NULL,NULL,NULL,NULL,'assets/story/co1/bg6.png','origin',NULL,'7983','image/png','png',354,630,NULL,'2024-12-02 20:16:17','2024-12-02 20:16:17',NULL),
(699,698,0,'asset','public',NULL,NULL,NULL,NULL,'assets/story/co1/bg6_48.png','50x50',NULL,'410','image/png','png',48,48,NULL,'2024-12-02 20:16:17','2024-12-02 20:16:17',NULL),
(700,700,1,'asset','public',NULL,NULL,NULL,NULL,'assets/story/co1/bg7.png','origin',NULL,'2833','image/png','png',354,630,NULL,'2024-12-02 20:16:17','2024-12-02 20:16:17',NULL),
(701,700,0,'asset','public',NULL,NULL,NULL,NULL,'assets/story/co1/bg7_48.png','50x50',NULL,'441','image/png','png',48,48,NULL,'2024-12-02 20:16:17','2024-12-02 20:16:17',NULL),
(702,702,1,'asset','public',NULL,NULL,NULL,NULL,'assets/story/co1/bg8.png','origin',NULL,'3823','image/png','png',354,630,NULL,'2024-12-02 20:16:17','2024-12-02 20:16:17',NULL),
(703,702,0,'asset','public',NULL,NULL,NULL,NULL,'assets/story/co1/bg8_48.png','50x50',NULL,'767','image/png','png',48,48,NULL,'2024-12-02 20:16:17','2024-12-02 20:16:17',NULL),
(704,704,1,'asset','public',NULL,NULL,NULL,NULL,'assets/story/co1/bg9.png','origin',NULL,'7881','image/png','png',354,630,NULL,'2024-12-02 20:16:17','2024-12-02 20:16:17',NULL),
(705,704,0,'asset','public',NULL,NULL,NULL,NULL,'assets/story/co1/bg9_48.png','50x50',NULL,'420','image/png','png',48,48,NULL,'2024-12-02 20:16:17','2024-12-02 20:16:17',NULL),
(706,706,1,'asset','public',NULL,NULL,NULL,NULL,'assets/story/co1/bg10.png','origin',NULL,'3094','image/png','png',354,630,NULL,'2024-12-02 20:16:17','2024-12-02 20:16:17',NULL),
(707,706,0,'asset','public',NULL,NULL,NULL,NULL,'assets/story/co1/bg10_48.png','50x50',NULL,'533','image/png','png',48,48,NULL,'2024-12-02 20:16:17','2024-12-02 20:16:17',NULL),
(708,708,1,'asset','public',NULL,NULL,NULL,NULL,'assets/story/co1/bg11.png','origin',NULL,'2480','image/png','png',354,630,NULL,'2024-12-02 20:16:17','2024-12-02 20:16:17',NULL),
(709,708,0,'asset','public',NULL,NULL,NULL,NULL,'assets/story/co1/bg11_48.png','50x50',NULL,'659','image/png','png',48,48,NULL,'2024-12-02 20:16:17','2024-12-02 20:16:17',NULL),
(710,710,1,'asset','public',NULL,NULL,NULL,NULL,'assets/story/co1/bg12.png','origin',NULL,'2853','image/png','png',354,630,NULL,'2024-12-02 20:16:17','2024-12-02 20:16:17',NULL),
(711,710,0,'asset','public',NULL,NULL,NULL,NULL,'assets/story/co1/bg12_48.png','50x50',NULL,'609','image/png','png',48,48,NULL,'2024-12-02 20:16:17','2024-12-02 20:16:17',NULL),
(712,712,1,'asset','public',NULL,NULL,NULL,NULL,'assets/story/co1/bg13.png','origin',NULL,'226004','image/png','png',630,1120,NULL,'2024-12-02 20:16:17','2024-12-02 20:16:17',NULL),
(713,712,0,'asset','public',NULL,NULL,NULL,NULL,'assets/story/co1/bg13_48.png','50x50',NULL,'5024','image/png','png',48,48,NULL,'2024-12-02 20:16:17','2024-12-02 20:16:17',NULL),
(714,714,1,'asset','public',NULL,NULL,NULL,NULL,'assets/story/co1/bg14.png','origin',NULL,'167204','image/png','png',630,1120,NULL,'2024-12-02 20:16:18','2024-12-02 20:16:18',NULL),
(715,714,0,'asset','public',NULL,NULL,NULL,NULL,'assets/story/co1/bg14_48.png','50x50',NULL,'3452','image/png','png',48,48,NULL,'2024-12-02 20:16:18','2024-12-02 20:16:18',NULL),
(716,716,1,'asset','public',NULL,NULL,NULL,NULL,'assets/story/co1/bg15.png','origin',NULL,'239018','image/png','png',630,1120,NULL,'2024-12-02 20:16:18','2024-12-02 20:16:18',NULL),
(717,716,0,'asset','public',NULL,NULL,NULL,NULL,'assets/story/co1/bg15_48.png','50x50',NULL,'5622','image/png','png',48,48,NULL,'2024-12-02 20:16:18','2024-12-02 20:16:18',NULL),
(718,718,1,'asset','public',NULL,NULL,NULL,NULL,'assets/story/co1/bg16.png','origin',NULL,'16591','image/png','png',354,630,NULL,'2024-12-02 20:16:18','2024-12-02 20:16:18',NULL),
(719,718,0,'asset','public',NULL,NULL,NULL,NULL,'assets/story/co1/bg16_48.png','50x50',NULL,'2089','image/png','png',48,48,NULL,'2024-12-02 20:16:18','2024-12-02 20:16:18',NULL),
(720,720,1,'asset','public',NULL,NULL,NULL,NULL,'assets/story/co1/bg17.png','origin',NULL,'834926','image/png','png',630,1120,NULL,'2024-12-02 20:16:20','2024-12-02 20:16:20',NULL),
(721,720,0,'asset','public',NULL,NULL,NULL,NULL,'assets/story/co1/bg17_48.png','50x50',NULL,'5651','image/png','png',48,48,NULL,'2024-12-02 20:16:20','2024-12-02 20:16:20',NULL),
(722,722,1,'asset','public',NULL,NULL,NULL,NULL,'assets/story/co1/bg18.png','origin',NULL,'261731','image/png','png',630,1120,NULL,'2024-12-02 20:16:21','2024-12-02 20:16:21',NULL),
(723,722,0,'asset','public',NULL,NULL,NULL,NULL,'assets/story/co1/bg18_48.png','50x50',NULL,'4133','image/png','png',48,48,NULL,'2024-12-02 20:16:21','2024-12-02 20:16:21',NULL),
(724,724,1,'asset','public',NULL,NULL,NULL,NULL,'assets/story/co1/bg19.png','origin',NULL,'486469','image/png','png',630,1120,NULL,'2024-12-02 20:16:22','2024-12-02 20:16:22',NULL),
(725,724,0,'asset','public',NULL,NULL,NULL,NULL,'assets/story/co1/bg19_48.png','50x50',NULL,'4804','image/png','png',48,48,NULL,'2024-12-02 20:16:22','2024-12-02 20:16:22',NULL),
(726,726,1,'asset','public',NULL,NULL,NULL,NULL,'assets/story/co1/bg20.png','origin',NULL,'1519272','image/png','png',630,1120,NULL,'2024-12-02 20:16:24','2024-12-02 20:16:24',NULL),
(727,726,0,'asset','public',NULL,NULL,NULL,NULL,'assets/story/co1/bg20_48.png','50x50',NULL,'7202','image/png','png',48,48,NULL,'2024-12-02 20:16:24','2024-12-02 20:16:24',NULL),
(728,728,1,'asset','public',NULL,NULL,NULL,NULL,'assets/story/co1/bg21.png','origin',NULL,'103327','image/png','png',630,1120,NULL,'2024-12-02 20:16:25','2024-12-02 20:16:25',NULL),
(729,728,0,'asset','public',NULL,NULL,NULL,NULL,'assets/story/co1/bg21_48.png','50x50',NULL,'3143','image/png','png',48,48,NULL,'2024-12-02 20:16:25','2024-12-02 20:16:25',NULL),
(730,730,1,'asset','public',NULL,NULL,NULL,NULL,'assets/story/co1/bg22.png','origin',NULL,'1080766','image/png','png',630,1120,NULL,'2024-12-02 20:16:27','2024-12-02 20:16:27',NULL),
(731,730,0,'asset','public',NULL,NULL,NULL,NULL,'assets/story/co1/bg22_48.png','50x50',NULL,'5231','image/png','png',48,48,NULL,'2024-12-02 20:16:27','2024-12-02 20:16:27',NULL),
(732,732,1,'asset','public',NULL,NULL,NULL,NULL,'assets/story/co1/bg23.png','origin',NULL,'35069','image/png','png',354,630,NULL,'2024-12-02 20:16:27','2024-12-02 20:16:27',NULL),
(733,732,0,'asset','public',NULL,NULL,NULL,NULL,'assets/story/co1/bg23_48.png','50x50',NULL,'2412','image/png','png',48,48,NULL,'2024-12-02 20:16:27','2024-12-02 20:16:27',NULL),
(734,734,1,'asset','public',NULL,NULL,NULL,NULL,'assets/story/co1/bg24.png','origin',NULL,'218421','image/png','png',630,1120,NULL,'2024-12-02 20:16:27','2024-12-02 20:16:27',NULL),
(735,734,0,'asset','public',NULL,NULL,NULL,NULL,'assets/story/co1/bg24_48.png','50x50',NULL,'5201','image/png','png',48,48,NULL,'2024-12-02 20:16:27','2024-12-02 20:16:27',NULL),
(736,736,1,'asset','public',NULL,NULL,NULL,NULL,'assets/story/co1/bg25.png','origin',NULL,'271560','image/png','png',1120,630,NULL,'2024-12-02 20:16:28','2024-12-02 20:16:28',NULL),
(737,736,0,'asset','public',NULL,NULL,NULL,NULL,'assets/story/co1/bg25_48.png','50x50',NULL,'3807','image/png','png',48,48,NULL,'2024-12-02 20:16:28','2024-12-02 20:16:28',NULL),
(738,738,1,'asset','public',NULL,NULL,NULL,NULL,'assets/story/co1/bg26.png','origin',NULL,'187123','image/png','png',630,1120,NULL,'2024-12-02 20:16:28','2024-12-02 20:16:28',NULL),
(739,738,0,'asset','public',NULL,NULL,NULL,NULL,'assets/story/co1/bg26_48.png','50x50',NULL,'3884','image/png','png',48,48,NULL,'2024-12-02 20:16:28','2024-12-02 20:16:28',NULL),
(740,740,1,'asset','public',NULL,NULL,NULL,NULL,'assets/story/co1/bg27.png','origin',NULL,'142314','image/png','png',630,1120,NULL,'2024-12-02 20:16:29','2024-12-02 20:16:29',NULL),
(741,740,0,'asset','public',NULL,NULL,NULL,NULL,'assets/story/co1/bg27_48.png','50x50',NULL,'3839','image/png','png',48,48,NULL,'2024-12-02 20:16:29','2024-12-02 20:16:29',NULL),
(742,742,1,'asset','public',NULL,NULL,NULL,'storage_asset','assets/layout/images/transparent.webp','origin',NULL,'19272','image/webp','webp',800,800,NULL,'2025-01-01 19:25:52','2025-01-01 19:25:52',NULL),
(743,743,1,'asset','public',NULL,NULL,NULL,'storage_asset','assets/like/images/angry.png','origin',NULL,'10839','image/png','png',150,150,NULL,'2025-01-01 19:26:50','2025-01-01 19:26:50',NULL),
(744,744,1,'asset','public',NULL,NULL,NULL,'storage_asset','assets/like/images/angry.svg','origin',NULL,'1804','image/svg+xml','svg',NULL,NULL,NULL,'2025-01-01 19:26:50','2025-01-01 19:26:50',NULL),
(745,745,1,'asset','public',NULL,NULL,NULL,'storage_asset','assets/like/images/haha.png','origin',NULL,'6860','image/png','png',150,150,NULL,'2025-01-01 19:26:50','2025-01-01 19:26:50',NULL),
(746,746,1,'asset','public',NULL,NULL,NULL,'storage_asset','assets/like/images/haha.svg','origin',NULL,'1656','image/svg+xml','svg',NULL,NULL,NULL,'2025-01-01 19:26:50','2025-01-01 19:26:50',NULL),
(747,747,1,'asset','public',NULL,NULL,NULL,'storage_asset','assets/like/images/like.png','origin',NULL,'6546','image/png','png',150,150,NULL,'2025-01-01 19:26:50','2025-01-01 19:26:50',NULL),
(748,748,1,'asset','public',NULL,NULL,NULL,'storage_asset','assets/like/images/like.svg','origin',NULL,'1014','image/svg+xml','svg',NULL,NULL,NULL,'2025-01-01 19:26:50','2025-01-01 19:26:50',NULL),
(749,749,1,'asset','public',NULL,NULL,NULL,'storage_asset','assets/like/images/love.png','origin',NULL,'6480','image/png','png',150,150,NULL,'2025-01-01 19:26:50','2025-01-01 19:26:50',NULL),
(750,750,1,'asset','public',NULL,NULL,NULL,'storage_asset','assets/like/images/love.svg','origin',NULL,'979','image/svg+xml','svg',NULL,NULL,NULL,'2025-01-01 19:26:50','2025-01-01 19:26:50',NULL),
(751,751,1,'asset','public',NULL,NULL,NULL,'storage_asset','assets/like/images/sad.png','origin',NULL,'7497','image/png','png',150,150,NULL,'2025-01-01 19:26:50','2025-01-01 19:26:50',NULL),
(752,752,1,'asset','public',NULL,NULL,NULL,'storage_asset','assets/like/images/sad.svg','origin',NULL,'1796','image/svg+xml','svg',NULL,NULL,NULL,'2025-01-01 19:26:50','2025-01-01 19:26:50',NULL),
(753,753,1,'asset','public',NULL,NULL,NULL,'storage_asset','assets/like/images/wow.png','origin',NULL,'7472','image/png','png',150,150,NULL,'2025-01-01 19:26:50','2025-01-01 19:26:50',NULL),
(754,754,1,'asset','public',NULL,NULL,NULL,'storage_asset','assets/like/images/wow.svg','origin',NULL,'1545','image/svg+xml','svg',NULL,NULL,NULL,'2025-01-01 19:26:50','2025-01-01 19:26:50',NULL),
(755,755,1,'asset','public',NULL,NULL,NULL,'storage_asset','assets/sticker/s1/a1.gif','origin',NULL,'98753','image/gif','gif',240,240,NULL,'2025-01-01 19:27:07','2025-01-01 19:27:07',NULL),
(756,756,1,'asset','public',NULL,NULL,NULL,'storage_asset','assets/sticker/s1/a10.gif','origin',NULL,'92820','image/gif','gif',240,240,NULL,'2025-01-01 19:27:07','2025-01-01 19:27:07',NULL),
(757,757,1,'asset','public',NULL,NULL,NULL,'storage_asset','assets/sticker/s1/a11.gif','origin',NULL,'101503','image/gif','gif',240,240,NULL,'2025-01-01 19:27:07','2025-01-01 19:27:07',NULL),
(758,758,1,'asset','public',NULL,NULL,NULL,'storage_asset','assets/sticker/s1/a12.gif','origin',NULL,'30386','image/gif','gif',240,240,NULL,'2025-01-01 19:27:07','2025-01-01 19:27:07',NULL),
(759,759,1,'asset','public',NULL,NULL,NULL,'storage_asset','assets/sticker/s1/a13.gif','origin',NULL,'100451','image/gif','gif',240,240,NULL,'2025-01-01 19:27:07','2025-01-01 19:27:07',NULL),
(760,760,1,'asset','public',NULL,NULL,NULL,'storage_asset','assets/sticker/s1/a14.gif','origin',NULL,'73800','image/gif','gif',240,240,NULL,'2025-01-01 19:27:07','2025-01-01 19:27:07',NULL),
(761,761,1,'asset','public',NULL,NULL,NULL,'storage_asset','assets/sticker/s1/a15.gif','origin',NULL,'101198','image/gif','gif',240,240,NULL,'2025-01-01 19:27:07','2025-01-01 19:27:07',NULL),
(762,762,1,'asset','public',NULL,NULL,NULL,'storage_asset','assets/sticker/s1/a16.gif','origin',NULL,'99253','image/gif','gif',240,240,NULL,'2025-01-01 19:27:07','2025-01-01 19:27:07',NULL),
(763,763,1,'asset','public',NULL,NULL,NULL,'storage_asset','assets/sticker/s1/a17.gif','origin',NULL,'26821','image/gif','gif',240,240,NULL,'2025-01-01 19:27:07','2025-01-01 19:27:07',NULL),
(764,764,1,'asset','public',NULL,NULL,NULL,'storage_asset','assets/sticker/s1/a18.gif','origin',NULL,'95178','image/gif','gif',240,240,NULL,'2025-01-01 19:27:07','2025-01-01 19:27:07',NULL),
(765,765,1,'asset','public',NULL,NULL,NULL,'storage_asset','assets/sticker/s1/a19.gif','origin',NULL,'100822','image/gif','gif',240,240,NULL,'2025-01-01 19:27:07','2025-01-01 19:27:07',NULL),
(766,766,1,'asset','public',NULL,NULL,NULL,'storage_asset','assets/sticker/s1/a2.gif','origin',NULL,'31397','image/gif','gif',240,240,NULL,'2025-01-01 19:27:07','2025-01-01 19:27:07',NULL),
(767,767,1,'asset','public',NULL,NULL,NULL,'storage_asset','assets/sticker/s1/a20.gif','origin',NULL,'100189','image/gif','gif',240,240,NULL,'2025-01-01 19:27:07','2025-01-01 19:27:07',NULL),
(768,768,1,'asset','public',NULL,NULL,NULL,'storage_asset','assets/sticker/s1/a21.gif','origin',NULL,'97012','image/gif','gif',240,240,NULL,'2025-01-01 19:27:07','2025-01-01 19:27:07',NULL),
(769,769,1,'asset','public',NULL,NULL,NULL,'storage_asset','assets/sticker/s1/a22.gif','origin',NULL,'32382','image/gif','gif',240,240,NULL,'2025-01-01 19:27:07','2025-01-01 19:27:07',NULL),
(770,770,1,'asset','public',NULL,NULL,NULL,'storage_asset','assets/sticker/s1/a23.gif','origin',NULL,'98753','image/gif','gif',240,240,NULL,'2025-01-01 19:27:07','2025-01-01 19:27:07',NULL),
(771,771,1,'asset','public',NULL,NULL,NULL,'storage_asset','assets/sticker/s1/a3.gif','origin',NULL,'61859','image/gif','gif',240,240,NULL,'2025-01-01 19:27:07','2025-01-01 19:27:07',NULL),
(772,772,1,'asset','public',NULL,NULL,NULL,'storage_asset','assets/sticker/s1/a4.gif','origin',NULL,'97831','image/gif','gif',240,240,NULL,'2025-01-01 19:27:08','2025-01-01 19:27:08',NULL),
(773,773,1,'asset','public',NULL,NULL,NULL,'storage_asset','assets/sticker/s1/a5.gif','origin',NULL,'21108','image/gif','gif',240,240,NULL,'2025-01-01 19:27:08','2025-01-01 19:27:08',NULL),
(774,774,1,'asset','public',NULL,NULL,NULL,'storage_asset','assets/sticker/s1/a6.gif','origin',NULL,'91310','image/gif','gif',240,240,NULL,'2025-01-01 19:27:08','2025-01-01 19:27:08',NULL),
(775,775,1,'asset','public',NULL,NULL,NULL,'storage_asset','assets/sticker/s1/a7.gif','origin',NULL,'29289','image/gif','gif',240,240,NULL,'2025-01-01 19:27:08','2025-01-01 19:27:08',NULL),
(776,776,1,'asset','public',NULL,NULL,NULL,'storage_asset','assets/sticker/s1/a8.gif','origin',NULL,'30090','image/gif','gif',240,240,NULL,'2025-01-01 19:27:08','2025-01-01 19:27:08',NULL),
(777,777,1,'asset','public',NULL,NULL,NULL,'storage_asset','assets/sticker/s1/a9.gif','origin',NULL,'100836','image/gif','gif',240,240,NULL,'2025-01-01 19:27:08','2025-01-01 19:27:08',NULL),
(778,778,1,'asset','public',NULL,NULL,NULL,'storage_asset','assets/sticker/s2/a1.gif','origin',NULL,'12677','image/gif','gif',100,100,NULL,'2025-01-01 19:27:08','2025-01-01 19:27:08',NULL),
(779,779,1,'asset','public',NULL,NULL,NULL,'storage_asset','assets/sticker/s2/a10.gif','origin',NULL,'7388','image/gif','gif',100,100,NULL,'2025-01-01 19:27:08','2025-01-01 19:27:08',NULL),
(780,780,1,'asset','public',NULL,NULL,NULL,'storage_asset','assets/sticker/s2/a11.gif','origin',NULL,'25749','image/gif','gif',100,100,NULL,'2025-01-01 19:27:08','2025-01-01 19:27:08',NULL),
(781,781,1,'asset','public',NULL,NULL,NULL,'storage_asset','assets/sticker/s2/a12.gif','origin',NULL,'37572','image/gif','gif',100,100,NULL,'2025-01-01 19:27:08','2025-01-01 19:27:08',NULL),
(782,782,1,'asset','public',NULL,NULL,NULL,'storage_asset','assets/sticker/s2/a13.gif','origin',NULL,'6546','image/gif','gif',100,100,NULL,'2025-01-01 19:27:08','2025-01-01 19:27:08',NULL),
(783,783,1,'asset','public',NULL,NULL,NULL,'storage_asset','assets/sticker/s2/a14.gif','origin',NULL,'17205','image/gif','gif',100,100,NULL,'2025-01-01 19:27:08','2025-01-01 19:27:08',NULL),
(784,784,1,'asset','public',NULL,NULL,NULL,'storage_asset','assets/sticker/s2/a15.gif','origin',NULL,'8639','image/gif','gif',100,100,NULL,'2025-01-01 19:27:08','2025-01-01 19:27:08',NULL),
(785,785,1,'asset','public',NULL,NULL,NULL,'storage_asset','assets/sticker/s2/a16.gif','origin',NULL,'13691','image/gif','gif',100,100,NULL,'2025-01-01 19:27:08','2025-01-01 19:27:08',NULL),
(786,786,1,'asset','public',NULL,NULL,NULL,'storage_asset','assets/sticker/s2/a17.gif','origin',NULL,'20525','image/gif','gif',100,100,NULL,'2025-01-01 19:27:08','2025-01-01 19:27:08',NULL),
(787,787,1,'asset','public',NULL,NULL,NULL,'storage_asset','assets/sticker/s2/a18.gif','origin',NULL,'21343','image/gif','gif',100,100,NULL,'2025-01-01 19:27:08','2025-01-01 19:27:08',NULL),
(788,788,1,'asset','public',NULL,NULL,NULL,'storage_asset','assets/sticker/s2/a19.gif','origin',NULL,'35514','image/gif','gif',100,100,NULL,'2025-01-01 19:27:08','2025-01-01 19:27:08',NULL),
(789,789,1,'asset','public',NULL,NULL,NULL,'storage_asset','assets/sticker/s2/a2.gif','origin',NULL,'40510','image/gif','gif',100,100,NULL,'2025-01-01 19:27:08','2025-01-01 19:27:08',NULL),
(790,790,1,'asset','public',NULL,NULL,NULL,'storage_asset','assets/sticker/s2/a20.gif','origin',NULL,'17094','image/gif','gif',100,100,NULL,'2025-01-01 19:27:08','2025-01-01 19:27:08',NULL),
(791,791,1,'asset','public',NULL,NULL,NULL,'storage_asset','assets/sticker/s2/a21.gif','origin',NULL,'24012','image/gif','gif',100,100,NULL,'2025-01-01 19:27:08','2025-01-01 19:27:08',NULL),
(792,792,1,'asset','public',NULL,NULL,NULL,'storage_asset','assets/sticker/s2/a22.gif','origin',NULL,'15509','image/gif','gif',100,100,NULL,'2025-01-01 19:27:08','2025-01-01 19:27:08',NULL),
(793,793,1,'asset','public',NULL,NULL,NULL,'storage_asset','assets/sticker/s2/a23.gif','origin',NULL,'16869','image/gif','gif',100,100,NULL,'2025-01-01 19:27:08','2025-01-01 19:27:08',NULL),
(794,794,1,'asset','public',NULL,NULL,NULL,'storage_asset','assets/sticker/s2/a24.gif','origin',NULL,'4279','image/gif','gif',100,100,NULL,'2025-01-01 19:27:08','2025-01-01 19:27:08',NULL),
(795,795,1,'asset','public',NULL,NULL,NULL,'storage_asset','assets/sticker/s2/a25.gif','origin',NULL,'7370','image/gif','gif',100,100,NULL,'2025-01-01 19:27:08','2025-01-01 19:27:08',NULL),
(796,796,1,'asset','public',NULL,NULL,NULL,'storage_asset','assets/sticker/s2/a26.gif','origin',NULL,'39419','image/gif','gif',100,100,NULL,'2025-01-01 19:27:08','2025-01-01 19:27:08',NULL),
(797,797,1,'asset','public',NULL,NULL,NULL,'storage_asset','assets/sticker/s2/a27.gif','origin',NULL,'38725','image/gif','gif',100,100,NULL,'2025-01-01 19:27:08','2025-01-01 19:27:08',NULL),
(798,798,1,'asset','public',NULL,NULL,NULL,'storage_asset','assets/sticker/s2/a28.gif','origin',NULL,'29976','image/gif','gif',100,100,NULL,'2025-01-01 19:27:08','2025-01-01 19:27:08',NULL),
(799,799,1,'asset','public',NULL,NULL,NULL,'storage_asset','assets/sticker/s2/a29.gif','origin',NULL,'16659','image/gif','gif',100,100,NULL,'2025-01-01 19:27:08','2025-01-01 19:27:08',NULL),
(800,800,1,'asset','public',NULL,NULL,NULL,'storage_asset','assets/sticker/s2/a3.gif','origin',NULL,'32440','image/gif','gif',100,100,NULL,'2025-01-01 19:27:08','2025-01-01 19:27:08',NULL),
(801,801,1,'asset','public',NULL,NULL,NULL,'storage_asset','assets/sticker/s2/a30.gif','origin',NULL,'38801','image/gif','gif',100,100,NULL,'2025-01-01 19:27:08','2025-01-01 19:27:08',NULL),
(802,802,1,'asset','public',NULL,NULL,NULL,'storage_asset','assets/sticker/s2/a31.gif','origin',NULL,'37351','image/gif','gif',100,100,NULL,'2025-01-01 19:27:08','2025-01-01 19:27:08',NULL),
(803,803,1,'asset','public',NULL,NULL,NULL,'storage_asset','assets/sticker/s2/a32.gif','origin',NULL,'31483','image/gif','gif',100,100,NULL,'2025-01-01 19:27:08','2025-01-01 19:27:08',NULL),
(804,804,1,'asset','public',NULL,NULL,NULL,'storage_asset','assets/sticker/s2/a33.gif','origin',NULL,'38190','image/gif','gif',100,100,NULL,'2025-01-01 19:27:08','2025-01-01 19:27:08',NULL),
(805,805,1,'asset','public',NULL,NULL,NULL,'storage_asset','assets/sticker/s2/a34.gif','origin',NULL,'23633','image/gif','gif',100,100,NULL,'2025-01-01 19:27:09','2025-01-01 19:27:09',NULL),
(806,806,1,'asset','public',NULL,NULL,NULL,'storage_asset','assets/sticker/s2/a35.gif','origin',NULL,'37351','image/gif','gif',100,100,NULL,'2025-01-01 19:27:09','2025-01-01 19:27:09',NULL),
(807,807,1,'asset','public',NULL,NULL,NULL,'storage_asset','assets/sticker/s2/a4.gif','origin',NULL,'29183','image/gif','gif',100,100,NULL,'2025-01-01 19:27:09','2025-01-01 19:27:09',NULL),
(808,808,1,'asset','public',NULL,NULL,NULL,'storage_asset','assets/sticker/s2/a5.gif','origin',NULL,'17786','image/gif','gif',100,100,NULL,'2025-01-01 19:27:09','2025-01-01 19:27:09',NULL),
(809,809,1,'asset','public',NULL,NULL,NULL,'storage_asset','assets/sticker/s2/a6.gif','origin',NULL,'29400','image/gif','gif',100,100,NULL,'2025-01-01 19:27:09','2025-01-01 19:27:09',NULL),
(810,810,1,'asset','public',NULL,NULL,NULL,'storage_asset','assets/sticker/s2/a7.gif','origin',NULL,'24297','image/gif','gif',100,100,NULL,'2025-01-01 19:27:09','2025-01-01 19:27:09',NULL),
(811,811,1,'asset','public',NULL,NULL,NULL,'storage_asset','assets/sticker/s2/a8.gif','origin',NULL,'48860','image/gif','gif',100,100,NULL,'2025-01-01 19:27:09','2025-01-01 19:27:09',NULL),
(812,812,1,'asset','public',NULL,NULL,NULL,'storage_asset','assets/sticker/s2/a9.gif','origin',NULL,'18044','image/gif','gif',100,100,NULL,'2025-01-01 19:27:09','2025-01-01 19:27:09',NULL),
(813,813,1,'asset','public',NULL,NULL,NULL,'storage_asset','assets/sticker/s3/a1.gif','origin',NULL,'38252','image/gif','gif',200,116,NULL,'2025-01-01 19:27:09','2025-01-01 19:27:09',NULL),
(814,814,1,'asset','public',NULL,NULL,NULL,'storage_asset','assets/sticker/s3/a10.gif','origin',NULL,'24730','image/gif','gif',112,112,NULL,'2025-01-01 19:27:09','2025-01-01 19:27:09',NULL),
(815,815,1,'asset','public',NULL,NULL,NULL,'storage_asset','assets/sticker/s3/a11.gif','origin',NULL,'9889','image/gif','gif',112,112,NULL,'2025-01-01 19:27:09','2025-01-01 19:27:09',NULL),
(816,816,1,'asset','public',NULL,NULL,NULL,'storage_asset','assets/sticker/s3/a12.gif','origin',NULL,'46880','image/gif','gif',112,112,NULL,'2025-01-01 19:27:09','2025-01-01 19:27:09',NULL),
(817,817,1,'asset','public',NULL,NULL,NULL,'storage_asset','assets/sticker/s3/a13.gif','origin',NULL,'5479','image/gif','gif',101,200,NULL,'2025-01-01 19:27:09','2025-01-01 19:27:09',NULL),
(818,818,1,'asset','public',NULL,NULL,NULL,'storage_asset','assets/sticker/s3/a14.gif','origin',NULL,'17054','image/gif','gif',112,112,NULL,'2025-01-01 19:27:09','2025-01-01 19:27:09',NULL),
(819,819,1,'asset','public',NULL,NULL,NULL,'storage_asset','assets/sticker/s3/a15.gif','origin',NULL,'95819','image/gif','gif',111,112,NULL,'2025-01-01 19:27:09','2025-01-01 19:27:09',NULL),
(820,820,1,'asset','public',NULL,NULL,NULL,'storage_asset','assets/sticker/s3/a16.gif','origin',NULL,'34503','image/gif','gif',112,112,NULL,'2025-01-01 19:27:09','2025-01-01 19:27:09',NULL),
(821,821,1,'asset','public',NULL,NULL,NULL,'storage_asset','assets/sticker/s3/a17.gif','origin',NULL,'336362','image/gif','gif',178,200,NULL,'2025-01-01 19:27:09','2025-01-01 19:27:09',NULL),
(822,822,1,'asset','public',NULL,NULL,NULL,'storage_asset','assets/sticker/s3/a18.gif','origin',NULL,'8691','image/gif','gif',128,128,NULL,'2025-01-01 19:27:09','2025-01-01 19:27:09',NULL),
(823,823,1,'asset','public',NULL,NULL,NULL,'storage_asset','assets/sticker/s3/a19.gif','origin',NULL,'27389','image/gif','gif',128,128,NULL,'2025-01-01 19:27:09','2025-01-01 19:27:09',NULL),
(824,824,1,'asset','public',NULL,NULL,NULL,'storage_asset','assets/sticker/s3/a2.gif','origin',NULL,'193564','image/gif','gif',112,112,NULL,'2025-01-01 19:27:10','2025-01-01 19:27:10',NULL),
(825,825,1,'asset','public',NULL,NULL,NULL,'storage_asset','assets/sticker/s3/a20.gif','origin',NULL,'35280','image/gif','gif',112,112,NULL,'2025-01-01 19:27:10','2025-01-01 19:27:10',NULL),
(826,826,1,'asset','public',NULL,NULL,NULL,'storage_asset','assets/sticker/s3/a21.gif','origin',NULL,'9530','image/gif','gif',98,100,NULL,'2025-01-01 19:27:10','2025-01-01 19:27:10',NULL),
(827,827,1,'asset','public',NULL,NULL,NULL,'storage_asset','assets/sticker/s3/a22.gif','origin',NULL,'10880','image/gif','gif',127,128,NULL,'2025-01-01 19:27:10','2025-01-01 19:27:10',NULL),
(828,828,1,'asset','public',NULL,NULL,NULL,'storage_asset','assets/sticker/s3/a23.gif','origin',NULL,'14227','image/gif','gif',112,112,NULL,'2025-01-01 19:27:10','2025-01-01 19:27:10',NULL),
(829,829,1,'asset','public',NULL,NULL,NULL,'storage_asset','assets/sticker/s3/a24.gif','origin',NULL,'20611','image/gif','gif',112,112,NULL,'2025-01-01 19:27:10','2025-01-01 19:27:10',NULL),
(830,830,1,'asset','public',NULL,NULL,NULL,'storage_asset','assets/sticker/s3/a25.gif','origin',NULL,'28827','image/gif','gif',109,112,NULL,'2025-01-01 19:27:10','2025-01-01 19:27:10',NULL),
(831,831,1,'asset','public',NULL,NULL,NULL,'storage_asset','assets/sticker/s3/a26.gif','origin',NULL,'5708','image/gif','gif',122,119,NULL,'2025-01-01 19:27:10','2025-01-01 19:27:10',NULL),
(832,832,1,'asset','public',NULL,NULL,NULL,'storage_asset','assets/sticker/s3/a27.gif','origin',NULL,'34637','image/gif','gif',128,128,NULL,'2025-01-01 19:27:10','2025-01-01 19:27:10',NULL),
(833,833,1,'asset','public',NULL,NULL,NULL,'storage_asset','assets/sticker/s3/a28.gif','origin',NULL,'56690','image/gif','gif',200,200,NULL,'2025-01-01 19:27:10','2025-01-01 19:27:10',NULL),
(834,834,1,'asset','public',NULL,NULL,NULL,'storage_asset','assets/sticker/s3/a29.gif','origin',NULL,'5647','image/gif','gif',112,112,NULL,'2025-01-01 19:27:10','2025-01-01 19:27:10',NULL),
(835,835,1,'asset','public',NULL,NULL,NULL,'storage_asset','assets/sticker/s3/a3.gif','origin',NULL,'9171','image/gif','gif',112,112,NULL,'2025-01-01 19:27:10','2025-01-01 19:27:10',NULL),
(836,836,1,'asset','public',NULL,NULL,NULL,'storage_asset','assets/sticker/s3/a30.gif','origin',NULL,'9898','image/gif','gif',112,112,NULL,'2025-01-01 19:27:10','2025-01-01 19:27:10',NULL),
(837,837,1,'asset','public',NULL,NULL,NULL,'storage_asset','assets/sticker/s3/a31.gif','origin',NULL,'54373','image/gif','gif',56,56,NULL,'2025-01-01 19:27:10','2025-01-01 19:27:10',NULL),
(838,838,1,'asset','public',NULL,NULL,NULL,'storage_asset','assets/sticker/s3/a32.gif','origin',NULL,'7622','image/gif','gif',111,112,NULL,'2025-01-01 19:27:10','2025-01-01 19:27:10',NULL),
(839,839,1,'asset','public',NULL,NULL,NULL,'storage_asset','assets/sticker/s3/a33.gif','origin',NULL,'6634','image/gif','gif',112,112,NULL,'2025-01-01 19:27:10','2025-01-01 19:27:10',NULL),
(840,840,1,'asset','public',NULL,NULL,NULL,'storage_asset','assets/sticker/s3/a34.gif','origin',NULL,'19035','image/gif','gif',108,111,NULL,'2025-01-01 19:27:10','2025-01-01 19:27:10',NULL),
(841,841,1,'asset','public',NULL,NULL,NULL,'storage_asset','assets/sticker/s3/a35.gif','origin',NULL,'8033','image/gif','gif',100,100,NULL,'2025-01-01 19:27:10','2025-01-01 19:27:10',NULL),
(842,842,1,'asset','public',NULL,NULL,NULL,'storage_asset','assets/sticker/s3/a36.gif','origin',NULL,'8989','image/gif','gif',128,128,NULL,'2025-01-01 19:27:10','2025-01-01 19:27:10',NULL),
(843,843,1,'asset','public',NULL,NULL,NULL,'storage_asset','assets/sticker/s3/a37.gif','origin',NULL,'5199','image/gif','gif',86,100,NULL,'2025-01-01 19:27:10','2025-01-01 19:27:10',NULL),
(844,844,1,'asset','public',NULL,NULL,NULL,'storage_asset','assets/sticker/s3/a38.gif','origin',NULL,'21690','image/gif','gif',128,128,NULL,'2025-01-01 19:27:10','2025-01-01 19:27:10',NULL),
(845,845,1,'asset','public',NULL,NULL,NULL,'storage_asset','assets/sticker/s3/a39.gif','origin',NULL,'26068','image/gif','gif',100,100,NULL,'2025-01-01 19:27:10','2025-01-01 19:27:10',NULL),
(846,846,1,'asset','public',NULL,NULL,NULL,'storage_asset','assets/sticker/s3/a4.gif','origin',NULL,'106169','image/gif','gif',112,112,NULL,'2025-01-01 19:27:10','2025-01-01 19:27:10',NULL),
(847,847,1,'asset','public',NULL,NULL,NULL,'storage_asset','assets/sticker/s3/a40.gif','origin',NULL,'39619','image/gif','gif',128,121,NULL,'2025-01-01 19:27:10','2025-01-01 19:27:10',NULL),
(848,848,1,'asset','public',NULL,NULL,NULL,'storage_asset','assets/sticker/s3/a5.gif','origin',NULL,'5870','image/gif','gif',111,100,NULL,'2025-01-01 19:27:10','2025-01-01 19:27:10',NULL),
(849,849,1,'asset','public',NULL,NULL,NULL,'storage_asset','assets/sticker/s3/a6.gif','origin',NULL,'39501','image/gif','gif',56,56,NULL,'2025-01-01 19:27:10','2025-01-01 19:27:10',NULL),
(850,850,1,'asset','public',NULL,NULL,NULL,'storage_asset','assets/sticker/s3/a7.gif','origin',NULL,'9290','image/gif','gif',200,186,NULL,'2025-01-01 19:27:10','2025-01-01 19:27:10',NULL),
(851,851,1,'asset','public',NULL,NULL,NULL,'storage_asset','assets/sticker/s3/a8.gif','origin',NULL,'31468','image/gif','gif',112,112,NULL,'2025-01-01 19:27:10','2025-01-01 19:27:10',NULL),
(852,852,1,'asset','public',NULL,NULL,NULL,'storage_asset','assets/sticker/s3/a9.gif','origin',NULL,'309272','image/gif','gif',112,112,NULL,'2025-01-01 19:27:11','2025-01-01 19:27:11',NULL),
(853,853,1,'asset','public',NULL,NULL,NULL,'storage_asset','assets/story/co1/bg1.png','origin',NULL,'20614','image/png','png',630,1120,NULL,'2025-01-01 19:27:12','2025-01-01 19:27:12',NULL),
(854,854,1,'asset','public',NULL,NULL,NULL,'storage_asset','assets/story/co1/bg10.png','origin',NULL,'3094','image/png','png',354,630,NULL,'2025-01-01 19:27:12','2025-01-01 19:27:12',NULL),
(855,855,1,'asset','public',NULL,NULL,NULL,'storage_asset','assets/story/co1/bg10_48.png','origin',NULL,'533','image/png','png',48,48,NULL,'2025-01-01 19:27:12','2025-01-01 19:27:12',NULL),
(856,856,1,'asset','public',NULL,NULL,NULL,'storage_asset','assets/story/co1/bg11.png','origin',NULL,'2480','image/png','png',354,630,NULL,'2025-01-01 19:27:12','2025-01-01 19:27:12',NULL),
(857,857,1,'asset','public',NULL,NULL,NULL,'storage_asset','assets/story/co1/bg11_48.png','origin',NULL,'659','image/png','png',48,48,NULL,'2025-01-01 19:27:12','2025-01-01 19:27:12',NULL),
(858,858,1,'asset','public',NULL,NULL,NULL,'storage_asset','assets/story/co1/bg12.png','origin',NULL,'2853','image/png','png',354,630,NULL,'2025-01-01 19:27:12','2025-01-01 19:27:12',NULL),
(859,859,1,'asset','public',NULL,NULL,NULL,'storage_asset','assets/story/co1/bg12_48.png','origin',NULL,'609','image/png','png',48,48,NULL,'2025-01-01 19:27:12','2025-01-01 19:27:12',NULL),
(860,860,1,'asset','public',NULL,NULL,NULL,'storage_asset','assets/story/co1/bg13.png','origin',NULL,'226004','image/png','png',630,1120,NULL,'2025-01-01 19:27:12','2025-01-01 19:27:12',NULL),
(861,861,1,'asset','public',NULL,NULL,NULL,'storage_asset','assets/story/co1/bg13_48.png','origin',NULL,'5024','image/png','png',48,48,NULL,'2025-01-01 19:27:12','2025-01-01 19:27:12',NULL),
(862,862,1,'asset','public',NULL,NULL,NULL,'storage_asset','assets/story/co1/bg14.png','origin',NULL,'167204','image/png','png',630,1120,NULL,'2025-01-01 19:27:12','2025-01-01 19:27:12',NULL),
(863,863,1,'asset','public',NULL,NULL,NULL,'storage_asset','assets/story/co1/bg14_48.png','origin',NULL,'3452','image/png','png',48,48,NULL,'2025-01-01 19:27:12','2025-01-01 19:27:12',NULL),
(864,864,1,'asset','public',NULL,NULL,NULL,'storage_asset','assets/story/co1/bg15.png','origin',NULL,'239018','image/png','png',630,1120,NULL,'2025-01-01 19:27:12','2025-01-01 19:27:12',NULL),
(865,865,1,'asset','public',NULL,NULL,NULL,'storage_asset','assets/story/co1/bg15_48.png','origin',NULL,'5622','image/png','png',48,48,NULL,'2025-01-01 19:27:12','2025-01-01 19:27:12',NULL),
(866,866,1,'asset','public',NULL,NULL,NULL,'storage_asset','assets/story/co1/bg16.png','origin',NULL,'16591','image/png','png',354,630,NULL,'2025-01-01 19:27:12','2025-01-01 19:27:12',NULL),
(867,867,1,'asset','public',NULL,NULL,NULL,'storage_asset','assets/story/co1/bg16_48.png','origin',NULL,'2089','image/png','png',48,48,NULL,'2025-01-01 19:27:12','2025-01-01 19:27:12',NULL),
(868,868,1,'asset','public',NULL,NULL,NULL,'storage_asset','assets/story/co1/bg17.png','origin',NULL,'834926','image/png','png',630,1120,NULL,'2025-01-01 19:27:12','2025-01-01 19:27:12',NULL),
(869,869,1,'asset','public',NULL,NULL,NULL,'storage_asset','assets/story/co1/bg17_48.png','origin',NULL,'5651','image/png','png',48,48,NULL,'2025-01-01 19:27:12','2025-01-01 19:27:12',NULL),
(870,870,1,'asset','public',NULL,NULL,NULL,'storage_asset','assets/story/co1/bg18.png','origin',NULL,'261731','image/png','png',630,1120,NULL,'2025-01-01 19:27:12','2025-01-01 19:27:12',NULL),
(871,871,1,'asset','public',NULL,NULL,NULL,'storage_asset','assets/story/co1/bg18_48.png','origin',NULL,'4133','image/png','png',48,48,NULL,'2025-01-01 19:27:12','2025-01-01 19:27:12',NULL),
(872,872,1,'asset','public',NULL,NULL,NULL,'storage_asset','assets/story/co1/bg19.png','origin',NULL,'486469','image/png','png',630,1120,NULL,'2025-01-01 19:27:13','2025-01-01 19:27:13',NULL),
(873,873,1,'asset','public',NULL,NULL,NULL,'storage_asset','assets/story/co1/bg19_48.png','origin',NULL,'4804','image/png','png',48,48,NULL,'2025-01-01 19:27:13','2025-01-01 19:27:13',NULL),
(874,874,1,'asset','public',NULL,NULL,NULL,'storage_asset','assets/story/co1/bg1_48.png','origin',NULL,'1622','image/png','png',48,48,NULL,'2025-01-01 19:27:13','2025-01-01 19:27:13',NULL),
(875,875,1,'asset','public',NULL,NULL,NULL,'storage_asset','assets/story/co1/bg2.png','origin',NULL,'19142','image/png','png',630,1120,NULL,'2025-01-01 19:27:13','2025-01-01 19:27:13',NULL),
(876,876,1,'asset','public',NULL,NULL,NULL,'storage_asset','assets/story/co1/bg20.png','origin',NULL,'1519272','image/png','png',630,1120,NULL,'2025-01-01 19:27:14','2025-01-01 19:27:14',NULL),
(877,877,1,'asset','public',NULL,NULL,NULL,'storage_asset','assets/story/co1/bg20_48.png','origin',NULL,'7202','image/png','png',48,48,NULL,'2025-01-01 19:27:14','2025-01-01 19:27:14',NULL),
(878,878,1,'asset','public',NULL,NULL,NULL,'storage_asset','assets/story/co1/bg21.png','origin',NULL,'103327','image/png','png',630,1120,NULL,'2025-01-01 19:27:14','2025-01-01 19:27:14',NULL),
(879,879,1,'asset','public',NULL,NULL,NULL,'storage_asset','assets/story/co1/bg21_48.png','origin',NULL,'3143','image/png','png',48,48,NULL,'2025-01-01 19:27:14','2025-01-01 19:27:14',NULL),
(880,880,1,'asset','public',NULL,NULL,NULL,'storage_asset','assets/story/co1/bg22.png','origin',NULL,'1080766','image/png','png',630,1120,NULL,'2025-01-01 19:27:15','2025-01-01 19:27:15',NULL),
(881,881,1,'asset','public',NULL,NULL,NULL,'storage_asset','assets/story/co1/bg22_48.png','origin',NULL,'5231','image/png','png',48,48,NULL,'2025-01-01 19:27:15','2025-01-01 19:27:15',NULL),
(882,882,1,'asset','public',NULL,NULL,NULL,'storage_asset','assets/story/co1/bg23.png','origin',NULL,'35069','image/png','png',354,630,NULL,'2025-01-01 19:27:15','2025-01-01 19:27:15',NULL),
(883,883,1,'asset','public',NULL,NULL,NULL,'storage_asset','assets/story/co1/bg23_48.png','origin',NULL,'2412','image/png','png',48,48,NULL,'2025-01-01 19:27:16','2025-01-01 19:27:16',NULL),
(884,884,1,'asset','public',NULL,NULL,NULL,'storage_asset','assets/story/co1/bg24.png','origin',NULL,'218421','image/png','png',630,1120,NULL,'2025-01-01 19:27:16','2025-01-01 19:27:16',NULL),
(885,885,1,'asset','public',NULL,NULL,NULL,'storage_asset','assets/story/co1/bg24_48.png','origin',NULL,'5201','image/png','png',48,48,NULL,'2025-01-01 19:27:16','2025-01-01 19:27:16',NULL),
(886,886,1,'asset','public',NULL,NULL,NULL,'storage_asset','assets/story/co1/bg25.png','origin',NULL,'271560','image/png','png',1120,630,NULL,'2025-01-01 19:27:16','2025-01-01 19:27:16',NULL),
(887,887,1,'asset','public',NULL,NULL,NULL,'storage_asset','assets/story/co1/bg25_48.png','origin',NULL,'3807','image/png','png',48,48,NULL,'2025-01-01 19:27:16','2025-01-01 19:27:16',NULL),
(888,888,1,'asset','public',NULL,NULL,NULL,'storage_asset','assets/story/co1/bg26.png','origin',NULL,'187123','image/png','png',630,1120,NULL,'2025-01-01 19:27:16','2025-01-01 19:27:16',NULL),
(889,889,1,'asset','public',NULL,NULL,NULL,'storage_asset','assets/story/co1/bg26_48.png','origin',NULL,'3884','image/png','png',48,48,NULL,'2025-01-01 19:27:16','2025-01-01 19:27:16',NULL),
(890,890,1,'asset','public',NULL,NULL,NULL,'storage_asset','assets/story/co1/bg27.png','origin',NULL,'142314','image/png','png',630,1120,NULL,'2025-01-01 19:27:16','2025-01-01 19:27:16',NULL),
(891,891,1,'asset','public',NULL,NULL,NULL,'storage_asset','assets/story/co1/bg27_48.png','origin',NULL,'3839','image/png','png',48,48,NULL,'2025-01-01 19:27:16','2025-01-01 19:27:16',NULL),
(892,892,1,'asset','public',NULL,NULL,NULL,'storage_asset','assets/story/co1/bg2_48.png','origin',NULL,'2097','image/png','png',48,48,NULL,'2025-01-01 19:27:16','2025-01-01 19:27:16',NULL),
(893,893,1,'asset','public',NULL,NULL,NULL,'storage_asset','assets/story/co1/bg3.png','origin',NULL,'457716','image/png','png',630,1120,NULL,'2025-01-01 19:27:17','2025-01-01 19:27:17',NULL),
(894,894,1,'asset','public',NULL,NULL,NULL,'storage_asset','assets/story/co1/bg3_48.png','origin',NULL,'4643','image/png','png',48,48,NULL,'2025-01-01 19:27:17','2025-01-01 19:27:17',NULL),
(895,895,1,'asset','public',NULL,NULL,NULL,'storage_asset','assets/story/co1/bg4.png','origin',NULL,'223647','image/png','png',630,1120,NULL,'2025-01-01 19:27:17','2025-01-01 19:27:17',NULL),
(896,896,1,'asset','public',NULL,NULL,NULL,'storage_asset','assets/story/co1/bg4_48.png','origin',NULL,'3653','image/png','png',48,48,NULL,'2025-01-01 19:27:17','2025-01-01 19:27:17',NULL),
(897,897,1,'asset','public',NULL,NULL,NULL,'storage_asset','assets/story/co1/bg5.png','origin',NULL,'2420','image/png','png',354,630,NULL,'2025-01-01 19:27:17','2025-01-01 19:27:17',NULL),
(898,898,1,'asset','public',NULL,NULL,NULL,'storage_asset','assets/story/co1/bg5_48.png','origin',NULL,'2213','image/png','png',48,48,NULL,'2025-01-01 19:27:17','2025-01-01 19:27:17',NULL),
(899,899,1,'asset','public',NULL,NULL,NULL,'storage_asset','assets/story/co1/bg6.png','origin',NULL,'7983','image/png','png',354,630,NULL,'2025-01-01 19:27:17','2025-01-01 19:27:17',NULL),
(900,900,1,'asset','public',NULL,NULL,NULL,'storage_asset','assets/story/co1/bg6_48.png','origin',NULL,'410','image/png','png',48,48,NULL,'2025-01-01 19:27:17','2025-01-01 19:27:17',NULL),
(901,901,1,'asset','public',NULL,NULL,NULL,'storage_asset','assets/story/co1/bg7.png','origin',NULL,'2833','image/png','png',354,630,NULL,'2025-01-01 19:27:17','2025-01-01 19:27:17',NULL),
(902,902,1,'asset','public',NULL,NULL,NULL,'storage_asset','assets/story/co1/bg7_48.png','origin',NULL,'441','image/png','png',48,48,NULL,'2025-01-01 19:27:17','2025-01-01 19:27:17',NULL),
(903,903,1,'asset','public',NULL,NULL,NULL,'storage_asset','assets/story/co1/bg8.png','origin',NULL,'3823','image/png','png',354,630,NULL,'2025-01-01 19:27:17','2025-01-01 19:27:17',NULL),
(904,904,1,'asset','public',NULL,NULL,NULL,'storage_asset','assets/story/co1/bg8_48.png','origin',NULL,'767','image/png','png',48,48,NULL,'2025-01-01 19:27:17','2025-01-01 19:27:17',NULL),
(905,905,1,'asset','public',NULL,NULL,NULL,'storage_asset','assets/story/co1/bg9.png','origin',NULL,'7881','image/png','png',354,630,NULL,'2025-01-01 19:27:17','2025-01-01 19:27:17',NULL),
(906,906,1,'asset','public',NULL,NULL,NULL,'storage_asset','assets/story/co1/bg9_48.png','origin',NULL,'420','image/png','png',48,48,NULL,'2025-01-01 19:27:17','2025-01-01 19:27:17',NULL);
CREATE TABLE `storage_user_space` (
  `id` bigint(20) unsigned NOT NULL,
  `space_size` bigint(20) unsigned NOT NULL DEFAULT 0,
  PRIMARY KEY (`id`)
) ENGINE=InnoDB DEFAULT CHARSET=utf8mb4 COLLATE=utf8mb4_unicode_ci;

CREATE TABLE `storage_user_space_data` (
  `id` bigint(20) unsigned NOT NULL AUTO_INCREMENT,
  `user_id` bigint(20) unsigned NOT NULL,
  `space_type` int(10) unsigned NOT NULL DEFAULT 0,
  `space_size` bigint(20) unsigned NOT NULL DEFAULT 0,
  PRIMARY KEY (`id`),
  UNIQUE KEY `storage_user_space_data_user_id_space_type_unique` (`user_id`,`space_type`)
) ENGINE=InnoDB DEFAULT CHARSET=utf8mb4 COLLATE=utf8mb4_unicode_ci;

CREATE TABLE `stories` (
  `id` bigint(20) unsigned NOT NULL AUTO_INCREMENT,
  `set_id` bigint(20) unsigned NOT NULL,
  `in_process` tinyint(3) unsigned NOT NULL DEFAULT 0,
  `is_favorite` tinyint(3) unsigned NOT NULL DEFAULT 0,
  `is_archive` tinyint(3) unsigned NOT NULL DEFAULT 0,
  `duration` int(10) unsigned NOT NULL DEFAULT 15,
  `type` varchar(255) DEFAULT NULL,
  `view_id` tinyint(3) unsigned NOT NULL DEFAULT 0,
  `user_id` bigint(20) unsigned NOT NULL,
  `user_type` varchar(255) NOT NULL,
  `owner_id` bigint(20) unsigned NOT NULL,
  `owner_type` varchar(255) NOT NULL,
  `privacy` tinyint(3) unsigned NOT NULL DEFAULT 0,
  `image_file_id` bigint(20) unsigned DEFAULT NULL,
  `thumbnail_file_id` bigint(20) unsigned DEFAULT NULL,
  `video_file_id` bigint(20) unsigned DEFAULT NULL,
  `background_id` bigint(20) unsigned DEFAULT NULL,
  `total_comment` int(10) unsigned NOT NULL DEFAULT 0,
  `total_reply` int(10) unsigned NOT NULL DEFAULT 0,
  `total_like` int(10) unsigned NOT NULL DEFAULT 0,
  `total_share` int(10) unsigned NOT NULL DEFAULT 0,
  `total_view` int(10) unsigned NOT NULL DEFAULT 0,
  `total_play` int(10) unsigned NOT NULL DEFAULT 0,
  `total_pending_comment` int(10) unsigned NOT NULL DEFAULT 0,
  `total_pending_reply` int(10) unsigned NOT NULL DEFAULT 0,
  `total_tag_friend` int(10) unsigned NOT NULL DEFAULT 0,
  `is_approved` tinyint(3) unsigned NOT NULL DEFAULT 1,
  `extra` longtext CHARACTER SET utf8mb4 COLLATE utf8mb4_bin DEFAULT NULL CHECK (json_valid(`extra`)),
  `expired_at` bigint(20) NOT NULL,
  `created_at` timestamp NULL DEFAULT NULL,
  `updated_at` timestamp NULL DEFAULT NULL,
  `item_type` varchar(30) DEFAULT NULL,
  `item_id` bigint(20) unsigned NOT NULL DEFAULT 0,
  `asset_id` varchar(255) DEFAULT NULL,
  `destination` varchar(255) DEFAULT NULL,
  PRIMARY KEY (`id`),
  KEY `stories_user_id_index` (`user_id`),
  KEY `ix_stories_user_morph` (`user_id`,`user_type`),
  KEY `stories_owner_id_index` (`owner_id`),
  KEY `ix_stories_owner_morph` (`owner_id`,`owner_type`),
  KEY `stories_view_id_index` (`view_id`),
  KEY `stories_privacy_index` (`privacy`),
  KEY `stories_is_approved_index` (`is_approved`)
) ENGINE=InnoDB DEFAULT CHARSET=utf8mb4 COLLATE=utf8mb4_unicode_ci;

CREATE TABLE `story_background_set` (
  `id` int(10) unsigned NOT NULL AUTO_INCREMENT,
  `title` varchar(100) NOT NULL,
  `image_file_id` bigint(20) unsigned DEFAULT NULL,
  `main_background_id` bigint(20) unsigned NOT NULL DEFAULT 0,
  `is_active` smallint(6) NOT NULL DEFAULT 1,
  `is_default` smallint(6) NOT NULL DEFAULT 0,
  `view_only` tinyint(3) unsigned NOT NULL DEFAULT 0,
  `is_deleted` tinyint(3) unsigned NOT NULL DEFAULT 0,
  `total_background` int(10) unsigned NOT NULL DEFAULT 0,
  `ordering` int(10) unsigned NOT NULL DEFAULT 0,
  `created_at` timestamp NULL DEFAULT NULL,
  `updated_at` timestamp NULL DEFAULT NULL,
  PRIMARY KEY (`id`),
  KEY `story_background_set_main_background_id_index` (`main_background_id`)
) ENGINE=InnoDB AUTO_INCREMENT=2 DEFAULT CHARSET=utf8mb4 COLLATE=utf8mb4_unicode_ci;

INSERT INTO `story_background_set` VALUES
(1,'Popular',NULL,1,1,1,1,0,27,0,'2024-12-02 20:16:10','2024-12-02 20:16:29');
CREATE TABLE `story_backgrounds` (
  `id` int(10) unsigned NOT NULL AUTO_INCREMENT,
  `set_id` bigint(20) unsigned NOT NULL,
  `image_file_id` bigint(20) unsigned DEFAULT NULL,
  `icon_path` varchar(255) DEFAULT NULL,
  `image_path` varchar(255) DEFAULT NULL,
  `server_id` varchar(255) DEFAULT NULL,
  `view_only` tinyint(3) unsigned NOT NULL DEFAULT 0,
  `is_deleted` tinyint(3) unsigned NOT NULL DEFAULT 0,
  `total_item` int(10) unsigned NOT NULL DEFAULT 0,
  `ordering` int(10) unsigned NOT NULL DEFAULT 0,
  `created_at` timestamp NULL DEFAULT NULL,
  `updated_at` timestamp NULL DEFAULT NULL,
  PRIMARY KEY (`id`)
) ENGINE=InnoDB AUTO_INCREMENT=28 DEFAULT CHARSET=utf8mb4 COLLATE=utf8mb4_unicode_ci;

INSERT INTO `story_backgrounds` VALUES
(1,1,688,NULL,'assets/story/co1/bg1.png','asset',1,0,0,0,NULL,NULL),
(2,1,690,NULL,'assets/story/co1/bg2.png','asset',1,0,0,1,NULL,NULL),
(3,1,692,NULL,'assets/story/co1/bg3.png','asset',1,0,0,2,NULL,NULL),
(4,1,694,NULL,'assets/story/co1/bg4.png','asset',1,0,0,3,NULL,NULL),
(5,1,696,NULL,'assets/story/co1/bg5.png','asset',1,0,0,4,NULL,NULL),
(6,1,698,NULL,'assets/story/co1/bg6.png','asset',1,0,0,5,NULL,NULL),
(7,1,700,NULL,'assets/story/co1/bg7.png','asset',1,0,0,6,NULL,NULL),
(8,1,702,NULL,'assets/story/co1/bg8.png','asset',1,0,0,7,NULL,NULL),
(9,1,704,NULL,'assets/story/co1/bg9.png','asset',1,0,0,8,NULL,NULL),
(10,1,706,NULL,'assets/story/co1/bg10.png','asset',1,0,0,9,NULL,NULL),
(11,1,708,NULL,'assets/story/co1/bg11.png','asset',1,0,0,10,NULL,NULL),
(12,1,710,NULL,'assets/story/co1/bg12.png','asset',1,0,0,11,NULL,NULL),
(13,1,712,NULL,'assets/story/co1/bg13.png','asset',1,0,0,12,NULL,NULL),
(14,1,714,NULL,'assets/story/co1/bg14.png','asset',1,0,0,13,NULL,NULL),
(15,1,716,NULL,'assets/story/co1/bg15.png','asset',1,0,0,14,NULL,NULL),
(16,1,718,NULL,'assets/story/co1/bg16.png','asset',1,0,0,15,NULL,NULL),
(17,1,720,NULL,'assets/story/co1/bg17.png','asset',1,0,0,16,NULL,NULL),
(18,1,722,NULL,'assets/story/co1/bg18.png','asset',1,0,0,17,NULL,NULL),
(19,1,724,NULL,'assets/story/co1/bg19.png','asset',1,0,0,18,NULL,NULL),
(20,1,726,NULL,'assets/story/co1/bg20.png','asset',1,0,0,19,NULL,NULL),
(21,1,728,NULL,'assets/story/co1/bg21.png','asset',1,0,0,20,NULL,NULL),
(22,1,730,NULL,'assets/story/co1/bg22.png','asset',1,0,0,21,NULL,NULL),
(23,1,732,NULL,'assets/story/co1/bg23.png','asset',1,0,0,22,NULL,NULL),
(24,1,734,NULL,'assets/story/co1/bg24.png','asset',1,0,0,23,NULL,NULL),
(25,1,736,NULL,'assets/story/co1/bg25.png','asset',1,0,0,24,NULL,NULL),
(26,1,738,NULL,'assets/story/co1/bg26.png','asset',1,0,0,25,NULL,NULL),
(27,1,740,NULL,'assets/story/co1/bg27.png','asset',1,0,0,26,NULL,NULL);
CREATE TABLE `story_muted` (
  `id` bigint(20) unsigned NOT NULL AUTO_INCREMENT,
  `user_id` bigint(20) unsigned NOT NULL,
  `user_type` varchar(255) NOT NULL,
  `owner_id` bigint(20) unsigned NOT NULL,
  `owner_type` varchar(255) NOT NULL,
  `expired_at` bigint(20) DEFAULT NULL,
  `created_at` timestamp NULL DEFAULT NULL,
  `updated_at` timestamp NULL DEFAULT NULL,
  PRIMARY KEY (`id`),
  KEY `story_muted_user_id_index` (`user_id`),
  KEY `ix_story_muted_user_morph` (`user_id`,`user_type`),
  KEY `story_muted_owner_id_index` (`owner_id`),
  KEY `ix_story_muted_owner_morph` (`owner_id`,`owner_type`)
) ENGINE=InnoDB DEFAULT CHARSET=utf8mb4 COLLATE=utf8mb4_unicode_ci;

CREATE TABLE `story_network_streams` (
  `id` bigint(20) unsigned NOT NULL AUTO_INCREMENT,
  `network_id` bigint(20) unsigned NOT NULL,
  `item_id` bigint(20) unsigned NOT NULL,
  PRIMARY KEY (`id`),
  KEY `story_network_streams_network_id_index` (`network_id`),
  KEY `story_network_streams_item_id_index` (`item_id`)
) ENGINE=InnoDB DEFAULT CHARSET=utf8mb4 COLLATE=utf8mb4_unicode_ci;

CREATE TABLE `story_privacy_streams` (
  `id` bigint(20) unsigned NOT NULL AUTO_INCREMENT,
  `privacy_id` bigint(20) unsigned NOT NULL,
  `item_id` bigint(20) unsigned NOT NULL,
  PRIMARY KEY (`id`),
  KEY `story_privacy_streams_privacy_id_index` (`privacy_id`),
  KEY `story_privacy_streams_item_id_index` (`item_id`)
) ENGINE=InnoDB DEFAULT CHARSET=utf8mb4 COLLATE=utf8mb4_unicode_ci;

CREATE TABLE `story_reaction_data` (
  `id` int(10) unsigned NOT NULL AUTO_INCREMENT,
  `story_reaction_id` bigint(20) unsigned NOT NULL,
  `item_id` bigint(20) unsigned NOT NULL,
  `item_type` varchar(255) NOT NULL,
  PRIMARY KEY (`id`),
  KEY `story_reaction_data_item_id_index` (`item_id`),
  KEY `ix_story_reaction_data_item_morph` (`item_id`,`item_type`)
) ENGINE=InnoDB DEFAULT CHARSET=utf8mb4 COLLATE=utf8mb4_unicode_ci;

CREATE TABLE `story_reactions` (
  `id` int(10) unsigned NOT NULL AUTO_INCREMENT,
  `story_id` bigint(20) unsigned NOT NULL,
  `user_id` bigint(20) unsigned NOT NULL,
  `user_type` varchar(255) NOT NULL,
  `created_at` timestamp NULL DEFAULT NULL,
  `updated_at` timestamp NULL DEFAULT NULL,
  PRIMARY KEY (`id`),
  UNIQUE KEY `story_reactions_user_id_story_id_unique` (`user_id`,`story_id`),
  KEY `story_reactions_user_id_index` (`user_id`),
  KEY `ix_story_reactions_user_morph` (`user_id`,`user_type`)
) ENGINE=InnoDB DEFAULT CHARSET=utf8mb4 COLLATE=utf8mb4_unicode_ci;

CREATE TABLE `story_sets` (
  `id` int(10) unsigned NOT NULL AUTO_INCREMENT,
  `user_id` bigint(20) unsigned NOT NULL,
  `user_type` varchar(255) NOT NULL,
  `auto_archive` tinyint(3) unsigned NOT NULL DEFAULT 1,
  `expired_at` bigint(20) NOT NULL,
  `created_at` timestamp NULL DEFAULT NULL,
  `updated_at` timestamp NULL DEFAULT NULL,
  PRIMARY KEY (`id`),
  UNIQUE KEY `story_sets_user_id_unique` (`user_id`),
  KEY `story_sets_user_id_index` (`user_id`),
  KEY `ix_story_sets_user_morph` (`user_id`,`user_type`)
) ENGINE=InnoDB DEFAULT CHARSET=utf8mb4 COLLATE=utf8mb4_unicode_ci;

CREATE TABLE `story_tag_data` (
  `id` bigint(20) unsigned NOT NULL AUTO_INCREMENT,
  `item_id` bigint(20) unsigned NOT NULL,
  `tag_id` int(10) unsigned DEFAULT NULL,
  PRIMARY KEY (`id`),
  UNIQUE KEY `story_tag_data_item_id_tag_id_unique` (`item_id`,`tag_id`),
  KEY `story_tag_data_item_id_index` (`item_id`)
) ENGINE=InnoDB DEFAULT CHARSET=utf8mb4 COLLATE=utf8mb4_unicode_ci;

CREATE TABLE `story_text` (
  `id` bigint(20) unsigned NOT NULL,
  `text` mediumtext NOT NULL,
  `text_parsed` mediumtext NOT NULL,
  PRIMARY KEY (`id`)
) ENGINE=InnoDB DEFAULT CHARSET=utf8mb4 COLLATE=utf8mb4_unicode_ci;

CREATE TABLE `story_views` (
  `id` int(10) unsigned NOT NULL AUTO_INCREMENT,
  `story_id` bigint(20) unsigned NOT NULL,
  `user_id` bigint(20) unsigned NOT NULL,
  `user_type` varchar(255) NOT NULL,
  `created_at` timestamp NULL DEFAULT NULL,
  `updated_at` timestamp NULL DEFAULT NULL,
  PRIMARY KEY (`id`),
  UNIQUE KEY `story_views_user_id_story_id_unique` (`user_id`,`story_id`),
  KEY `story_views_user_id_index` (`user_id`),
  KEY `ix_story_views_user_morph` (`user_id`,`user_type`)
) ENGINE=InnoDB DEFAULT CHARSET=utf8mb4 COLLATE=utf8mb4_unicode_ci;

CREATE TABLE `subscription_cancel_reasons` (
  `id` bigint(20) unsigned NOT NULL AUTO_INCREMENT,
  `title` varchar(255) NOT NULL,
  `status` enum('active','deleted','deactive') NOT NULL,
  `is_default` tinyint(1) NOT NULL DEFAULT 0,
  `total_canceled` int(10) unsigned NOT NULL DEFAULT 0,
  `ordering` bigint(20) NOT NULL,
  `created_at` timestamp NULL DEFAULT NULL,
  `updated_at` timestamp NULL DEFAULT NULL,
  PRIMARY KEY (`id`),
  KEY `subscription_cancel_reasons_status_index` (`status`),
  KEY `subscription_cancel_reasons_ordering_index` (`ordering`)
) ENGINE=InnoDB AUTO_INCREMENT=2 DEFAULT CHARSET=utf8mb4 COLLATE=utf8mb4_unicode_ci;

INSERT INTO `subscription_cancel_reasons` VALUES
(1,'Other reasons','active',1,0,1,'2024-11-30 17:33:39','2024-11-30 17:33:39');
CREATE TABLE `subscription_comparisons` (
  `id` bigint(20) unsigned NOT NULL AUTO_INCREMENT,
  `title` varchar(255) NOT NULL,
  `created_at` timestamp NULL DEFAULT NULL,
  `updated_at` timestamp NULL DEFAULT NULL,
  `ordering` int(11) NOT NULL DEFAULT 0,
  PRIMARY KEY (`id`)
) ENGINE=InnoDB DEFAULT CHARSET=utf8mb4 COLLATE=utf8mb4_unicode_ci;

CREATE TABLE `subscription_comparisons_data` (
  `id` bigint(20) unsigned NOT NULL AUTO_INCREMENT,
  `comparison_id` bigint(20) unsigned NOT NULL,
  `package_id` bigint(20) unsigned NOT NULL,
  `type` enum('yes','no','text') NOT NULL,
  `value` text DEFAULT NULL,
  `created_at` timestamp NULL DEFAULT NULL,
  `updated_at` timestamp NULL DEFAULT NULL,
  PRIMARY KEY (`id`),
  UNIQUE KEY `comparison_package` (`comparison_id`,`package_id`)
) ENGINE=InnoDB DEFAULT CHARSET=utf8mb4 COLLATE=utf8mb4_unicode_ci;

CREATE TABLE `subscription_dependency_packages` (
  `id` bigint(20) unsigned NOT NULL AUTO_INCREMENT,
  `current_package_id` bigint(20) unsigned NOT NULL,
  `dependency_package_id` bigint(20) unsigned NOT NULL,
  `dependency_type` enum('upgrade','downgrade') NOT NULL,
  PRIMARY KEY (`id`),
  UNIQUE KEY `unique_dependency_relation` (`current_package_id`,`dependency_package_id`,`dependency_type`)
) ENGINE=InnoDB DEFAULT CHARSET=utf8mb4 COLLATE=utf8mb4_unicode_ci;

CREATE TABLE `subscription_invoice_transactions` (
  `id` bigint(20) unsigned NOT NULL AUTO_INCREMENT,
  `invoice_id` bigint(20) unsigned NOT NULL,
  `payment_status` enum('init','expired','completed','pending_payment','cancelled') DEFAULT NULL,
  `currency` char(3) NOT NULL,
  `payment_type` enum('onetime','recurring') NOT NULL,
  `payment_gateway` int(10) unsigned NOT NULL DEFAULT 0,
  `transaction_id` mediumtext DEFAULT NULL,
  `paid_price` decimal(14,2) unsigned DEFAULT NULL,
  `created_at` timestamp NULL DEFAULT NULL,
  PRIMARY KEY (`id`),
  KEY `subscription_invoice_transactions_invoice_id_index` (`invoice_id`),
  KEY `subscription_invoice_transactions_payment_status_index` (`payment_status`)
) ENGINE=InnoDB DEFAULT CHARSET=utf8mb4 COLLATE=utf8mb4_unicode_ci;

CREATE TABLE `subscription_invoices` (
  `id` bigint(20) unsigned NOT NULL AUTO_INCREMENT,
  `package_id` bigint(20) unsigned NOT NULL,
  `user_id` bigint(20) unsigned NOT NULL,
  `user_type` varchar(255) NOT NULL,
  `currency` char(3) NOT NULL,
  `initial_price` decimal(14,2) unsigned NOT NULL DEFAULT 0.00,
  `recurring_price` decimal(14,2) unsigned DEFAULT NULL,
  `payment_status` enum('init','expired','completed','pending_payment','cancelled') DEFAULT NULL,
  `renew_type` enum('auto','manual') DEFAULT NULL,
  `payment_gateway` int(10) unsigned NOT NULL DEFAULT 0,
  `is_canceled_by_gateway` tinyint(1) NOT NULL DEFAULT 0,
  `created_at` timestamp NULL DEFAULT NULL,
  `activated_at` timestamp NULL DEFAULT NULL,
  `expired_at` timestamp NULL DEFAULT NULL,
  `notified_at` timestamp NULL DEFAULT NULL,
  PRIMARY KEY (`id`),
  KEY `subscription_invoices_user_id_index` (`user_id`),
  KEY `ix_subscription_invoices_user_morph` (`user_id`,`user_type`),
  KEY `subscription_invoices_payment_status_index` (`payment_status`),
  KEY `subscription_invoices_renew_type_index` (`renew_type`)
) ENGINE=InnoDB DEFAULT CHARSET=utf8mb4 COLLATE=utf8mb4_unicode_ci;

CREATE TABLE `subscription_packages` (
  `id` bigint(20) unsigned NOT NULL AUTO_INCREMENT,
  `title` varchar(255) NOT NULL,
  `status` enum('active','deleted','deactive') NOT NULL,
  `price` text DEFAULT NULL,
  `recurring_price` text DEFAULT NULL,
  `recurring_period` enum('annually','biannually','monthly','quarterly') DEFAULT NULL,
  `upgraded_role_id` int(10) unsigned NOT NULL,
  `image_path` varchar(255) DEFAULT NULL,
  `image_server_id` varchar(32) NOT NULL DEFAULT 'public',
  `is_on_registration` tinyint(1) NOT NULL DEFAULT 0,
  `is_popular` tinyint(1) NOT NULL DEFAULT 0,
  `is_free` tinyint(1) NOT NULL DEFAULT 0,
  `total_success` int(10) unsigned NOT NULL DEFAULT 0,
  `total_pending` int(10) unsigned NOT NULL DEFAULT 0,
  `total_canceled` int(10) unsigned NOT NULL DEFAULT 0,
  `total_expired` int(10) unsigned NOT NULL DEFAULT 0,
  `visible_roles` text DEFAULT NULL,
  `allowed_renew_type` text DEFAULT NULL,
  `days_notification_before_subscription_expired` int(10) unsigned NOT NULL DEFAULT 0,
  `background_color_for_comparison` varchar(50) DEFAULT NULL,
  `ordering` bigint(20) NOT NULL,
  `created_at` timestamp NULL DEFAULT NULL,
  `updated_at` timestamp NULL DEFAULT NULL,
  `image_file_id` bigint(20) unsigned DEFAULT NULL,
  PRIMARY KEY (`id`),
  KEY `subscription_packages_status_index` (`status`),
  KEY `subscription_packages_is_on_registration_index` (`is_on_registration`),
  KEY `subscription_packages_ordering_index` (`ordering`)
) ENGINE=InnoDB AUTO_INCREMENT=2 DEFAULT CHARSET=utf8mb4 COLLATE=utf8mb4_unicode_ci;

INSERT INTO `subscription_packages` VALUES
(1,'Trial User','active','{\"USD\":0,\"EUR\":0,\"GBP\":0}',NULL,NULL,4,NULL,'public',1,0,1,0,0,0,0,'[5]',NULL,3,'#ebf1f5',1,'2024-12-01 15:52:13','2024-12-01 15:54:17',NULL);
CREATE TABLE `subscription_packages_text` (
  `id` bigint(20) unsigned NOT NULL,
  `text` mediumtext NOT NULL,
  `text_parsed` mediumtext NOT NULL,
  PRIMARY KEY (`id`)
) ENGINE=InnoDB DEFAULT CHARSET=utf8mb4 COLLATE=utf8mb4_unicode_ci;

INSERT INTO `subscription_packages_text` VALUES
(1,'Trial user subscription','Trial user subscription');
CREATE TABLE `subscription_pending_registration_users` (
  `id` bigint(20) unsigned NOT NULL AUTO_INCREMENT,
  `invoice_id` bigint(20) unsigned NOT NULL,
  `user_id` bigint(20) unsigned NOT NULL,
  `user_type` varchar(255) NOT NULL,
  `created_at` timestamp NOT NULL,
  PRIMARY KEY (`id`),
  KEY `subscription_pending_registration_users_user_id_index` (`user_id`),
  KEY `ix_subscription_pending_registration_users_user_morph` (`user_id`,`user_type`),
  KEY `subscription_pending_registration_users_invoice_id_index` (`invoice_id`)
) ENGINE=InnoDB DEFAULT CHARSET=utf8mb4 COLLATE=utf8mb4_unicode_ci;

CREATE TABLE `subscription_user_cancel_reasons` (
  `id` bigint(20) unsigned NOT NULL AUTO_INCREMENT,
  `invoice_id` bigint(20) unsigned NOT NULL,
  `reason_id` bigint(20) unsigned NOT NULL,
  `created_at` timestamp NULL DEFAULT NULL,
  PRIMARY KEY (`id`)
) ENGINE=InnoDB DEFAULT CHARSET=utf8mb4 COLLATE=utf8mb4_unicode_ci;

CREATE TABLE `test_items` (
  `id` bigint(20) unsigned NOT NULL AUTO_INCREMENT,
  `privacy` tinyint(3) unsigned NOT NULL DEFAULT 0,
  `user_id` bigint(20) unsigned NOT NULL,
  `user_type` varchar(255) NOT NULL,
  `owner_id` bigint(20) unsigned NOT NULL,
  `owner_type` varchar(255) NOT NULL,
  `total_like` int(10) unsigned NOT NULL DEFAULT 0,
  `total_share` int(10) unsigned NOT NULL DEFAULT 0,
  `total_comment` int(10) unsigned NOT NULL DEFAULT 0,
  `total_reply` int(10) unsigned NOT NULL DEFAULT 0,
  `total_view` int(10) unsigned NOT NULL DEFAULT 0,
  `total_attachment` int(10) unsigned NOT NULL DEFAULT 0,
  `created_at` timestamp NULL DEFAULT NULL,
  `updated_at` timestamp NULL DEFAULT NULL,
  PRIMARY KEY (`id`)
) ENGINE=InnoDB DEFAULT CHARSET=utf8mb4 COLLATE=utf8mb4_unicode_ci;

CREATE TABLE `test_network_streams` (
  `id` bigint(20) unsigned NOT NULL AUTO_INCREMENT,
  `network_id` bigint(20) unsigned NOT NULL,
  `item_id` bigint(20) unsigned NOT NULL,
  PRIMARY KEY (`id`),
  KEY `test_network_streams_network_id_index` (`network_id`),
  KEY `test_network_streams_item_id_index` (`item_id`)
) ENGINE=InnoDB DEFAULT CHARSET=utf8mb4 COLLATE=utf8mb4_unicode_ci;

CREATE TABLE `test_privacy_streams` (
  `id` bigint(20) unsigned NOT NULL AUTO_INCREMENT,
  `privacy_id` bigint(20) unsigned NOT NULL,
  `item_id` bigint(20) unsigned NOT NULL,
  PRIMARY KEY (`id`),
  KEY `test_privacy_streams_privacy_id_index` (`privacy_id`),
  KEY `test_privacy_streams_item_id_index` (`item_id`)
) ENGINE=InnoDB DEFAULT CHARSET=utf8mb4 COLLATE=utf8mb4_unicode_ci;

CREATE TABLE `translation_gateway` (
  `id` int(10) unsigned NOT NULL AUTO_INCREMENT,
  `service` varchar(50) NOT NULL,
  `is_active` tinyint(1) NOT NULL DEFAULT 0,
  `title` varchar(100) NOT NULL,
  `description` mediumtext NOT NULL,
  `config` mediumtext NOT NULL,
  `service_class` text NOT NULL,
  `module_id` text DEFAULT NULL,
  PRIMARY KEY (`id`),
  UNIQUE KEY `translation_gateway_service_unique` (`service`)
) ENGINE=InnoDB AUTO_INCREMENT=2 DEFAULT CHARSET=utf8mb4 COLLATE=utf8mb4_unicode_ci;

INSERT INTO `translation_gateway` VALUES
(1,'googletranslate',1,'Google Translate','Google Translate Gateway','{\"api_key\":\"\"}','MetaFox\\GoogleTranslate\\Support\\GoogleTranslate','googletranslate');
CREATE TABLE `translation_text` (
  `id` int(10) unsigned NOT NULL AUTO_INCREMENT,
  `entity_id` bigint(20) unsigned DEFAULT NULL,
  `entity_type` varchar(255) DEFAULT NULL,
  `language_id` varchar(255) DEFAULT NULL,
  `text` text NOT NULL,
  PRIMARY KEY (`id`),
  KEY `translation_text_entity_id_index` (`entity_id`),
  KEY `ix_entity_translated_text` (`entity_id`,`entity_type`)
) ENGINE=InnoDB DEFAULT CHARSET=utf8mb4 COLLATE=utf8mb4_unicode_ci;

CREATE TABLE `user_activities` (
  `id` bigint(20) unsigned NOT NULL AUTO_INCREMENT,
  `last_login` timestamp NULL DEFAULT NULL,
  `last_activity` timestamp NULL DEFAULT NULL,
  `last_ip_address` varchar(255) DEFAULT NULL,
  PRIMARY KEY (`id`)
) ENGINE=InnoDB AUTO_INCREMENT=3 DEFAULT CHARSET=utf8mb4 COLLATE=utf8mb4_unicode_ci;

INSERT INTO `user_activities` VALUES
(1,'2025-01-01 18:58:26','2025-01-01 19:26:14','109.250.105.147'),
(2,'2024-11-30 17:03:21','2024-11-30 17:00:00','109.250.104.57');
CREATE TABLE `user_ban` (
  `id` bigint(20) unsigned NOT NULL AUTO_INCREMENT,
  `user_id` bigint(20) unsigned NOT NULL,
  `user_type` varchar(255) NOT NULL,
  `owner_id` bigint(20) unsigned NOT NULL,
  `owner_type` varchar(255) NOT NULL,
  `ban_id` int(10) unsigned DEFAULT NULL,
  `start_time_stamp` int(11) NOT NULL,
  `end_time_stamp` int(11) NOT NULL,
  `return_user_group` bigint(20) NOT NULL,
  `reason` text DEFAULT NULL,
  `created_at` timestamp NULL DEFAULT NULL,
  `updated_at` timestamp NULL DEFAULT NULL,
  PRIMARY KEY (`id`),
  KEY `user_ban_user_id_index` (`user_id`),
  KEY `ix_user_ban_user_morph` (`user_id`,`user_type`),
  KEY `user_ban_owner_id_index` (`owner_id`),
  KEY `ix_user_ban_owner_morph` (`owner_id`,`owner_type`)
) ENGINE=InnoDB DEFAULT CHARSET=utf8mb4 COLLATE=utf8mb4_unicode_ci;

CREATE TABLE `user_ban_rules` (
  `id` bigint(20) unsigned NOT NULL AUTO_INCREMENT,
  `user_id` bigint(20) unsigned NOT NULL,
  `user_type` varchar(255) NOT NULL,
  `type_id` varchar(100) NOT NULL,
  `find_value` mediumtext NOT NULL,
  `replacement` mediumtext DEFAULT NULL,
  `ban_user` tinyint(3) unsigned NOT NULL DEFAULT 0,
  `day_banned` int(10) unsigned NOT NULL DEFAULT 0,
  `return_user_group` int(10) unsigned DEFAULT NULL,
  `reason` text DEFAULT NULL,
  `user_group_effected` mediumtext DEFAULT NULL,
  `created_at` timestamp NULL DEFAULT NULL,
  `updated_at` timestamp NULL DEFAULT NULL,
  PRIMARY KEY (`id`),
  KEY `user_ban_rules_user_id_index` (`user_id`),
  KEY `ix_user_ban_rules_user_morph` (`user_id`,`user_type`),
  KEY `user_ban_rules_type_id_index` (`type_id`)
) ENGINE=InnoDB DEFAULT CHARSET=utf8mb4 COLLATE=utf8mb4_unicode_ci;

CREATE TABLE `user_blocked` (
  `id` bigint(20) unsigned NOT NULL AUTO_INCREMENT,
  `user_id` bigint(20) unsigned NOT NULL,
  `user_type` varchar(255) NOT NULL,
  `owner_id` bigint(20) unsigned NOT NULL,
  `owner_type` varchar(255) NOT NULL,
  `created_at` timestamp NULL DEFAULT NULL,
  `updated_at` timestamp NULL DEFAULT NULL,
  PRIMARY KEY (`id`),
  KEY `user_blocked_user_id_index` (`user_id`),
  KEY `ix_user_blocked_user_morph` (`user_id`,`user_type`),
  KEY `user_blocked_owner_id_index` (`owner_id`),
  KEY `ix_user_blocked_owner_morph` (`owner_id`,`owner_type`)
) ENGINE=InnoDB DEFAULT CHARSET=utf8mb4 COLLATE=utf8mb4_unicode_ci;

CREATE TABLE `user_custom_field_role_data` (
  `id` bigint(20) unsigned NOT NULL AUTO_INCREMENT,
  `field_id` bigint(20) unsigned NOT NULL,
  `role_id` int(10) unsigned NOT NULL,
  PRIMARY KEY (`id`),
  KEY `user_custom_field_role_data_field_id_index` (`field_id`),
  KEY `user_custom_field_role_data_role_id_index` (`role_id`)
) ENGINE=InnoDB DEFAULT CHARSET=utf8mb4 COLLATE=utf8mb4_unicode_ci;

CREATE TABLE `user_custom_field_visible_role_data` (
  `id` bigint(20) unsigned NOT NULL AUTO_INCREMENT,
  `field_id` bigint(20) unsigned NOT NULL,
  `role_id` int(10) unsigned NOT NULL,
  PRIMARY KEY (`id`),
  KEY `user_custom_field_visible_role_data_field_id_index` (`field_id`),
  KEY `user_custom_field_visible_role_data_role_id_index` (`role_id`)
) ENGINE=InnoDB DEFAULT CHARSET=utf8mb4 COLLATE=utf8mb4_unicode_ci;

CREATE TABLE `user_custom_fields` (
  `id` bigint(20) unsigned NOT NULL AUTO_INCREMENT,
  `section_id` int(10) unsigned DEFAULT NULL,
  `key` varchar(255) DEFAULT NULL,
  `field_name` varchar(150) NOT NULL,
  `ordering` int(10) unsigned NOT NULL DEFAULT 0,
  `type_id` varchar(150) DEFAULT NULL,
  `edit_type` varchar(64) DEFAULT NULL,
  `view_type` varchar(64) DEFAULT NULL,
  `var_type` varchar(32) NOT NULL DEFAULT 'string',
  `privacy` bigint(20) unsigned NOT NULL DEFAULT 0,
  `is_active` tinyint(3) unsigned NOT NULL DEFAULT 0,
  `is_required` tinyint(3) unsigned NOT NULL DEFAULT 0,
  `is_feed` tinyint(3) unsigned NOT NULL DEFAULT 0,
  `is_register` tinyint(3) unsigned NOT NULL DEFAULT 0,
  `is_search` tinyint(3) unsigned NOT NULL DEFAULT 0,
  `has_label` tinyint(3) unsigned NOT NULL DEFAULT 1,
  `has_description` tinyint(3) unsigned NOT NULL DEFAULT 1,
  `extra` mediumtext DEFAULT NULL,
  PRIMARY KEY (`id`),
  UNIQUE KEY `user_custom_fields_field_name_unique` (`field_name`),
  UNIQUE KEY `user_custom_fields_key_unique` (`key`),
  KEY `user_custom_fields_key_index` (`key`)
) ENGINE=InnoDB AUTO_INCREMENT=10 DEFAULT CHARSET=utf8mb4 COLLATE=utf8mb4_unicode_ci;

INSERT INTO `user_custom_fields` VALUES
(1,1,'field_user_about_me','about_me',1,'string','richTextEditor','text','string',0,1,0,0,0,0,1,1,NULL),
(2,1,'field_user_bio','bio',2,'string','richTextEditor','text','string',0,1,0,0,0,0,1,1,NULL),
(3,1,'field_user_interest','interest',3,'string','richTextEditor','text','string',0,1,0,0,0,0,1,1,NULL),
(4,1,'field_user_hobbies','hobbies',4,'string','richTextEditor','text','string',0,1,0,0,0,0,1,1,NULL),
(5,2,'field_user_relationship','relationship',1,'string','choice','text','string',0,0,0,0,0,0,1,1,'{\"icon\":\"ico-heart-o\",\"disable_register\":true}'),
(6,2,'field_user_gender','gender',2,'string','choice','text','string',0,1,0,0,0,0,1,1,'{\"icon\":\"ico-sex-unknown\"}'),
(7,2,'field_user_birthdate','birthdate',3,'string','basicDate','text','string',0,1,0,0,0,0,1,1,'{\"icon\":\"ico-birthday-cake\"}'),
(8,2,'field_user_address','address',5,'string','text','text','string',0,1,0,0,0,0,1,1,'{\"disable_register\":true,\"icon\":\"ico-checkin-o\"}'),
(9,2,'field_user_location','location',4,'string','text','text','string',0,1,0,0,0,0,1,1,'{\"icon\":\"ico-globe-o\"}');
CREATE TABLE `user_custom_option_data` (
  `id` bigint(20) unsigned NOT NULL AUTO_INCREMENT,
  `item_id` bigint(20) unsigned NOT NULL,
  `custom_option_id` int(10) unsigned NOT NULL,
  PRIMARY KEY (`id`),
  KEY `user_custom_option_data_item_id_index` (`item_id`),
  KEY `user_custom_option_data_custom_option_id_index` (`custom_option_id`)
) ENGINE=InnoDB DEFAULT CHARSET=utf8mb4 COLLATE=utf8mb4_unicode_ci;

CREATE TABLE `user_custom_options` (
  `id` bigint(20) unsigned NOT NULL AUTO_INCREMENT,
  `field_id` int(10) unsigned NOT NULL,
  `label` varchar(150) NOT NULL,
  `ordering` int(10) unsigned NOT NULL DEFAULT 0,
  `created_at` timestamp NULL DEFAULT NULL,
  `updated_at` timestamp NULL DEFAULT NULL,
  PRIMARY KEY (`id`)
) ENGINE=InnoDB DEFAULT CHARSET=utf8mb4 COLLATE=utf8mb4_unicode_ci;

CREATE TABLE `user_custom_profiles` (
  `id` bigint(20) unsigned NOT NULL AUTO_INCREMENT,
  `user_type` varchar(255) NOT NULL,
  `profile_type` varchar(255) NOT NULL,
  `title` varchar(255) DEFAULT NULL,
  `description` varchar(500) DEFAULT NULL,
  PRIMARY KEY (`id`),
  UNIQUE KEY `user_custom_profiles_profile_type_unique` (`profile_type`)
) ENGINE=InnoDB AUTO_INCREMENT=4 DEFAULT CHARSET=utf8mb4 COLLATE=utf8mb4_unicode_ci;

INSERT INTO `user_custom_profiles` VALUES
(1,'user','user',NULL,NULL),
(2,'group','group',NULL,NULL),
(3,'page','page',NULL,NULL);
CREATE TABLE `user_custom_sections` (
  `id` bigint(20) unsigned NOT NULL AUTO_INCREMENT,
  `name` varchar(255) NOT NULL,
  `is_active` tinyint(3) unsigned NOT NULL DEFAULT 0,
  `ordering` int(10) unsigned NOT NULL DEFAULT 0,
  `extra` mediumtext DEFAULT NULL,
  `is_system` tinyint(3) unsigned NOT NULL DEFAULT 0,
  PRIMARY KEY (`id`),
  UNIQUE KEY `user_custom_sections_name_unique` (`name`)
) ENGINE=InnoDB AUTO_INCREMENT=3 DEFAULT CHARSET=utf8mb4 COLLATE=utf8mb4_unicode_ci;

INSERT INTO `user_custom_sections` VALUES
(1,'about',1,0,NULL,0),
(2,'basic_info',1,0,NULL,1);
CREATE TABLE `user_custom_structure` (
  `id` bigint(20) unsigned NOT NULL AUTO_INCREMENT,
  `profile_id` int(10) unsigned NOT NULL,
  `section_id` int(10) unsigned NOT NULL,
  PRIMARY KEY (`id`)
) ENGINE=InnoDB AUTO_INCREMENT=3 DEFAULT CHARSET=utf8mb4 COLLATE=utf8mb4_unicode_ci;

INSERT INTO `user_custom_structure` VALUES
(1,1,1),
(2,1,2);
CREATE TABLE `user_custom_value` (
  `id` bigint(20) unsigned NOT NULL AUTO_INCREMENT,
  `user_id` bigint(20) unsigned NOT NULL,
  `user_type` varchar(255) NOT NULL,
  `field_id` int(10) unsigned NOT NULL,
  `field_value_text` mediumtext DEFAULT NULL,
  `ordering` smallint(5) unsigned DEFAULT NULL,
  `privacy` bigint(20) unsigned NOT NULL DEFAULT 0,
  PRIMARY KEY (`id`),
  UNIQUE KEY `user_custom_value_user_id_field_id_ordering_unique` (`user_id`,`field_id`,`ordering`)
) ENGINE=InnoDB DEFAULT CHARSET=utf8mb4 COLLATE=utf8mb4_unicode_ci;

CREATE TABLE `user_delete_feedback` (
  `id` bigint(20) unsigned NOT NULL AUTO_INCREMENT,
  `email` varchar(255) NOT NULL,
  `name` varchar(255) NOT NULL,
  `user_group_id` int(10) unsigned NOT NULL,
  `feedback_text` mediumtext NOT NULL,
  `reason_id` int(10) unsigned DEFAULT NULL,
  `reasons_given` mediumtext DEFAULT NULL,
  `user_id` bigint(20) unsigned NOT NULL,
  `user_type` varchar(255) NOT NULL,
  `created_at` timestamp NULL DEFAULT NULL,
  `updated_at` timestamp NULL DEFAULT NULL,
  `phone_number` varchar(50) DEFAULT NULL,
  `extra` mediumtext DEFAULT NULL,
  PRIMARY KEY (`id`),
  KEY `user_delete_feedback_user_id_index` (`user_id`),
  KEY `ix_user_delete_feedback_user_morph` (`user_id`,`user_type`)
) ENGINE=InnoDB DEFAULT CHARSET=utf8mb4 COLLATE=utf8mb4_unicode_ci;

CREATE TABLE `user_delete_reasons` (
  `id` int(10) unsigned NOT NULL AUTO_INCREMENT,
  `user_id` bigint(20) unsigned NOT NULL,
  `user_type` varchar(255) NOT NULL,
  `owner_id` bigint(20) unsigned NOT NULL,
  `owner_type` varchar(255) NOT NULL,
  `phrase_var` varchar(255) DEFAULT NULL,
  `is_active` tinyint(1) NOT NULL DEFAULT 1,
  `ordering` int(10) unsigned NOT NULL DEFAULT 0,
  `created_at` timestamp NULL DEFAULT NULL,
  `updated_at` timestamp NULL DEFAULT NULL,
  PRIMARY KEY (`id`),
  KEY `user_delete_reasons_user_id_index` (`user_id`),
  KEY `ix_user_delete_reasons_user_morph` (`user_id`,`user_type`),
  KEY `user_delete_reasons_owner_id_index` (`owner_id`),
  KEY `ix_user_delete_reasons_owner_morph` (`owner_id`,`owner_type`)
) ENGINE=InnoDB AUTO_INCREMENT=6 DEFAULT CHARSET=utf8mb4 COLLATE=utf8mb4_unicode_ci;

INSERT INTO `user_delete_reasons` VALUES
(1,1,'user',1,'user','user::phrase.other',1,1,'2024-11-30 18:14:15','2024-11-30 18:14:15'),
(2,1,'user',1,'user','user::phrase.this_is_temporary',1,2,'2024-11-30 18:14:15','2024-11-30 18:14:15'),
(3,1,'user',1,'user','user::phrase.my_account_was_hacked',1,3,'2024-11-30 18:14:15','2024-11-30 18:14:15'),
(4,1,'user',1,'user','user::phrase.spending_too_much_time',1,4,'2024-11-30 18:14:15','2024-11-30 18:14:15'),
(5,1,'user',1,'user','user::phrase.privacy_concern',1,5,'2024-11-30 18:14:15','2024-11-30 18:14:15');
CREATE TABLE `user_entities` (
  `id` bigint(20) unsigned NOT NULL AUTO_INCREMENT,
  `entity_type` varchar(50) NOT NULL,
  `user_name` varchar(100) DEFAULT NULL,
  `name` varchar(255) DEFAULT NULL,
  `short_name` varchar(255) DEFAULT NULL,
  `avatar_id` bigint(20) unsigned DEFAULT NULL,
  `avatar_type` varchar(255) DEFAULT NULL,
  `avatar_file_id` bigint(20) unsigned DEFAULT NULL,
  `is_featured` tinyint(4) NOT NULL DEFAULT 0,
  `is_searchable` tinyint(4) NOT NULL DEFAULT 1,
  `gender` tinyint(4) NOT NULL DEFAULT 0,
  `deleted_at` timestamp NULL DEFAULT NULL,
  PRIMARY KEY (`id`),
  UNIQUE KEY `user_entities_user_name` (`user_name`),
  KEY `user_entities_avatar_id_index` (`avatar_id`),
  KEY `user_entities_avatar_id_avatar_type_index` (`avatar_id`,`avatar_type`),
  KEY `user_entities_id_entity_type_index` (`id`,`entity_type`)
) ENGINE=InnoDB AUTO_INCREMENT=5 DEFAULT CHARSET=utf8mb4 COLLATE=utf8mb4_unicode_ci;

INSERT INTO `user_entities` VALUES
(1,'user','Ghulam','Ainab','AI',3,NULL,684,1,1,0,NULL),
(2,'user','Nabil','Nabil','NA',NULL,NULL,NULL,0,1,0,NULL),
(3,'group',NULL,'Hosting92 Ltd','HL',1,'photo',666,1,1,0,NULL),
(4,'event',NULL,'Shab e Barat 2025','S2',NULL,NULL,NULL,0,1,0,NULL);
CREATE TABLE `user_gender` (
  `id` bigint(20) unsigned NOT NULL AUTO_INCREMENT,
  `phrase` varchar(255) NOT NULL,
  `is_custom` tinyint(3) unsigned NOT NULL DEFAULT 1,
  `created_at` timestamp NULL DEFAULT NULL,
  `updated_at` timestamp NULL DEFAULT NULL,
  PRIMARY KEY (`id`),
  KEY `user_gender_phrase_index` (`phrase`)
) ENGINE=InnoDB AUTO_INCREMENT=3 DEFAULT CHARSET=utf8mb4 COLLATE=utf8mb4_unicode_ci;

INSERT INTO `user_gender` VALUES
(1,'user::phrase.male',0,NULL,NULL),
(2,'user::phrase.female',0,NULL,NULL);
CREATE TABLE `user_inactive_process` (
  `id` bigint(20) unsigned NOT NULL AUTO_INCREMENT,
  `user_id` bigint(20) unsigned NOT NULL,
  `user_type` varchar(255) NOT NULL,
  `round` int(11) NOT NULL DEFAULT 5,
  `status` int(11) NOT NULL DEFAULT 0,
  `total_sent` int(11) NOT NULL DEFAULT 0,
  `total_users` int(11) NOT NULL DEFAULT 0,
  `created_at` timestamp NULL DEFAULT NULL,
  `updated_at` timestamp NULL DEFAULT NULL,
  PRIMARY KEY (`id`),
  KEY `user_inactive_process_user_id_index` (`user_id`),
  KEY `ix_user_inactive_process_user_morph` (`user_id`,`user_type`)
) ENGINE=InnoDB DEFAULT CHARSET=utf8mb4 COLLATE=utf8mb4_unicode_ci;

CREATE TABLE `user_inactive_process_data` (
  `id` bigint(20) unsigned NOT NULL AUTO_INCREMENT,
  `process_id` bigint(20) unsigned NOT NULL,
  `user_id` bigint(20) unsigned NOT NULL,
  `user_type` varchar(255) NOT NULL,
  `status` int(11) NOT NULL DEFAULT 0,
  `created_at` timestamp NULL DEFAULT NULL,
  `updated_at` timestamp NULL DEFAULT NULL,
  PRIMARY KEY (`id`),
  KEY `user_inactive_process_data_user_id_index` (`user_id`),
  KEY `ix_user_inactive_process_data_user_morph` (`user_id`,`user_type`)
) ENGINE=InnoDB DEFAULT CHARSET=utf8mb4 COLLATE=utf8mb4_unicode_ci;

CREATE TABLE `user_passwords` (
  `user_id` bigint(20) unsigned NOT NULL,
  `password_hash` varchar(255) DEFAULT NULL,
  `password_salt` varchar(255) DEFAULT NULL,
  `password_method` varchar(255) DEFAULT NULL,
  `params` mediumtext DEFAULT NULL,
  PRIMARY KEY (`user_id`)
) ENGINE=InnoDB DEFAULT CHARSET=utf8mb4 COLLATE=utf8mb4_unicode_ci;

CREATE TABLE `user_preferences` (
  `id` bigint(20) unsigned NOT NULL AUTO_INCREMENT,
  `user_id` bigint(20) unsigned NOT NULL,
  `user_type` varchar(255) NOT NULL,
  `name` varchar(255) NOT NULL,
  `type` varchar(255) NOT NULL DEFAULT 'string',
  `value` mediumtext DEFAULT NULL,
  `created_at` timestamp NULL DEFAULT NULL,
  `updated_at` timestamp NULL DEFAULT NULL,
  PRIMARY KEY (`id`),
  KEY `user_preferences_user_id_index` (`user_id`),
  KEY `ix_user_preferences_user_morph` (`user_id`,`user_type`)
) ENGINE=InnoDB AUTO_INCREMENT=4 DEFAULT CHARSET=utf8mb4 COLLATE=utf8mb4_unicode_ci;

INSERT INTO `user_preferences` VALUES
(1,2,'user','subscribe_notification_channels','array','[\"database\",\"sms\",\"mail\"]','2024-11-30 13:28:26','2024-11-30 13:28:26'),
(2,1,'user','profile_theme_id','string','a0:a5','2024-12-01 10:11:55','2024-12-01 10:11:55'),
(3,1,'user','profile_theme_type','string','auto','2024-12-01 15:40:46','2024-12-01 15:40:53');
CREATE TABLE `user_privacy_resources` (
  `id` int(10) unsigned NOT NULL AUTO_INCREMENT,
  `entity_type` varchar(255) NOT NULL,
  `type_id` varchar(50) NOT NULL,
  `phrase` text DEFAULT NULL,
  `privacy_default` tinyint(3) unsigned NOT NULL DEFAULT 0,
  PRIMARY KEY (`id`),
  KEY `user_privacy_resources_entity_type_index` (`entity_type`),
  KEY `user_privacy_resources_type_id_index` (`type_id`)
) ENGINE=InnoDB AUTO_INCREMENT=51 DEFAULT CHARSET=utf8mb4 COLLATE=utf8mb4_unicode_ci;

INSERT INTO `user_privacy_resources` VALUES
(1,'user','profile:view_profile','user::phrase.user_privacy.who_can_view_your_profile_page',0),
(2,'user','profile:profile_info','user::phrase.user_privacy.who_can_view_the_info_tab_on_your_profile_page',0),
(3,'user','profile:basic_info','user::phrase.user_privacy.who_can_view_your_basic_info',0),
(4,'user','profile:view_location','user::phrase.user_privacy.who_can_view_your_location',0),
(5,'user','user:can_i_be_tagged','user::phrase.user_privacy.who_can_tag_me_in_written_context',2),
(6,'user','friend:view_friend','friend::phrase.user_privacy.who_can_view_your_friends_list',0),
(7,'user','friend:send_request','friend::phrase.user_privacy.who_can_send_you_a_friend_request',1),
(8,'user','photo:display_on_profile','photo::phrase.user_privacy.who_can_view_photos_on_your_profile_page',0),
(9,'user','feed:view_wall','activity::phrase.user_privacy.who_can_view_your_activities_section_on_your_profile_page',0),
(10,'user','feed:share_on_wall','activity::phrase.user_privacy.who_can_post_on_your_profile',2),
(11,'user','follow:add_follow','follow::phrase.user_privacy.who_can_follow_me',0),
(12,'user','follow:view_following','follow::phrase.user_privacy.who_can_view_your_following',1),
(13,'page','photo:share_photos','photo::phrase.user_privacy.who_can_share_a_photo',0),
(14,'page','photo:view_browse_photos','photo::phrase.user_privacy.who_can_view_browse_photos',0),
(15,'page','photo_album:share_albums','photo::phrase.user_privacy.who_can_share_albums',0),
(16,'page','feed:share_on_wall','activity::phrase.user_privacy.who_can_share_a_post',0),
(17,'page','marketplace:share_marketplace_listings','marketplace::phrase.user_privacy.who_can_share_marketplace_listings',0),
(18,'page','marketplace:view_browse_marketplace_listings','marketplace::phrase.user_privacy.who_can_view_browse_marketplace_listings',0),
(19,'page','quiz:share_quizzes','quiz::phrase.user_privacy.who_can_share_quizzes',0),
(20,'page','quiz:view_browse_quizzes','quiz::phrase.user_privacy.who_can_view_browse_quizzes',0),
(21,'group','photo:share_photos','photo::phrase.user_privacy.who_can_share_a_photo',2),
(22,'group','photo_album:share_albums','photo::phrase.user_privacy.who_can_share_albums',2),
(23,'group','feed:share_on_wall','activity::phrase.user_privacy.who_can_share_a_post',2),
(24,'group','core:view_admins','group::phrase.user_privacy.who_can_view_admins',2),
(25,'group','core:view_publish_date','group::phrase.user_privacy.who_can_view_group_s_publish_date',2),
(26,'group','core:view_members','core::phrase.user_privacy.who_can_view_members',0),
(27,'group','marketplace:share_marketplace_listings','marketplace::phrase.user_privacy.who_can_share_marketplace_listings',2),
(28,'group','quiz:share_quizzes','quiz::phrase.user_privacy.who_can_share_quizzes',2),
(29,'page','event:share_events','event::phrase.user_privacy.who_can_share_events',0),
(30,'page','event:view_browse_events','event::phrase.user_privacy.who_can_view_browse_events',0),
(31,'group','event:share_events','event::phrase.user_privacy.who_can_share_events',2),
(32,'event','feed:share_on_wall','event::phrase.user_privacy.who_can_start_a_discussion',2),
(33,'event','feed:view_wall','event::phrase.user_privacy.who_can_view_discussions',2),
(34,'event','event:view_members','event::phrase.user_privacy.who_can_view_guests_list',0),
(35,'event','event:view_hosts','event::phrase.user_privacy.who_can_view_hosts_list',0),
(36,'event','event:manage_pending_post','event::phrase.user_privacy.who_can_approve_posts',10),
(37,'page','poll:share_polls','poll::phrase.user_privacy.who_can_share_polls',0),
(38,'page','poll:view_browse_polls','poll::phrase.user_privacy.who_can_view_browse_polls',0),
(39,'group','poll:share_polls','poll::phrase.user_privacy.who_can_share_polls',2),
(40,'page','forum:share_forum_thread','forum::phrase.user_privacy.who_can_share_forum_thread',0),
(41,'page','forum:reply_forum_thread','forum::phrase.user_privacy.who_can_reply_forum_thread',0),
(42,'page','video:share_videos','video::phrase.user_privacy.who_can_share_videos',0),
(43,'page','video:view_browse_videos','video::phrase.user_privacy.who_can_view_videos',0),
(44,'group','video:share_videos','video::phrase.user_privacy.who_can_share_videos',2),
(45,'page','core:view_publish_date','core::phrase.user_privacy.who_can_view_publish_date',0),
(46,'page','core:view_admins','page::phrase.user_privacy.who_can_view_admins',0),
(47,'page','comment:view_browse_comments','comment::phrase.user_privacy.who_can_view_browse_comments',0),
(48,'page','live_video:share_live_videos','livestreaming::phrase.user_privacy.who_can_share_live_videos',0),
(49,'page','live_video:view_browse_live_videos','livestreaming::phrase.user_privacy.who_can_view_browse_live_videos',0),
(50,'group','live_video:share_live_videos','livestreaming::phrase.user_privacy.who_can_share_live_videos',2);
CREATE TABLE `user_privacy_types` (
  `id` int(10) unsigned NOT NULL AUTO_INCREMENT,
  `name` varchar(255) NOT NULL,
  `privacy_default` tinyint(3) unsigned NOT NULL DEFAULT 0,
  PRIMARY KEY (`id`)
) ENGINE=InnoDB AUTO_INCREMENT=59 DEFAULT CHARSET=utf8mb4 COLLATE=utf8mb4_unicode_ci;

INSERT INTO `user_privacy_types` VALUES
(1,'core:view_browse_widgets',0),
(2,'core:view_admins',0),
(3,'core:view_publish_date',0),
(4,'core:view_members',0),
(5,'profile:view_profile',0),
(6,'profile:profile_info',0),
(7,'profile:basic_info',0),
(8,'profile:view_location',0),
(9,'user:can_i_be_tagged',2),
(10,'friend:view_friend',0),
(11,'friend:send_request',0),
(12,'photo:display_on_profile',0),
(13,'photo:share_photos',0),
(14,'photo:view_browse_photos',0),
(15,'photo_album:share_albums',0),
(16,'feed:view_wall',0),
(17,'feed:share_on_wall',0),
(18,'follow:add_follow',0),
(19,'follow:view_following',0),
(20,'marketplace:share_marketplace_listings',0),
(21,'marketplace:view_browse_marketplace_listings',0),
(22,'quiz:share_quizzes',0),
(23,'quiz:view_browse_quizzes',0),
(24,'photo:item_privacy',0),
(25,'photo_album:item_privacy',0),
(26,'feed:item_privacy',0),
(27,'share:item_privacy',0),
(28,'marketplace:item_privacy',0),
(29,'quiz:item_privacy',0),
(30,'friend:profile_menu',0),
(31,'photo:profile_menu',0),
(32,'group:profile_menu',0),
(33,'marketplace:profile_menu',0),
(34,'quiz:profile_menu',0),
(35,'event:share_events',0),
(36,'event:view_browse_events',0),
(37,'event:view_members',0),
(38,'event:view_hosts',0),
(39,'event:manage_pending_post',0),
(40,'event:item_privacy',0),
(41,'event:profile_menu',0),
(42,'poll:share_polls',0),
(43,'poll:view_browse_polls',0),
(44,'poll:item_privacy',0),
(45,'poll:profile_menu',0),
(46,'forum:share_forum_thread',0),
(47,'forum:reply_forum_thread',0),
(48,'forum:profile_menu',0),
(49,'video:share_videos',0),
(50,'video:view_browse_videos',0),
(51,'video:item_privacy',0),
(52,'video:profile_menu',0),
(53,'page:profile_menu',0),
(54,'comment:view_browse_comments',0),
(55,'live_video:share_live_videos',0),
(56,'live_video:view_browse_live_videos',0),
(57,'live_video:item_privacy',0),
(58,'live_video:profile_menu',0);
CREATE TABLE `user_privacy_values` (
  `id` bigint(20) unsigned NOT NULL AUTO_INCREMENT,
  `user_id` bigint(20) unsigned NOT NULL,
  `type_id` varchar(50) NOT NULL,
  `name` varchar(255) NOT NULL,
  `privacy` tinyint(3) unsigned NOT NULL DEFAULT 0,
  `privacy_id` bigint(20) unsigned DEFAULT NULL,
  PRIMARY KEY (`id`),
  KEY `user_privacy_values_user_id_index` (`user_id`),
  KEY `user_privacy_values_type_id_index` (`type_id`),
  KEY `user_privacy_values_privacy_index` (`privacy`),
  KEY `user_privacy_values_privacy_id_index` (`privacy_id`)
) ENGINE=InnoDB AUTO_INCREMENT=7 DEFAULT CHARSET=utf8mb4 COLLATE=utf8mb4_unicode_ci;

INSERT INTO `user_privacy_values` VALUES
(1,2,'5','profile:view_profile',1,2),
(2,4,'17','feed:share_on_wall',2,109),
(3,4,'16','feed:view_wall',2,109),
(4,4,'37','event:view_members',0,1),
(5,4,'38','event:view_hosts',0,1),
(6,4,'39','event:manage_pending_post',10,108);
CREATE TABLE `user_profiles` (
  `id` bigint(20) unsigned NOT NULL,
  `full_phone_number` varchar(255) DEFAULT NULL,
  `custom_gender` mediumtext DEFAULT NULL,
  `birthday` date DEFAULT NULL,
  `birthday_search` varchar(255) DEFAULT NULL,
  `birthday_doy` int(10) unsigned DEFAULT NULL,
  `country_iso` varchar(255) DEFAULT NULL,
  `country_state_id` varchar(255) NOT NULL DEFAULT '0',
  `country_city_code` varchar(255) NOT NULL DEFAULT '0',
  `city_location` varchar(255) DEFAULT NULL,
  `postal_code` varchar(255) DEFAULT NULL,
  `language_id` varchar(255) DEFAULT NULL,
  `style_id` smallint(5) unsigned DEFAULT NULL,
  `timezone_id` int(10) unsigned NOT NULL DEFAULT 0,
  `currency_id` varchar(3) DEFAULT NULL,
  `dst_check` tinyint(4) NOT NULL DEFAULT 0,
  `avatar_id` bigint(20) unsigned DEFAULT NULL,
  `avatar_type` varchar(255) DEFAULT NULL,
  `avatar_file_id` bigint(20) unsigned DEFAULT NULL,
  `cover_id` bigint(20) unsigned DEFAULT NULL,
  `cover_type` varchar(255) DEFAULT NULL,
  `cover_file_id` bigint(20) unsigned DEFAULT NULL,
  `cover_photo_position` varchar(10) DEFAULT NULL,
  `hide_tip` tinyint(4) DEFAULT 0,
  `status` varchar(255) DEFAULT NULL,
  `footer_bar` tinyint(4) DEFAULT 0,
  `invite_user_id` bigint(20) unsigned DEFAULT NULL,
  `im_beep` tinyint(4) NOT NULL DEFAULT 0,
  `im_hide` tinyint(4) NOT NULL DEFAULT 0,
  `total_spam` smallint(5) unsigned NOT NULL DEFAULT 0,
  `previous_relation_type` tinyint(4) NOT NULL DEFAULT 0,
  `previous_relation_with` bigint(20) unsigned NOT NULL DEFAULT 0,
  `relation` tinyint(4) NOT NULL DEFAULT 0,
  `relation_with` bigint(20) unsigned NOT NULL DEFAULT 0,
  `created_at` timestamp NULL DEFAULT NULL,
  `updated_at` timestamp NULL DEFAULT NULL,
  `gender_id` bigint(20) unsigned NOT NULL DEFAULT 0,
  `address` text DEFAULT NULL,
  `birthday_month` smallint(6) DEFAULT NULL,
  PRIMARY KEY (`id`),
  KEY `user_profiles_avatar_id_index` (`avatar_id`),
  KEY `user_profiles_avatar_id_avatar_type_index` (`avatar_id`,`avatar_type`),
  KEY `user_profiles_cover_id_index` (`cover_id`),
  KEY `user_profiles_cover_id_cover_type_index` (`cover_id`,`cover_type`)
) ENGINE=InnoDB DEFAULT CHARSET=utf8mb4 COLLATE=utf8mb4_unicode_ci;

INSERT INTO `user_profiles` VALUES
(1,NULL,NULL,NULL,NULL,NULL,NULL,'0','0',NULL,NULL,'en',NULL,0,'EUR',0,3,'photo',684,2,'photo',672,'0.00%',0,NULL,0,NULL,0,0,0,0,0,0,0,'2024-11-30 12:59:13','2024-12-01 17:21:57',0,NULL,NULL),
(2,NULL,NULL,NULL,NULL,NULL,NULL,'0','0','',NULL,'en',NULL,0,NULL,0,NULL,NULL,NULL,NULL,NULL,NULL,NULL,0,NULL,0,NULL,0,0,0,0,0,0,0,'2024-11-30 13:28:25','2024-11-30 13:28:25',0,NULL,NULL);
CREATE TABLE `user_promotion` (
  `id` int(10) unsigned NOT NULL AUTO_INCREMENT,
  `user_group_id` varchar(255) NOT NULL,
  `upgrade_user_group_id` varchar(255) NOT NULL,
  `is_active` tinyint(3) unsigned NOT NULL DEFAULT 0,
  `total_activity` int(10) unsigned NOT NULL DEFAULT 0,
  `total_day` int(10) unsigned NOT NULL DEFAULT 0,
  `created_at` timestamp NULL DEFAULT NULL,
  `updated_at` timestamp NULL DEFAULT NULL,
  PRIMARY KEY (`id`)
) ENGINE=InnoDB DEFAULT CHARSET=utf8mb4 COLLATE=utf8mb4_unicode_ci;

CREATE TABLE `user_relation` (
  `id` int(10) unsigned NOT NULL AUTO_INCREMENT,
  `phrase_var` varchar(255) NOT NULL,
  `confirm` tinyint(3) unsigned NOT NULL DEFAULT 0,
  `created_at` timestamp NULL DEFAULT NULL,
  `updated_at` timestamp NULL DEFAULT NULL,
  `image_file_id` bigint(20) unsigned DEFAULT NULL,
  `is_active` tinyint(3) unsigned NOT NULL DEFAULT 0,
  `is_custom` tinyint(3) unsigned NOT NULL DEFAULT 0,
  `relation_name` varchar(255) DEFAULT NULL,
  PRIMARY KEY (`id`),
  UNIQUE KEY `user_relation_relation_name_unique` (`relation_name`)
) ENGINE=InnoDB AUTO_INCREMENT=11 DEFAULT CHARSET=utf8mb4 COLLATE=utf8mb4_unicode_ci;

INSERT INTO `user_relation` VALUES
(1,'user::relation.unknown_status',0,NULL,NULL,NULL,1,0,NULL),
(2,'user::relation.rlt_single',0,NULL,NULL,NULL,1,0,'rlt_single'),
(3,'user::relation.rlt_engage',0,NULL,NULL,NULL,1,0,'rlt_engage'),
(4,'user::relation.rlt_married',0,NULL,NULL,NULL,1,0,'rlt_married'),
(5,'user::relation.rlt_complicated',0,NULL,NULL,NULL,1,0,'rlt_complicated'),
(6,'user::relation.rlt_open',0,NULL,NULL,NULL,1,0,'rlt_open'),
(7,'user::relation.rlt_widow',0,NULL,NULL,NULL,1,0,'rlt_widow'),
(8,'user::relation.rlt_separated',0,NULL,NULL,NULL,1,0,'rlt_separated'),
(9,'user::relation.rlt_divorced',0,NULL,NULL,NULL,1,0,'rlt_divorced'),
(10,'user::relation.rlt_relationship',0,NULL,NULL,NULL,1,0,'rlt_relationship');
CREATE TABLE `user_relation_data` (
  `id` bigint(20) unsigned NOT NULL AUTO_INCREMENT,
  `relation_id` int(10) unsigned NOT NULL,
  `user_id` bigint(20) unsigned NOT NULL,
  `user_type` varchar(255) NOT NULL,
  `with_user_id` bigint(20) unsigned NOT NULL,
  `with_user_type` varchar(255) NOT NULL,
  `status_id` tinyint(3) unsigned NOT NULL,
  `total_like` bigint(20) unsigned NOT NULL DEFAULT 0,
  `total_comment` bigint(20) unsigned NOT NULL DEFAULT 0,
  `created_at` timestamp NULL DEFAULT NULL,
  `updated_at` timestamp NULL DEFAULT NULL,
  PRIMARY KEY (`id`),
  KEY `user_relation_data_user_id_index` (`user_id`),
  KEY `ix_user_relation_data_user_morph` (`user_id`,`user_type`),
  KEY `user_relation_data_with_user_id_index` (`with_user_id`),
  KEY `ix_user_relation_data_with_user_morph` (`with_user_id`,`with_user_type`)
) ENGINE=InnoDB DEFAULT CHARSET=utf8mb4 COLLATE=utf8mb4_unicode_ci;

CREATE TABLE `user_relation_histories` (
  `id` bigint(20) unsigned NOT NULL AUTO_INCREMENT,
  `user_id` bigint(20) unsigned NOT NULL,
  `user_type` varchar(255) NOT NULL,
  `relation_id` int(10) unsigned NOT NULL,
  `relation_with` bigint(20) unsigned NOT NULL DEFAULT 0,
  PRIMARY KEY (`id`)
) ENGINE=InnoDB DEFAULT CHARSET=utf8mb4 COLLATE=utf8mb4_unicode_ci;

CREATE TABLE `user_reset_password_token` (
  `id` bigint(20) unsigned NOT NULL AUTO_INCREMENT,
  `user_id` bigint(20) unsigned NOT NULL,
  `user_type` varchar(255) NOT NULL,
  `value` varchar(128) NOT NULL,
  `expired_at` timestamp NOT NULL,
  `created_at` timestamp NULL DEFAULT NULL,
  `updated_at` timestamp NULL DEFAULT NULL,
  PRIMARY KEY (`id`),
  KEY `user_reset_password_token_user_id_index` (`user_id`),
  KEY `ix_user_reset_password_token_user_morph` (`user_id`,`user_type`),
  KEY `user_token_value` (`user_id`,`value`)
) ENGINE=InnoDB DEFAULT CHARSET=utf8mb4 COLLATE=utf8mb4_unicode_ci;

CREATE TABLE `user_shortcuts` (
  `id` bigint(20) unsigned NOT NULL AUTO_INCREMENT,
  `user_id` bigint(20) unsigned NOT NULL,
  `user_type` varchar(255) NOT NULL,
  `item_id` bigint(20) unsigned NOT NULL,
  `item_type` varchar(255) NOT NULL,
  `sort_type` tinyint(4) NOT NULL DEFAULT 1,
  `created_at` timestamp NULL DEFAULT NULL,
  `updated_at` timestamp NULL DEFAULT NULL,
  PRIMARY KEY (`id`),
  KEY `user_shortcuts_user_id_index` (`user_id`),
  KEY `ix_user_shortcuts_user_morph` (`user_id`,`user_type`),
  KEY `user_shortcuts_item_id_index` (`item_id`),
  KEY `ix_user_shortcuts_item_morph` (`item_id`,`item_type`),
  KEY `user_shortcuts_sort_type_index` (`sort_type`)
) ENGINE=InnoDB AUTO_INCREMENT=2 DEFAULT CHARSET=utf8mb4 COLLATE=utf8mb4_unicode_ci;

INSERT INTO `user_shortcuts` VALUES
(1,1,'user',3,'group',1,'2024-12-01 00:49:59','2024-12-01 00:49:59');
CREATE TABLE `user_values` (
  `id` bigint(20) unsigned NOT NULL AUTO_INCREMENT,
  `user_id` bigint(20) unsigned NOT NULL,
  `user_type` varchar(255) NOT NULL,
  `name` varchar(255) NOT NULL,
  `value` bigint(20) unsigned NOT NULL,
  `default_value` bigint(20) unsigned NOT NULL,
  `ordering` bigint(20) unsigned NOT NULL DEFAULT 0,
  PRIMARY KEY (`id`),
  KEY `user_values_user_id_index` (`user_id`),
  KEY `ix_user_values_user_morph` (`user_id`,`user_type`)
) ENGINE=InnoDB AUTO_INCREMENT=2 DEFAULT CHARSET=utf8mb4 COLLATE=utf8mb4_unicode_ci;

INSERT INTO `user_values` VALUES
(1,2,'user','user_profile_date_of_birth_format',4,4,1);
CREATE TABLE `user_verify` (
  `id` bigint(20) unsigned NOT NULL AUTO_INCREMENT,
  `action` varchar(64) NOT NULL,
  `expires_at` timestamp NOT NULL,
  `user_id` bigint(20) unsigned DEFAULT NULL,
  `user_type` varchar(255) DEFAULT NULL,
  `hash_code` varchar(255) NOT NULL,
  `verifiable` varchar(255) NOT NULL,
  `is_verified` tinyint(4) NOT NULL DEFAULT 0,
  `created_at` timestamp NOT NULL DEFAULT current_timestamp(),
  PRIMARY KEY (`id`),
  UNIQUE KEY `user_verify_hash_code_unique` (`hash_code`),
  KEY `user_verify_user_id_index` (`user_id`),
  KEY `ix_user_verify_user_morph` (`user_id`,`user_type`)
) ENGINE=InnoDB DEFAULT CHARSET=utf8mb4 COLLATE=utf8mb4_unicode_ci;

CREATE TABLE `user_verify_error` (
  `id` bigint(20) unsigned NOT NULL AUTO_INCREMENT,
  `hash_code` varchar(255) NOT NULL,
  `ip_address` varchar(32) NOT NULL,
  `email` varchar(255) NOT NULL,
  `created_at` timestamp NULL DEFAULT NULL,
  `updated_at` timestamp NULL DEFAULT NULL,
  PRIMARY KEY (`id`)
) ENGINE=InnoDB DEFAULT CHARSET=utf8mb4 COLLATE=utf8mb4_unicode_ci;

CREATE TABLE `users` (
  `id` bigint(20) unsigned NOT NULL,
  `user_name` varchar(100) NOT NULL,
  `full_name` varchar(255) NOT NULL,
  `first_name` varchar(255) DEFAULT NULL,
  `last_name` varchar(255) DEFAULT NULL,
  `email` varchar(122) DEFAULT NULL,
  `email_verified_at` timestamp NULL DEFAULT NULL,
  `phone_number` varchar(64) DEFAULT NULL,
  `phone_number_verified_at` timestamp NULL DEFAULT NULL,
  `verified_at` timestamp NULL DEFAULT NULL,
  `password` varchar(255) NOT NULL,
  `is_featured` tinyint(4) NOT NULL DEFAULT 0,
  `is_invisible` tinyint(4) NOT NULL DEFAULT 0,
  `remember_token` varchar(100) DEFAULT NULL,
  `created_at` timestamp NULL DEFAULT NULL,
  `updated_at` timestamp NULL DEFAULT NULL,
  `guid` varchar(255) DEFAULT NULL,
  `domain` varchar(255) DEFAULT NULL,
  `featured_at` timestamp NULL DEFAULT NULL,
  `deleted_at` timestamp NULL DEFAULT NULL,
  `approve_status` enum('approved','not_approved','pending_approval') NOT NULL DEFAULT 'approved',
  `total_friend` int(10) unsigned NOT NULL DEFAULT 0,
  `search_name` varchar(255) NOT NULL,
  `total_follower` int(10) unsigned NOT NULL DEFAULT 0,
  `total_following` int(10) unsigned NOT NULL DEFAULT 0,
  UNIQUE KEY `user_name` (`user_name`),
  UNIQUE KEY `users_id_unique` (`id`),
  UNIQUE KEY `password` (`email`),
  UNIQUE KEY `users_guid_unique` (`guid`),
  KEY `users_search_name_index` (`search_name`)
) ENGINE=InnoDB DEFAULT CHARSET=utf8mb4 COLLATE=utf8mb4_unicode_ci;

INSERT INTO `users` VALUES
(1,'Ghulam','Ainab','Jake','Green','allahdittajanjua3@gmail.com','2024-11-30 12:59:12',NULL,NULL,'2024-11-30 12:59:12','$2y$10$E1cFtnISCBqf.PuOJ3Stuuc0G91usiVumSh1qno4.4FXK0OxXatyi',1,0,NULL,'2024-11-30 12:59:13','2024-11-30 19:13:49',NULL,NULL,'2024-11-30 19:13:49',NULL,'approved',0,'Ainab',0,0),
(2,'Nabil','Nabil','','','allahdittajanjua3@googlemail.com','2024-11-30 13:28:25',NULL,NULL,'2024-11-30 13:28:25','$2y$10$FDnx0EQBCISRuXA.xPTAOOOjmyNRgD5TGC6hsdOYFGlfe8cxIDaba',0,0,NULL,'2024-11-30 13:28:25','2024-11-30 13:28:25',NULL,NULL,NULL,NULL,'approved',0,'Nabil',0,0);
CREATE TABLE `video_categories` (
  `id` int(10) unsigned NOT NULL AUTO_INCREMENT,
  `parent_id` int(10) unsigned DEFAULT NULL,
  `name` varchar(255) NOT NULL,
  `name_url` varchar(255) DEFAULT NULL,
  `is_active` tinyint(3) unsigned NOT NULL DEFAULT 1,
  `ordering` int(10) unsigned NOT NULL DEFAULT 0,
  `total_item` int(10) unsigned NOT NULL DEFAULT 0,
  `created_at` timestamp NULL DEFAULT NULL,
  `updated_at` timestamp NULL DEFAULT NULL,
  `level` int(10) unsigned NOT NULL DEFAULT 1,
  `deleted_at` timestamp NULL DEFAULT NULL,
  PRIMARY KEY (`id`),
  KEY `video_categories_name_url_index` (`name_url`)
) ENGINE=InnoDB AUTO_INCREMENT=5 DEFAULT CHARSET=utf8mb4 COLLATE=utf8mb4_unicode_ci;

INSERT INTO `video_categories` VALUES
(1,NULL,'video::phrase.category_gaming','gaming',1,1,0,'2024-11-30 17:33:21','2024-11-30 17:33:21',1,NULL),
(2,NULL,'video::phrase.category_film_entertainment','film-&-entertainment',1,2,0,'2024-11-30 17:33:22','2024-11-30 17:33:22',1,NULL),
(3,NULL,'video::phrase.category_comedy','comedy',1,3,0,'2024-11-30 17:33:22','2024-11-30 17:33:22',1,NULL),
(4,NULL,'video::phrase.category_music','music',1,4,0,'2024-11-30 17:33:22','2024-11-30 17:33:22',1,NULL);
CREATE TABLE `video_category_data` (
  `id` bigint(20) unsigned NOT NULL AUTO_INCREMENT,
  `item_id` bigint(20) unsigned NOT NULL,
  `category_id` int(10) unsigned NOT NULL,
  PRIMARY KEY (`id`),
  KEY `video_category_data_item_id_index` (`item_id`),
  KEY `video_category_data_category_id_index` (`category_id`)
) ENGINE=InnoDB DEFAULT CHARSET=utf8mb4 COLLATE=utf8mb4_unicode_ci;

CREATE TABLE `video_category_relations` (
  `parent_id` int(10) unsigned NOT NULL,
  `child_id` int(10) unsigned NOT NULL,
  `depth` int(10) unsigned NOT NULL,
  KEY `video_category_relations_parent_id_index` (`parent_id`),
  KEY `video_category_relations_child_id_index` (`child_id`),
  KEY `video_category_relations_depth_index` (`depth`)
) ENGINE=InnoDB DEFAULT CHARSET=utf8mb4 COLLATE=utf8mb4_unicode_ci;

INSERT INTO `video_category_relations` VALUES
(1,1,1),
(2,2,1),
(3,3,1),
(4,4,1),
(1,1,1),
(2,2,1),
(3,3,1),
(4,4,1);
CREATE TABLE `video_network_streams` (
  `id` bigint(20) unsigned NOT NULL AUTO_INCREMENT,
  `network_id` bigint(20) unsigned NOT NULL,
  `item_id` bigint(20) unsigned NOT NULL,
  PRIMARY KEY (`id`),
  KEY `video_network_streams_network_id_index` (`network_id`),
  KEY `video_network_streams_item_id_index` (`item_id`)
) ENGINE=InnoDB DEFAULT CHARSET=utf8mb4 COLLATE=utf8mb4_unicode_ci;

CREATE TABLE `video_privacy_streams` (
  `id` bigint(20) unsigned NOT NULL AUTO_INCREMENT,
  `privacy_id` bigint(20) unsigned NOT NULL,
  `item_id` bigint(20) unsigned NOT NULL,
  PRIMARY KEY (`id`),
  KEY `video_privacy_streams_privacy_id_index` (`privacy_id`),
  KEY `video_privacy_streams_item_id_index` (`item_id`)
) ENGINE=InnoDB DEFAULT CHARSET=utf8mb4 COLLATE=utf8mb4_unicode_ci;

CREATE TABLE `video_tag_data` (
  `id` bigint(20) unsigned NOT NULL AUTO_INCREMENT,
  `item_id` bigint(20) unsigned NOT NULL,
  `tag_id` int(10) unsigned DEFAULT NULL,
  PRIMARY KEY (`id`),
  UNIQUE KEY `video_tag_data_item_id_tag_id_unique` (`item_id`,`tag_id`),
  KEY `video_tag_data_item_id_index` (`item_id`)
) ENGINE=InnoDB DEFAULT CHARSET=utf8mb4 COLLATE=utf8mb4_unicode_ci;

CREATE TABLE `video_text` (
  `id` bigint(20) unsigned NOT NULL,
  `text` mediumtext NOT NULL,
  `text_parsed` mediumtext NOT NULL,
  PRIMARY KEY (`id`)
) ENGINE=InnoDB DEFAULT CHARSET=utf8mb4 COLLATE=utf8mb4_unicode_ci;

CREATE TABLE `videos` (
  `id` bigint(20) unsigned NOT NULL AUTO_INCREMENT,
  `in_process` tinyint(3) unsigned NOT NULL DEFAULT 0,
  `is_stream` tinyint(3) unsigned NOT NULL DEFAULT 0,
  `is_spotlight` tinyint(3) unsigned NOT NULL DEFAULT 0,
  `group_id` bigint(20) unsigned NOT NULL DEFAULT 0,
  `album_id` bigint(20) unsigned NOT NULL DEFAULT 0,
  `album_type` int(10) unsigned NOT NULL DEFAULT 0,
  `is_featured` tinyint(3) unsigned NOT NULL DEFAULT 0,
  `featured_at` timestamp NULL DEFAULT NULL,
  `is_sponsor` tinyint(3) unsigned NOT NULL DEFAULT 0,
  `sponsor_in_feed` tinyint(3) unsigned NOT NULL DEFAULT 0,
  `is_approved` tinyint(3) unsigned NOT NULL DEFAULT 1,
  `module_id` varchar(255) DEFAULT NULL,
  `package_id` varchar(255) DEFAULT NULL,
  `user_id` bigint(20) unsigned NOT NULL,
  `user_type` varchar(255) NOT NULL,
  `owner_id` bigint(20) unsigned NOT NULL,
  `owner_type` varchar(255) NOT NULL,
  `privacy` tinyint(3) unsigned NOT NULL DEFAULT 0,
  `image_file_id` bigint(20) unsigned DEFAULT NULL,
  `thumbnail_file_id` bigint(20) unsigned DEFAULT NULL,
  `video_file_id` bigint(20) unsigned DEFAULT NULL,
  `title` varchar(255) NOT NULL,
  `destination` varchar(255) DEFAULT NULL,
  `asset_id` varchar(255) DEFAULT NULL,
  `video_url` varchar(255) DEFAULT NULL,
  `embed_code` mediumtext DEFAULT NULL,
  `content` text DEFAULT NULL,
  `file_ext` varchar(10) DEFAULT NULL,
  `total_like` int(10) unsigned NOT NULL DEFAULT 0,
  `total_comment` int(10) unsigned NOT NULL DEFAULT 0,
  `total_share` int(10) unsigned NOT NULL DEFAULT 0,
  `total_reply` int(10) unsigned NOT NULL DEFAULT 0,
  `total_view` int(10) unsigned NOT NULL DEFAULT 0,
  `total_rating` int(10) unsigned NOT NULL DEFAULT 0,
  `total_score` int(10) unsigned NOT NULL DEFAULT 0,
  `duration` varchar(255) DEFAULT NULL,
  `resolution_x` varchar(255) DEFAULT NULL,
  `resolution_y` varchar(255) DEFAULT NULL,
  `location_latitude` decimal(30,8) DEFAULT NULL,
  `location_longitude` decimal(30,8) DEFAULT NULL,
  `location_name` varchar(255) DEFAULT NULL,
  `created_at` timestamp NULL DEFAULT NULL,
  `updated_at` timestamp NULL DEFAULT NULL,
  `thumbnail_path` mediumtext DEFAULT NULL,
  `raw_processing_data` mediumtext DEFAULT NULL,
  `total_pending_comment` int(10) unsigned NOT NULL DEFAULT 0,
  `total_pending_reply` int(10) unsigned NOT NULL DEFAULT 0,
  `total_tag_friend` int(10) unsigned NOT NULL DEFAULT 0,
  PRIMARY KEY (`id`),
  KEY `videos_user_id_index` (`user_id`),
  KEY `ix_videos_user_morph` (`user_id`,`user_type`),
  KEY `videos_owner_id_index` (`owner_id`),
  KEY `ix_videos_owner_morph` (`owner_id`,`owner_type`),
  KEY `videos_is_featured_index` (`is_featured`),
  KEY `videos_is_sponsor_index` (`is_sponsor`),
  KEY `videos_is_approved_index` (`is_approved`),
  KEY `videos_module_id_index` (`module_id`),
  KEY `videos_package_id_index` (`package_id`),
  KEY `videos_privacy_index` (`privacy`)
) ENGINE=InnoDB DEFAULT CHARSET=utf8mb4 COLLATE=utf8mb4_unicode_ci;



